select * from `classification_type` where `classification_type`.`id` in (2) and `classification_type`.`deleted_at` is null;
/*==================================================*/
/* Origin (request): POST https://rta2.puntlandgov.org/livewire/message/widgets.workflow-progress-widget
   Query 16 - 2025-06-09 10:47:07 [0.15ms] */
select * from `district` where `district`.`id` in (2) and `district`.`deleted_at` is null;
/*==================================================*/
/* Origin (request): POST https://rta2.puntlandgov.org/livewire/message/widgets.workflow-progress-widget
   Query 17 - 2025-06-09 10:47:07 [0.16ms] */
select * from `region` where `region`.`id` in (1) and `region`.`deleted_at` is null;
/*==================================================*/
/* Origin (request): POST https://rta2.puntlandgov.org/livewire/message/widgets.workflow-progress-widget
   Query 18 - 2025-06-09 10:47:07 [0.15ms] */
select * from `workflow_definition` where `workflow_id` = 2 and `workflow_definition`.`deleted_at` is null;
/*==================================================*/
/* Origin (request): POST https://rta2.puntlandgov.org/livewire/message/widgets.workflow-progress-widget
   Query 19 - 2025-06-09 10:47:07 [0.15ms] */
select * from `roles` where `roles`.`id` = 5 and `roles`.`id` is not null limit 1;
/*==================================================*/
/* Origin (request): POST https://rta2.puntlandgov.org/livewire/message/widgets.workflow-progress-widget
   Query 20 - 2025-06-09 10:47:07 [0.13ms] */
select * from `roles` where `roles`.`id` = 7 and `roles`.`id` is not null limit 1;
/*==================================================*/
/* Origin (request): POST https://rta2.puntlandgov.org/livewire/message/widgets.workflow-progress-widget
   Query 21 - 2025-06-09 10:47:07 [0.14ms] */
select * from `roles` where `roles`.`id` = 8 and `roles`.`id` is not null limit 1;
/*==================================================*/
/* Origin (request): POST https://rta2.puntlandgov.org/livewire/message/widgets.workflow-progress-widget
   Query 22 - 2025-06-09 10:47:07 [0.13ms] */
select * from `roles` where `roles`.`id` = 9 and `roles`.`id` is not null limit 1;
/*==================================================*/
/* Origin (request): POST https://rta2.puntlandgov.org/livewire/message/transaction.payment.payment-component
   Query 1 - 2025-06-09 10:47:12 [1.34ms] */
select * from `users` where `id` = 77 and `users`.`deleted_at` is null limit 1;
/*==================================================*/
/* Origin (request): POST https://rta2.puntlandgov.org/livewire/message/transaction.payment.payment-component
   Query 2 - 2025-06-09 10:47:12 [0.44ms] */
select column_name as `column_name` from information_schema.columns where table_schema = 'prod_rta' and table_name = 'roles';
/*==================================================*/
/* Origin (request): POST https://rta2.puntlandgov.org/livewire/message/transaction.payment.payment-component
   Query 3 - 2025-06-09 10:47:12 [0.31ms] */
select column_name as `column_name` from information_schema.columns where table_schema = 'prod_rta' and table_name = 'permissions';
/*==================================================*/
/* Origin (request): POST https://rta2.puntlandgov.org/livewire/message/transaction.payment.payment-component
   Query 4 - 2025-06-09 10:47:12 [0.41ms] */
select column_name as `column_name` from information_schema.columns where table_schema = 'prod_rta' and table_name = 'permissions';
/*==================================================*/
/* Origin (request): POST https://rta2.puntlandgov.org/livewire/message/transaction.payment.payment-component
   Query 5 - 2025-06-09 10:47:13 [0.93ms] */
select * from `invoice` where `invoice`.`id` in (383738, 383739);
/*==================================================*/
/* Origin (request): POST https://rta2.puntlandgov.org/livewire/message/transaction.payment.payment-component
   Query 6 - 2025-06-09 10:47:13 [0.27ms] */
select * from `transaction` where `transaction`.`id` in (406205, 406206) and `transaction`.`deleted_at` is null;
/*==================================================*/
/* Origin (request): POST https://rta2.puntlandgov.org/livewire/message/transaction.payment.payment-component
   Query 7 - 2025-06-09 10:47:13 [0.14ms] */
select * from `service_workflow` where `service_workflow`.`id` in (2) and `service_workflow`.`deleted_at` is null;
/*==================================================*/
/* Origin (request): POST https://rta2.puntlandgov.org/livewire/message/transaction.payment.payment-component
   Query 8 - 2025-06-09 10:47:13 [0.13ms] */
select * from `service` where `service`.`id` in (2) and `service`.`deleted_at` is null;
/*==================================================*/
/* Origin (request): POST https://rta2.puntlandgov.org/livewire/message/transaction.payment.payment-component
   Query 9 - 2025-06-09 10:47:13 [0.14ms] */
select * from `service` where `service`.`id` in (2) and `service`.`deleted_at` is null;
/*==================================================*/
/* Origin (request): POST https://rta2.puntlandgov.org/livewire/message/transaction.payment.payment-component
   Query 10 - 2025-06-09 10:47:13 [0.15ms] */
select * from `payment_method` where `payment_method`.`id` in (1, 2, 3, 4, 5, 6);
/*==================================================*/
/* Origin (request): POST https://rta2.puntlandgov.org/livewire/message/transaction.payment.payment-component
   Query 11 - 2025-06-09 10:47:13 [0.23ms] */
select * from `transaction` where `transaction`.`id` = 633954 limit 1;
/*==================================================*/
/* Origin (request): POST https://rta2.puntlandgov.org/livewire/message/transaction.payment.payment-component
   Query 12 - 2025-06-09 10:47:13 [0.14ms] */
select * from `service_workflow` where `service_workflow`.`id` = 2 and `service_workflow`.`id` is not null and `service_workflow`.`deleted_at` is null limit 1;
/*==================================================*/
/* Origin (request): POST https://rta2.puntlandgov.org/livewire/message/transaction.payment.payment-component
   Query 13 - 2025-06-09 10:47:13 [0.15ms] */
select * from `service` where `service`.`id` = 2 and `service`.`deleted_at` is null limit 1;
/*==================================================*/
/* Origin (request): POST https://rta2.puntlandgov.org/livewire/message/transaction.payment.payment-component
   Query 14 - 2025-06-09 10:47:13 [125.79ms] */
select count(*) as aggregate from `payment` where `payment_receipt_number` = 2553631;
/*==================================================*/
/* Origin (request): POST https://rta2.puntlandgov.org/livewire/message/transaction.payment.payment-component
   Query 15 - 2025-06-09 10:47:13 [0.2ms] */
select count(*) as aggregate from `payment` where `payment_receipt_number` = 2553631;
/*==================================================*/
/* Origin (request): POST https://rta2.puntlandgov.org/livewire/message/transaction.payment.payment-component
   Query 16 - 2025-06-09 10:47:13 [0.27ms] */
select * from `vehicle` where `vehicle`.`id` = 12655 and `vehicle`.`id` is not null and `vehicle`.`deleted_at` is null limit 1;
/*==================================================*/
/* Origin (request): POST https://rta2.puntlandgov.org/livewire/message/transaction.payment.payment-component
   Query 17 - 2025-06-09 10:47:13 [0.16ms] */
select * from `party` where `party`.`id` = 8313 and `party`.`id` is not null and `party`.`deleted_at` is null limit 1;
/*==================================================*/
/* Origin (request): POST https://rta2.puntlandgov.org/livewire/message/transaction.payment.payment-component
   Query 18 - 2025-06-09 10:47:13 [0.13ms] */
select * from `service` where `service`.`id` = 2 and `service`.`id` is not null and `service`.`deleted_at` is null limit 1;
/*==================================================*/
/* Origin (request): POST https://rta2.puntlandgov.org/livewire/message/transaction.payment.payment-component
   Query 19 - 2025-06-09 10:47:13 [1.07ms] */
insert into `Payment` (`payment_date`, `external_payment_reference_no`, `payment_receipt_number`, `payment_method_id`, `payment_amount`, `paid_by`, `paid_by_mobile`, `siinpay_payref_number`, `district_id`, `payment_collected_by`, `updated_by`, `created_by`, `created_at`, `updated_at`) values ('2025-06-09 10:47:13', '#68469166551D1', 2553631, 4, 45, 'faarax', 7653234, null, 2, 77, 77, 77, '2025-06-09 10:47:13', '2025-06-09 10:47:13');
/*==================================================*/
/* Origin (request): POST https://rta2.puntlandgov.org/livewire/message/transaction.payment.payment-component
   Query 20 - 2025-06-09 10:47:13 [0.19ms] */
select * from `Payment` where `id` = 200521 limit 1;
/*==================================================*/
/* Origin (request): POST https://rta2.puntlandgov.org/livewire/message/transaction.payment.payment-component
   Query 21 - 2025-06-09 10:47:13 [0.65ms] */
insert into `activity_log` (`log_name`, `properties`, `causer_id`, `causer_type`, `subject_id`, `subject_type`, `description`, `updated_at`, `created_at`) values ('Payment', '{"attributes":{"payment_method_id":4,"payment_amount":"45.00","payment_date":"2025-06-09 10:47:13","external_payment_reference_no":"#68469166551D1","payment_receipt_number":"2553631","siinpay_payref_number":null,"paid_by":"faarax","paid_by_mobile":"7653234","district_id":2,"migration_id":null,"payment_collected_by":77}}', 77, 'App\Models\User', 200521, 'Modules\Transaction\Entities\Payment', 'created', '2025-06-09 10:47:13', '2025-06-09 10:47:13');
/*==================================================*/
/* Origin (request): POST https://rta2.puntlandgov.org/livewire/message/transaction.payment.payment-component
   Query 22 - 2025-06-09 10:47:13 [0.24ms] */
select * from `transaction` where `transaction`.`id` = 633954 and `transaction`.`deleted_at` is null limit 1;
/*==================================================*/
/* Origin (request): POST https://rta2.puntlandgov.org/livewire/message/transaction.payment.payment-component
   Query 23 - 2025-06-09 10:47:13 [0.13ms] */
select * from `service_workflow` where `service_workflow`.`id` = 2 and `service_workflow`.`id` is not null and `service_workflow`.`deleted_at` is null limit 1;
/*==================================================*/
/* Origin (request): POST https://rta2.puntlandgov.org/livewire/message/transaction.payment.payment-component
   Query 24 - 2025-06-09 10:47:13 [0.12ms] */
select * from `service` where `service`.`id` = 2 and `service`.`deleted_at` is null limit 1;
/*==================================================*/
/* Origin (request): POST https://rta2.puntlandgov.org/livewire/message/transaction.payment.payment-component
   Query 25 - 2025-06-09 10:47:13 [0.22ms] */
select * from `invoice` where `invoice`.`id` = 383738 and `invoice`.`deleted_at` is null limit 1;
/*==================================================*/
/* Origin (request): POST https://rta2.puntlandgov.org/livewire/message/transaction.payment.payment-component
   Query 26 - 2025-06-09 10:47:13 [0.43ms] */
insert into `invoice_payment` (`created_at`, `invoice_id`, `payment_id`, `updated_at`) values ('2025-06-09 10:47:13', 383738, 200521, '2025-06-09 10:47:13');
/*==================================================*/
/* Origin (request): POST https://rta2.puntlandgov.org/livewire/message/transaction.payment.payment-component
   Query 27 - 2025-06-09 10:47:13 [0.2ms] */
select * from `invoice` where `invoice`.`id` = 383738 and `invoice`.`deleted_at` is null limit 1;
/*==================================================*/
/* Origin (request): POST https://rta2.puntlandgov.org/livewire/message/transaction.payment.payment-component
   Query 28 - 2025-06-09 10:47:13 [0.29ms] */
select `Payment`.*, `invoice_payment`.`invoice_id` as `pivot_invoice_id`, `invoice_payment`.`payment_id` as `pivot_payment_id`, `invoice_payment`.`created_at` as `pivot_created_at`, `invoice_payment`.`updated_at` as `pivot_updated_at` from `Payment` inner join `invoice_payment` on `Payment`.`id` = `invoice_payment`.`payment_id` where `invoice_payment`.`invoice_id` = 383738 and `Payment`.`deleted_at` is null;
/*==================================================*/
/* Origin (request): POST https://rta2.puntlandgov.org/livewire/message/transaction.payment.payment-component
   Query 29 - 2025-06-09 10:47:13 [0.6ms] */
select * from `invoice_item` where `invoice_item`.`invoice_id` = 383738 and `invoice_item`.`invoice_id` is not null and `invoice_item`.`deleted_at` is null;
/*==================================================*/
/* Origin (request): POST https://rta2.puntlandgov.org/livewire/message/transaction.payment.payment-component
   Query 30 - 2025-06-09 10:47:13 [0.2ms] */
update `invoice` set `invoice_amount` = 78, `outstanding_balance` = 33, `discounts` = 0, `total_invoice_amount` = 78, `status` = 'PAID', `updated_by` = 77, `invoice`.`updated_at` = '2025-06-09 10:47:13' where `id` = 383738;
/*==================================================*/
/* Origin (request): POST https://rta2.puntlandgov.org/livewire/message/transaction.payment.payment-component
   Query 31 - 2025-06-09 10:47:13 [0.18ms] */
select * from `invoice` where `id` = 383738 limit 1;
/*==================================================*/
/* Origin (request): POST https://rta2.puntlandgov.org/livewire/message/transaction.payment.payment-component
   Query 32 - 2025-06-09 10:47:13 [0.35ms] */
insert into `activity_log` (`log_name`, `properties`, `causer_id`, `causer_type`, `subject_id`, `subject_type`, `description`, `updated_at`, `created_at`) values ('invoice', '{"attributes":{"outstanding_balance":"33.00","status":"PAID"},"old":{"outstanding_balance":"78.00","status":"OPEN"}}', 77, 'App\Models\User', 383738, 'Modules\Transaction\Entities\Invoice', 'updated', '2025-06-09 10:47:13', '2025-06-09 10:47:13');
/*==================================================*/
/* Origin (request): POST https://rta2.puntlandgov.org/livewire/message/transaction.payment.payment-component
   Query 33 - 2025-06-09 10:47:13 [0.19ms] */
select * from `invoice` where `invoice`.`id` = 383739 and `invoice`.`deleted_at` is null limit 1;
/*==================================================*/
/* Origin (request): POST https://rta2.puntlandgov.org/livewire/message/transaction.payment.payment-component
   Query 34 - 2025-06-09 10:47:13 [0.15ms] */
insert into `invoice_payment` (`created_at`, `invoice_id`, `payment_id`, `updated_at`) values ('2025-06-09 10:47:13', 383739, 200521, '2025-06-09 10:47:13');
/*==================================================*/
/* Origin (request): POST https://rta2.puntlandgov.org/livewire/message/transaction.payment.payment-component
   Query 35 - 2025-06-09 10:47:13 [0.19ms] */
select * from `invoice` where `invoice`.`id` = 383739 and `invoice`.`deleted_at` is null limit 1;
/*==================================================*/
/* Origin (request): POST https://rta2.puntlandgov.org/livewire/message/transaction.payment.payment-component
   Query 36 - 2025-06-09 10:47:13 [0.24ms] */
select `Payment`.*, `invoice_payment`.`invoice_id` as `pivot_invoice_id`, `invoice_payment`.`payment_id` as `pivot_payment_id`, `invoice_payment`.`created_at` as `pivot_created_at`, `invoice_payment`.`updated_at` as `pivot_updated_at` from `Payment` inner join `invoice_payment` on `Payment`.`id` = `invoice_payment`.`payment_id` where `invoice_payment`.`invoice_id` = 383739 and `Payment`.`deleted_at` is null;
/*==================================================*/
/* Origin (request): POST https://rta2.puntlandgov.org/livewire/message/transaction.payment.payment-component
   Query 37 - 2025-06-09 10:47:13 [0.23ms] */
select * from `invoice_item` where `invoice_item`.`invoice_id` = 383739 and `invoice_item`.`invoice_id` is not null and `invoice_item`.`deleted_at` is null;
/*==================================================*/
/* Origin (request): POST https://rta2.puntlandgov.org/livewire/message/transaction.payment.payment-component
   Query 38 - 2025-06-09 10:47:13 [0.16ms] */
update `invoice` set `invoice_amount` = 45, `outstanding_balance` = 0, `discounts` = 0, `total_invoice_amount` = 45, `status` = 'PAID', `updated_by` = 77, `invoice`.`updated_at` = '2025-06-09 10:47:13' where `id` = 383739;
/*==================================================*/
/* Origin (request): POST https://rta2.puntlandgov.org/livewire/message/transaction.payment.payment-component
   Query 39 - 2025-06-09 10:47:13 [0.18ms] */
select * from `invoice` where `id` = 383739 limit 1;
/*==================================================*/
/* Origin (request): POST https://rta2.puntlandgov.org/livewire/message/transaction.payment.payment-component
   Query 40 - 2025-06-09 10:47:13 [0.16ms] */
insert into `activity_log` (`log_name`, `properties`, `causer_id`, `causer_type`, `subject_id`, `subject_type`, `description`, `updated_at`, `created_at`) values ('invoice', '{"attributes":{"outstanding_balance":"0.00","status":"PAID"},"old":{"outstanding_balance":"45.00","status":"OPEN"}}', 77, 'App\Models\User', 383739, 'Modules\Transaction\Entities\Invoice', 'updated', '2025-06-09 10:47:13', '2025-06-09 10:47:13');
/*==================================================*/
/* Origin (request): POST https://rta2.puntlandgov.org/livewire/message/transaction.payment.payment-component
   Query 41 - 2025-06-09 10:47:13 [0.22ms] */
select * from `transaction` where `transaction`.`id` = 406206 and `transaction`.`deleted_at` is null limit 1;
/*==================================================*/
/* Origin (request): POST https://rta2.puntlandgov.org/livewire/message/transaction.payment.payment-component
   Query 42 - 2025-06-09 10:47:13 [0.15ms] */
select * from `transaction` where `transaction`.`id` = 406206 and `transaction`.`deleted_at` is null limit 1;
/*==================================================*/
/* Origin (request): POST https://rta2.puntlandgov.org/livewire/message/transaction.payment.payment-component
   Query 43 - 2025-06-09 10:47:13 [0.16ms] */
select * from `service_workflow` where `service_workflow`.`id` = 2 and `service_workflow`.`id` is not null and `service_workflow`.`deleted_at` is null limit 1;
/*==================================================*/
/* Origin (request): POST https://rta2.puntlandgov.org/livewire/message/transaction.payment.payment-component
   Query 44 - 2025-06-09 10:47:13 [0.13ms] */
select * from `service` where `service`.`id` = 2 and `service`.`deleted_at` is null limit 1;
/*==================================================*/
/* Origin (request): POST https://rta2.puntlandgov.org/livewire/message/transaction.payment.payment-component
   Query 45 - 2025-06-09 10:47:13 [0.27ms] */
select * from `workflow_definition` where `workflow_definition`.`id` = 7 and `workflow_definition`.`id` is not null and `workflow_definition`.`deleted_at` is null limit 1;
/*==================================================*/
/* Origin (request): POST https://rta2.puntlandgov.org/livewire/message/transaction.payment.payment-component
   Query 46 - 2025-06-09 10:47:13 [0.24ms] */
select * from `roles` where `roles`.`id` = 7 and `roles`.`id` is not null limit 1;
/*==================================================*/
/* Origin (request): POST https://rta2.puntlandgov.org/livewire/message/transaction.payment.payment-component
   Query 47 - 2025-06-09 10:47:13 [0.86ms] */
insert into `transaction_workflow` (`transaction_id`, `action`, `action_date`, `role_id`, `user_id`, `comments`, `updated_by`, `created_by`, `created_at`, `updated_at`) values (406206, 'PAID', '2025-06-09 10:47:13', 7, 77, null, 77, 77, '2025-06-09 10:47:13', '2025-06-09 10:47:13');
/*==================================================*/
/* Origin (request): POST https://rta2.puntlandgov.org/livewire/message/transaction.payment.payment-component
   Query 48 - 2025-06-09 10:47:13 [0.27ms] */
select * from `workflow_definition` where `workflow_id` = 2 and `step_number` = 3 and `workflow_definition`.`deleted_at` is null limit 1;
/*==================================================*/
/* Origin (request): POST https://rta2.puntlandgov.org/livewire/message/transaction.payment.payment-component
   Query 49 - 2025-06-09 10:47:13 [1.34ms] */
update `transaction` set `current_workflow_state_id` = 8, `updated_by` = 77, `transaction`.`updated_at` = '2025-06-09 10:47:13' where `id` = 406206;
/*==================================================*/
/* Origin (request): POST https://rta2.puntlandgov.org/livewire/message/transaction.payment.payment-component
   Query 50 - 2025-06-09 10:47:13 [0.27ms] */
select * from `service` where `service`.`id` = 2 and `service`.`id` is not null and `service`.`deleted_at` is null limit 1;
/*==================================================*/
/* Origin (request): POST https://rta2.puntlandgov.org/livewire/message/transaction.payment.payment-component
   Query 51 - 2025-06-09 10:47:13 [0.43ms] */
select * from `invoice` where `invoice`.`id` = 383739 and `invoice`.`id` is not null and `invoice`.`deleted_at` is null limit 1;
/*==================================================*/
/* Origin (request): POST https://rta2.puntlandgov.org/livewire/message/transaction.payment.payment-component
   Query 52 - 2025-06-09 10:47:13 [0.59ms] */
select * from `vehicle_tax` where `transaction_id` = 406206 and `vehicle_tax`.`deleted_at` is null limit 1;
/*==================================================*/
/* Origin (request): POST https://rta2.puntlandgov.org/livewire/message/transaction.payment.payment-component
   Query 53 - 2025-06-09 10:47:13 [0.25ms] */
update `vehicle_tax` set `status` = 'PAID', `updated_by` = 77, `vehicle_tax`.`updated_at` = '2025-06-09 10:47:13' where `id` = 308164;
/*==================================================*/
/* Origin (request): POST https://rta2.puntlandgov.org/livewire/message/transaction.payment.payment-component
   Query 54 - 2025-06-09 10:47:13 [0.18ms] */
select * from `vehicle_tax` where `id` = 308164 limit 1;
/*==================================================*/
/* Origin (request): POST https://rta2.puntlandgov.org/livewire/message/transaction.payment.payment-component
   Query 55 - 2025-06-09 10:47:13 [0.44ms] */
insert into `activity_log` (`log_name`, `properties`, `causer_id`, `causer_type`, `subject_id`, `subject_type`, `description`, `updated_at`, `created_at`) values ('vehicle_tax', '{"attributes":{"status":"PAID"},"old":{"status":"INPROGRESS"}}', 77, 'App\Models\User', 308164, 'Modules\Vehicle\Entities\VehicleTax', 'updated', '2025-06-09 10:47:13', '2025-06-09 10:47:13');
/*==================================================*/
/* Origin (request): POST https://rta2.puntlandgov.org/livewire/message/transaction.payment.payment-component
   Query 56 - 2025-06-09 10:47:13 [0.21ms] */
select * from `invoice` where `invoice`.`id` = 606937 and `invoice`.`id` is not null and `invoice`.`deleted_at` is null limit 1;
/*==================================================*/
/* Origin (request): POST https://rta2.puntlandgov.org/livewire/message/transaction.payment.payment-component
   Query 57 - 2025-06-09 10:47:13 [0.19ms] */
select * from `invoice` where `invoice`.`id` = 606937 and `invoice`.`deleted_at` is null limit 1;
/*==================================================*/
/* Origin (request): POST https://rta2.puntlandgov.org/livewire/message/transaction.payment.payment-component
   Query 58 - 2025-06-09 10:47:13 [0.16ms] */
insert into `invoice_payment` (`created_at`, `invoice_id`, `payment_id`, `updated_at`) values ('2025-06-09 10:47:13', 606937, 200521, '2025-06-09 10:47:13');
/*==================================================*/
/* Origin (request): POST https://rta2.puntlandgov.org/livewire/message/transaction.payment.payment-component
   Query 59 - 2025-06-09 10:47:13 [0.2ms] */
select * from `invoice` where `invoice`.`id` = 606937 and `invoice`.`deleted_at` is null limit 1;
/*==================================================*/
/* Origin (request): POST https://rta2.puntlandgov.org/livewire/message/transaction.payment.payment-component
   Query 60 - 2025-06-09 10:47:13 [0.49ms] */
select `Payment`.*, `invoice_payment`.`invoice_id` as `pivot_invoice_id`, `invoice_payment`.`payment_id` as `pivot_payment_id`, `invoice_payment`.`created_at` as `pivot_created_at`, `invoice_payment`.`updated_at` as `pivot_updated_at` from `Payment` inner join `invoice_payment` on `Payment`.`id` = `invoice_payment`.`payment_id` where `invoice_payment`.`invoice_id` = 606937 and `Payment`.`deleted_at` is null;
/*==================================================*/
/* Origin (request): POST https://rta2.puntlandgov.org/livewire/message/transaction.payment.payment-component
   Query 61 - 2025-06-09 10:47:13 [0.17ms] */
update `invoice` set `outstanding_balance` = 0, `status` = 'PAID', `updated_by` = 77, `invoice`.`updated_at` = '2025-06-09 10:47:13' where `id` = 606937;
/*==================================================*/
/* Origin (request): POST https://rta2.puntlandgov.org/livewire/message/transaction.payment.payment-component
   Query 62 - 2025-06-09 10:47:13 [0.19ms] */
select * from `invoice` where `id` = 606937 limit 1;
/*==================================================*/
/* Origin (request): POST https://rta2.puntlandgov.org/livewire/message/transaction.payment.payment-component
   Query 63 - 2025-06-09 10:47:13 [0.5ms] */
insert into `activity_log` (`log_name`, `properties`, `causer_id`, `causer_type`, `subject_id`, `subject_type`, `description`, `updated_at`, `created_at`) values ('invoice', '{"attributes":{"outstanding_balance":"0.00","status":"PAID"},"old":{"outstanding_balance":"45.00","status":"OPEN"}}', 77, 'App\Models\User', 606937, 'Modules\Transaction\Entities\Invoice', 'updated', '2025-06-09 10:47:13', '2025-06-09 10:47:13');
/*==================================================*/
/* Origin (request): POST https://rta2.puntlandgov.org/livewire/message/transaction.payment.payment-component
   Query 64 - 2025-06-09 10:47:13 [0.23ms] */
select * from `transaction` where `transaction`.`id` = 633954 and `transaction`.`deleted_at` is null limit 1;
/*==================================================*/
/* Origin (request): POST https://rta2.puntlandgov.org/livewire/message/transaction.payment.payment-component
   Query 65 - 2025-06-09 10:47:13 [0.21ms] */
select * from `transaction` where `transaction`.`id` = 633954 and `transaction`.`deleted_at` is null limit 1;
/*==================================================*/
/* Origin (request): POST https://rta2.puntlandgov.org/livewire/message/transaction.payment.payment-component
   Query 66 - 2025-06-09 10:47:13 [0.14ms] */
select * from `service_workflow` where `service_workflow`.`id` = 2 and `service_workflow`.`id` is not null and `service_workflow`.`deleted_at` is null limit 1;
/*==================================================*/
/* Origin (request): POST https://rta2.puntlandgov.org/livewire/message/transaction.payment.payment-component
   Query 67 - 2025-06-09 10:47:13 [0.13ms] */
select * from `service` where `service`.`id` = 2 and `service`.`deleted_at` is null limit 1;
/*==================================================*/
/* Origin (request): POST https://rta2.puntlandgov.org/livewire/message/transaction.payment.payment-component
   Query 68 - 2025-06-09 10:47:13 [0.19ms] */
select * from `workflow_definition` where `workflow_definition`.`id` = 7 and `workflow_definition`.`id` is not null and `workflow_definition`.`deleted_at` is null limit 1;
/*==================================================*/
/* Origin (request): POST https://rta2.puntlandgov.org/livewire/message/transaction.payment.payment-component
   Query 69 - 2025-06-09 10:47:13 [0.18ms] */
select * from `roles` where `roles`.`id` = 7 and `roles`.`id` is not null limit 1;
/*==================================================*/
/* Origin (request): POST https://rta2.puntlandgov.org/livewire/message/transaction.payment.payment-component
   Query 70 - 2025-06-09 10:47:13 [0.19ms] */
insert into `transaction_workflow` (`transaction_id`, `action`, `action_date`, `role_id`, `user_id`, `comments`, `updated_by`, `created_by`, `created_at`, `updated_at`) values (633954, 'PAID', '2025-06-09 10:47:13', 7, 77, null, 77, 77, '2025-06-09 10:47:13', '2025-06-09 10:47:13');
/*==================================================*/
/* Origin (request): POST https://rta2.puntlandgov.org/livewire/message/transaction.payment.payment-component
   Query 71 - 2025-06-09 10:47:13 [3.07ms] */
select * from `workflow_definition` where `workflow_id` = 2 and `step_number` = 3 and `workflow_definition`.`deleted_at` is null limit 1;
/*==================================================*/
/* Origin (request): POST https://rta2.puntlandgov.org/livewire/message/transaction.payment.payment-component
   Query 72 - 2025-06-09 10:47:13 [0.77ms] */
update `transaction` set `assigned_to` = null, `current_workflow_state_id` = 8, `transaction`.`updated_at` = '2025-06-09 10:47:13' where `id` = 633954;
/*==================================================*/
/* Origin (request): POST https://rta2.puntlandgov.org/livewire/message/transaction.payment.payment-component
   Query 73 - 2025-06-09 10:47:13 [0.28ms] */
select * from `service` where `service`.`id` = 2 and `service`.`id` is not null and `service`.`deleted_at` is null limit 1;
/*==================================================*/
/* Origin (request): POST https://rta2.puntlandgov.org/livewire/message/transaction.payment.payment-component
   Query 74 - 2025-06-09 10:47:13 [0.46ms] */
select * from `invoice` where `invoice`.`id` = 606937 and `invoice`.`id` is not null and `invoice`.`deleted_at` is null limit 1;
/*==================================================*/
/* Origin (request): POST https://rta2.puntlandgov.org/livewire/message/transaction.payment.payment-component
   Query 75 - 2025-06-09 10:47:13 [0.42ms] */
select * from `transaction` where `transaction`.`id` = 633954 and `transaction`.`deleted_at` is null limit 1;
/*==================================================*/
/* Origin (request): POST https://rta2.puntlandgov.org/livewire/message/transaction.payment.payment-component
   Query 76 - 2025-06-09 10:47:13 [164.88ms] */
select `invoice`.* from `invoice` inner join `transaction` on `invoice`.`id` = `transaction`.`invoice_id` where `invoice`.`invoice_amount` <> 0.00 and `transaction`.`parent_id` = 633954 and `invoice`.`deleted_at` is null;
/*==================================================*/
/* Origin (request): POST https://rta2.puntlandgov.org/livewire/message/transaction.payment.payment-component
   Query 77 - 2025-06-09 10:47:13 [0.24ms] */
select `invoice`.* from `invoice` inner join `transaction` on `invoice`.`id` = `transaction`.`invoice_id` where `invoice`.`invoice_amount` <> 0.00 and `transaction`.`parent_id` = 633954 and `invoice`.`deleted_at` is null;
/*==================================================*/
/* Origin (request): POST https://rta2.puntlandgov.org/livewire/message/transaction.payment.payment-component
   Query 78 - 2025-06-09 10:47:13 [129.77ms] */
select sum(`outstanding_balance`) as aggregate from `invoice` inner join `transaction` on `invoice`.`id` = `transaction`.`invoice_id` where `invoice`.`invoice_amount` <> 0.00 and `transaction`.`parent_id` = 633954 and `invoice`.`deleted_at` is null;
/*==================================================*/
/* Origin (request): POST https://rta2.puntlandgov.org/livewire/message/transaction.payment.payment-component
   Query 79 - 2025-06-09 10:47:13 [0.26ms] */
select * from `transaction` where `transaction`.`id` = 633954 and `transaction`.`deleted_at` is null limit 1;
/*==================================================*/
/* Origin (request): POST https://rta2.puntlandgov.org/livewire/message/transaction.payment.payment-component
   Query 80 - 2025-06-09 10:47:13 [0.13ms] */
select * from `service_workflow` where `service_workflow`.`id` = 2 and `service_workflow`.`id` is not null and `service_workflow`.`deleted_at` is null limit 1;
/*==================================================*/
/* Origin (request): POST https://rta2.puntlandgov.org/livewire/message/transaction.payment.payment-component
   Query 81 - 2025-06-09 10:47:13 [0.12ms] */
select * from `service` where `service`.`id` = 2 and `service`.`deleted_at` is null limit 1;
/*==================================================*/
/* Origin (request): POST https://rta2.puntlandgov.org/livewire/message/transaction.payment.payment-component
   Query 82 - 2025-06-09 10:47:13 [0.12ms] */
select * from `service` where `service`.`id` = 2 and `service`.`id` is not null and `service`.`deleted_at` is null limit 1;
/*==================================================*/
/* Origin (request): POST https://rta2.puntlandgov.org/livewire/message/transaction.payment.payment-component
   Query 83 - 2025-06-09 10:47:13 [387.8ms] */
select sum(`invoice`.`invoice_amount`) as aggregate from `vehicle_tax` inner join `term` on `term`.`id` = `vehicle_tax`.`term_id` inner join `transaction` on `transaction`.`id` = `vehicle_tax`.`transaction_id` inner join `invoice` on `invoice`.`id` = `transaction`.`invoice_id` where `transaction`.`parent_id` = 633954 and `vehicle_tax`.`exempt` = 'Y' and `vehicle_tax`.`deleted_at` is null;
/*==================================================*/
/* Origin (request): POST https://rta2.puntlandgov.org/livewire/message/transaction.payment.payment-component
   Query 84 - 2025-06-09 10:47:13 [0.25ms] */
select * from `party` where `party`.`id` = 8313 and `party`.`id` is not null and `party`.`deleted_at` is null limit 1;
/*==================================================*/
/* Origin (request): POST https://rta2.puntlandgov.org/livewire/message/transaction.payment.payment-component
   Query 85 - 2025-06-09 10:47:13 [0.13ms] */
select * from `payment_method` where `payment_method`.`deleted_at` is null;
/*==================================================*/
/* Origin (request): POST https://rta2.puntlandgov.org/livewire/message/transaction.payment.payment-component
   Query 86 - 2025-06-09 10:47:13 [0.28ms] */
select * from `transaction` where `transaction`.`id` = 406205 and `transaction`.`deleted_at` is null limit 1;
/*==================================================*/
/* Origin (request): POST https://rta2.puntlandgov.org/livewire/message/transaction.payment.payment-component
   Query 87 - 2025-06-09 10:47:13 [0.13ms] */
select * from `service_workflow` where `service_workflow`.`id` = 2 and `service_workflow`.`id` is not null and `service_workflow`.`deleted_at` is null limit 1;
/*==================================================*/
/* Origin (request): POST https://rta2.puntlandgov.org/livewire/message/transaction.payment.payment-component
   Query 88 - 2025-06-09 10:47:13 [0.12ms] */
select * from `service` where `service`.`id` = 2 and `service`.`deleted_at` is null limit 1;
/*==================================================*/
/* Origin (request): POST https://rta2.puntlandgov.org/livewire/message/transaction.payment.payment-component
   Query 89 - 2025-06-09 10:47:13 [0.12ms] */
select * from `service` where `service`.`id` = 2 and `service`.`id` is not null and `service`.`deleted_at` is null limit 1;
/*==================================================*/
/* Origin (request): POST https://rta2.puntlandgov.org/livewire/message/transaction.payment.payment-component
   Query 90 - 2025-06-09 10:47:13 [0.22ms] */
select * from `transaction` where `transaction`.`id` = 406206 and `transaction`.`deleted_at` is null limit 1;
/*==================================================*/
/* Origin (request): POST https://rta2.puntlandgov.org/livewire/message/transaction.payment.payment-component
   Query 91 - 2025-06-09 10:47:13 [0.12ms] */
select * from `service_workflow` where `service_workflow`.`id` = 2 and `service_workflow`.`id` is not null and `service_workflow`.`deleted_at` is null limit 1;
/*==================================================*/
/* Origin (request): POST https://rta2.puntlandgov.org/livewire/message/transaction.payment.payment-component
   Query 92 - 2025-06-09 10:47:13 [0.12ms] */
select * from `service` where `service`.`id` = 2 and `service`.`deleted_at` is null limit 1;
/*==================================================*/
/* Origin (request): POST https://rta2.puntlandgov.org/livewire/message/transaction.payment.payment-component
   Query 93 - 2025-06-09 10:47:13 [0.11ms] */
select * from `service` where `service`.`id` = 2 and `service`.`id` is not null and `service`.`deleted_at` is null limit 1;
/*==================================================*/
/* Origin (request): POST https://rta2.puntlandgov.org/livewire/message/transaction.payment.payment-component
   Query 94 - 2025-06-09 10:47:13 [0.29ms] */
select * from `service_workflow` where `service_workflow`.`id` = 2 and `service_workflow`.`id` is not null and `service_workflow`.`deleted_at` is null limit 1;
/*==================================================*/
/* Origin (request): POST https://rta2.puntlandgov.org/livewire/message/transaction.payment.payment-component
   Query 95 - 2025-06-09 10:47:13 [0.18ms] */
select * from `service` where `service`.`id` = 2 and `service`.`deleted_at` is null limit 1;
/*==================================================*/
/* Origin (request): POST https://rta2.puntlandgov.org/livewire/message/workflow.view-workflow-transaction-component
   Query 1 - 2025-06-09 10:47:14 [1.3ms] */
select * from `users` where `id` = 77 and `users`.`deleted_at` is null limit 1;
/*==================================================*/
/* Origin (request): POST https://rta2.puntlandgov.org/livewire/message/workflow.view-workflow-transaction-component
   Query 2 - 2025-06-09 10:47:14 [0.42ms] */
select column_name as `column_name` from information_schema.columns where table_schema = 'prod_rta' and table_name = 'roles';
/*==================================================*/
/* Origin (request): POST https://rta2.puntlandgov.org/livewire/message/workflow.view-workflow-transaction-component
   Query 3 - 2025-06-09 10:47:14 [0.3ms] */
select column_name as `column_name` from information_schema.columns where table_schema = 'prod_rta' and table_name = 'permissions';
/*==================================================*/
/* Origin (request): POST https://rta2.puntlandgov.org/livewire/message/workflow.view-workflow-transaction-component
   Query 4 - 2025-06-09 10:47:14 [0.39ms] */
select column_name as `column_name` from information_schema.columns where table_schema = 'prod_rta' and table_name = 'permissions';
/*==================================================*/
/* Origin (request): POST https://rta2.puntlandgov.org/livewire/message/workflow.view-workflow-transaction-component
   Query 5 - 2025-06-09 10:47:14 [0.37ms] */
select * from `transaction` where `transaction`.`id` = 633954 limit 1;
/*==================================================*/
/* Origin (request): POST https://rta2.puntlandgov.org/livewire/message/workflow.view-workflow-transaction-component
   Query 6 - 2025-06-09 10:47:14 [0.15ms] */
select * from `service_workflow` where `service_workflow`.`id` in (2) and `service_workflow`.`deleted_at` is null;
/*==================================================*/
/* Origin (request): POST https://rta2.puntlandgov.org/livewire/message/workflow.view-workflow-transaction-component
   Query 7 - 2025-06-09 10:47:14 [0.13ms] */
select * from `service` where `service`.`id` in (2) and `service`.`deleted_at` is null;
/*==================================================*/
/* Origin (request): POST https://rta2.puntlandgov.org/livewire/message/workflow.view-workflow-transaction-component
   Query 8 - 2025-06-09 10:47:14 [0.13ms] */
select * from `workflow` where `workflow`.`id` in (2) and `workflow`.`deleted_at` is null;
/*==================================================*/
/* Origin (request): POST https://rta2.puntlandgov.org/livewire/message/workflow.view-workflow-transaction-component
   Query 9 - 2025-06-09 10:47:14 [0.14ms] */
select * from `users` where `users`.`id` in (null) and `users`.`deleted_at` is null;
/*==================================================*/
/* Origin (request): POST https://rta2.puntlandgov.org/livewire/message/workflow.view-workflow-transaction-component
   Query 10 - 2025-06-09 10:47:14 [0.15ms] */
select * from `workflow_definition` where `workflow_definition`.`id` in (8) and `workflow_definition`.`deleted_at` is null;
/*==================================================*/
/* Origin (request): POST https://rta2.puntlandgov.org/livewire/message/workflow.view-workflow-transaction-component
   Query 11 - 2025-06-09 10:47:14 [0.12ms] */
select * from `roles` where `roles`.`id` in (8);
/*==================================================*/
/* Origin (request): POST https://rta2.puntlandgov.org/livewire/message/workflow.view-workflow-transaction-component
   Query 12 - 2025-06-09 10:47:14 [0.15ms] */
select * from `party_vehicle` where `party_vehicle`.`id` in (50678) and `party_vehicle`.`deleted_at` is null;
/*==================================================*/
/* Origin (request): POST https://rta2.puntlandgov.org/livewire/message/workflow.view-workflow-transaction-component
   Query 13 - 2025-06-09 10:47:14 [0.14ms] */
select * from `classification_type` where `classification_type`.`id` in (2) and `classification_type`.`deleted_at` is null;
/*==================================================*/
/* Origin (request): POST https://rta2.puntlandgov.org/livewire/message/workflow.view-workflow-transaction-component
   Query 14 - 2025-06-09 10:47:14 [0.14ms] */
select * from `district` where `district`.`id` in (2) and `district`.`deleted_at` is null;
/*==================================================*/
/* Origin (request): POST https://rta2.puntlandgov.org/livewire/message/workflow.view-workflow-transaction-component
   Query 15 - 2025-06-09 10:47:14 [0.13ms] */
select * from `region` where `region`.`id` in (1) and `region`.`deleted_at` is null;
/*==================================================*/
/* Origin (request): POST https://rta2.puntlandgov.org/livewire/message/workflow.view-workflow-transaction-component
   Query 16 - 2025-06-09 10:47:14 [0.25ms] */
select * from `transaction` where `transaction`.`id` = 633954 and `transaction`.`deleted_at` is null limit 1;
/*==================================================*/
/* Origin (request): POST https://rta2.puntlandgov.org/livewire/message/workflow.view-workflow-transaction-component
   Query 17 - 2025-06-09 10:47:14 [0.32ms] */
select * from `transaction_workflow` where `transaction_id` = 633954 and `transaction_workflow`.`deleted_at` is null order by `action_date` desc;
/*==================================================*/
/* Origin (request): POST https://rta2.puntlandgov.org/livewire/message/workflow.view-workflow-transaction-component
   Query 18 - 2025-06-09 10:47:14 [0.31ms] */
select * from `invoice` where `transaction_id` = 633954 and `invoice`.`deleted_at` is null limit 1;
/*==================================================*/
/* Origin (request): POST https://rta2.puntlandgov.org/livewire/message/workflow.view-workflow-transaction-component
   Query 19 - 2025-06-09 10:47:14 [0.26ms] */
select * from `invoice_payment` where `invoice_id` = 606937;
/*==================================================*/
/* Origin (request): POST https://rta2.puntlandgov.org/livewire/message/workflow.view-workflow-transaction-component
   Query 20 - 2025-06-09 10:47:14 [0.13ms] */
select * from `payment_documents` where `transaction_id` = 633954;
/*==================================================*/
/* Origin (request): POST https://rta2.puntlandgov.org/livewire/message/workflow.view-workflow-transaction-component
   Query 21 - 2025-06-09 10:47:14 [0.14ms] */
select * from `party_vehicle_purchase` where `transaction_id` = 633954 and `party_vehicle_purchase`.`deleted_at` is null limit 1;
/*==================================================*/
/* Origin (request): POST https://rta2.puntlandgov.org/livewire/message/workflow.view-workflow-transaction-component
   Query 22 - 2025-06-09 10:47:14 [0.14ms] */
select * from `service_workflow` where `service_workflow`.`id` = 2 and `service_workflow`.`id` is not null and `service_workflow`.`deleted_at` is null limit 1;
/*==================================================*/
/* Origin (request): POST https://rta2.puntlandgov.org/livewire/message/workflow.view-workflow-transaction-component
   Query 23 - 2025-06-09 10:47:14 [0.13ms] */
select * from `service` where `service`.`id` = 2 and `service`.`deleted_at` is null limit 1;
/*==================================================*/
/* Origin (request): POST https://rta2.puntlandgov.org/livewire/message/workflow.view-workflow-transaction-component
   Query 24 - 2025-06-09 10:47:14 [0.14ms] */
select * from `workflow_definition` where `workflow_definition`.`id` = 8 and `workflow_definition`.`id` is not null and `workflow_definition`.`deleted_at` is null limit 1;
/*==================================================*/
/* Origin (request): POST https://rta2.puntlandgov.org/livewire/message/workflow.view-workflow-transaction-component
   Query 25 - 2025-06-09 10:47:14 [0.13ms] */
select * from `roles` where `roles`.`id` = 8 and `roles`.`id` is not null limit 1;
/*==================================================*/
/* Origin (request): POST https://rta2.puntlandgov.org/livewire/message/workflow.view-workflow-transaction-component
   Query 26 - 2025-06-09 10:47:14 [0.15ms] */
select * from `workflow` where `workflow`.`id` = 2 and `workflow`.`deleted_at` is null limit 1;
/*==================================================*/
/* Origin (request): POST https://rta2.puntlandgov.org/livewire/message/workflow.view-workflow-transaction-component
   Query 27 - 2025-06-09 10:47:14 [0.3ms] */
select * from `transaction_workflow` where `transaction_id` = 633954 and `transaction_workflow`.`deleted_at` is null order by `action_date` desc limit 1;
/*==================================================*/
/* Origin (request): POST https://rta2.puntlandgov.org/livewire/message/workflow.view-workflow-transaction-component
   Query 28 - 2025-06-09 10:47:14 [283.3ms] */
select count(*) as aggregate from `transaction_workflow` where `transaction_workflow`.`deleted_at` is null;
/*==================================================*/
/* Origin (request): POST https://rta2.puntlandgov.org/livewire/message/workflow.view-workflow-transaction-component
   Query 29 - 2025-06-09 10:47:14 [0.3ms] */
select * from `transaction_workflow` where `transaction_id` = 633954 and `transaction_workflow`.`deleted_at` is null order by `action_date` desc limit 1;
/*==================================================*/
/* Origin (request): POST https://rta2.puntlandgov.org/livewire/message/workflow.view-workflow-transaction-component
   Query 30 - 2025-06-09 10:47:14 [0.21ms] */
select count(*) as aggregate from `transaction_workflow` where `transaction_workflow`.`deleted_at` is null;
/*==================================================*/
/* Origin (request): POST https://rta2.puntlandgov.org/livewire/message/workflow.view-workflow-transaction-component
   Query 31 - 2025-06-09 10:47:14 [0.24ms] */
select * from `transaction_workflow` where `transaction_id` = 633954 and `transaction_workflow`.`deleted_at` is null order by `action_date` desc limit 1;
/*==================================================*/
/* Origin (request): POST https://rta2.puntlandgov.org/livewire/message/workflow.view-workflow-transaction-component
   Query 32 - 2025-06-09 10:47:14 [0.19ms] */
select count(*) as aggregate from `transaction_workflow` where `transaction_workflow`.`deleted_at` is null;
/*==================================================*/
/* Origin (request): POST https://rta2.puntlandgov.org/livewire/message/workflow.view-workflow-transaction-component
   Query 33 - 2025-06-09 10:47:14 [0.26ms] */
select * from `party_vehicle` where `party_vehicle`.`id` = 50678 and `party_vehicle`.`deleted_at` is null limit 1;
/*==================================================*/
/* Origin (request): POST https://rta2.puntlandgov.org/livewire/message/workflow.view-workflow-transaction-component
   Query 34 - 2025-06-09 10:47:14 [0.28ms] */
select * from `classification_type` where `classification_type`.`id` = 2 and `classification_type`.`id` is not null and `classification_type`.`deleted_at` is null limit 1;
/*==================================================*/
/* Origin (request): POST https://rta2.puntlandgov.org/livewire/message/workflow.view-workflow-transaction-component
   Query 35 - 2025-06-09 10:47:14 [0.14ms] */
select * from `district` where `district`.`id` = 2 and `district`.`id` is not null and `district`.`deleted_at` is null limit 1;
/*==================================================*/
/* Origin (request): POST https://rta2.puntlandgov.org/livewire/message/workflow.view-workflow-transaction-component
   Query 36 - 2025-06-09 10:47:14 [0.13ms] */
select * from `region` where `region`.`id` = 1 and `region`.`deleted_at` is null limit 1;
/*==================================================*/
/* Origin (request): POST https://rta2.puntlandgov.org/livewire/message/widgets.tax-workflow-widget
   Query 1 - 2025-06-09 10:47:15 [1.31ms] */
select * from `users` where `id` = 77 and `users`.`deleted_at` is null limit 1;
/*==================================================*/
/* Origin (request): POST https://rta2.puntlandgov.org/livewire/message/widgets.tax-workflow-widget
   Query 2 - 2025-06-09 10:47:15 [0.45ms] */
select column_name as `column_name` from information_schema.columns where table_schema = 'prod_rta' and table_name = 'roles';
/*==================================================*/
/* Origin (request): POST https://rta2.puntlandgov.org/livewire/message/widgets.tax-workflow-widget
   Query 3 - 2025-06-09 10:47:15 [0.31ms] */
select column_name as `column_name` from information_schema.columns where table_schema = 'prod_rta' and table_name = 'permissions';
/*==================================================*/
/* Origin (request): POST https://rta2.puntlandgov.org/livewire/message/widgets.tax-workflow-widget
   Query 4 - 2025-06-09 10:47:15 [0.38ms] */
select column_name as `column_name` from information_schema.columns where table_schema = 'prod_rta' and table_name = 'permissions';
/*==================================================*/
/* Origin (request): POST https://rta2.puntlandgov.org/livewire/message/widgets.tax-workflow-widget
   Query 5 - 2025-06-09 10:47:15 [0.28ms] */
select * from `transaction` where `transaction`.`id` = 633954 limit 1;
/*==================================================*/
/* Origin (request): POST https://rta2.puntlandgov.org/livewire/message/widgets.tax-workflow-widget
   Query 6 - 2025-06-09 10:47:15 [0.17ms] */
select * from `transaction` where `transaction`.`id` = 633954 and `transaction`.`deleted_at` is null limit 1;
/*==================================================*/
/* Origin (request): POST https://rta2.puntlandgov.org/livewire/message/widgets.workflow-progress-widget
   Query 1 - 2025-06-09 10:47:15 [1.41ms] */
select * from `users` where `id` = 77 and `users`.`deleted_at` is null limit 1;
/*==================================================*/
/* Origin (request): POST https://rta2.puntlandgov.org/livewire/message/widgets.workflow-progress-widget
   Query 2 - 2025-06-09 10:47:15 [0.45ms] */
select column_name as `column_name` from information_schema.columns where table_schema = 'prod_rta' and table_name = 'roles';
/*==================================================*/
/* Origin (request): POST https://rta2.puntlandgov.org/livewire/message/widgets.workflow-progress-widget
   Query 3 - 2025-06-09 10:47:15 [0.52ms] */
select column_name as `column_name` from information_schema.columns where table_schema = 'prod_rta' and table_name = 'permissions';
/*==================================================*/
/* Origin (request): POST https://rta2.puntlandgov.org/livewire/message/widgets.workflow-progress-widget
   Query 4 - 2025-06-09 10:47:15 [0.73ms] */
select column_name as `column_name` from information_schema.columns where table_schema = 'prod_rta' and table_name = 'permissions';
/*==================================================*/
/* Origin (request): POST https://rta2.puntlandgov.org/livewire/message/widgets.vehicle-tax-quarter-widget
   Query 1 - 2025-06-09 10:47:15 [13.99ms] */
select * from `users` where `id` = 77 and `users`.`deleted_at` is null limit 1;
/*==================================================*/
/* Origin (request): POST https://rta2.puntlandgov.org/livewire/message/widgets.vehicle-tax-quarter-widget
   Query 2 - 2025-06-09 10:47:15 [0.54ms] */
select column_name as `column_name` from information_schema.columns where table_schema = 'prod_rta' and table_name = 'roles';
/*==================================================*/
/* Origin (request): POST https://rta2.puntlandgov.org/livewire/message/widgets.vehicle-tax-quarter-widget
   Query 3 - 2025-06-09 10:47:15 [0.38ms] */
select column_name as `column_name` from information_schema.columns where table_schema = 'prod_rta' and table_name = 'permissions';
/*==================================================*/
/* Origin (request): POST https://rta2.puntlandgov.org/livewire/message/workflow.workflow-history-component
   Query 1 - 2025-06-09 10:47:15 [1.37ms] */
select * from `users` where `id` = 77 and `users`.`deleted_at` is null limit 1;
/*==================================================*/
/* Origin (request): POST https://rta2.puntlandgov.org/livewire/message/workflow.workflow-history-component
   Query 2 - 2025-06-09 10:47:15 [0.47ms] */
select column_name as `column_name` from information_schema.columns where table_schema = 'prod_rta' and table_name = 'roles';
/*==================================================*/
/* Origin (request): POST https://rta2.puntlandgov.org/livewire/message/workflow.workflow-history-component
   Query 3 - 2025-06-09 10:47:15 [0.34ms] */
select column_name as `column_name` from information_schema.columns where table_schema = 'prod_rta' and table_name = 'permissions';
/*==================================================*/
/* Origin (request): POST https://rta2.puntlandgov.org/livewire/message/widgets.vehicle-tax-quarter-widget
   Query 4 - 2025-06-09 10:47:15 [0.57ms] */
select column_name as `column_name` from information_schema.columns where table_schema = 'prod_rta' and table_name = 'permissions';
/*==================================================*/
/* Origin (request): POST https://rta2.puntlandgov.org/livewire/message/workflow.workflow-history-component
   Query 4 - 2025-06-09 10:47:15 [0.55ms] */
select column_name as `column_name` from information_schema.columns where table_schema = 'prod_rta' and table_name = 'permissions';
/*==================================================*/
/* Origin (request): POST https://rta2.puntlandgov.org/livewire/message/widgets.workflow-progress-widget
   Query 5 - 2025-06-09 10:47:15 [0.33ms] */
select * from `transaction` where `transaction`.`id` = 633954 limit 1;
/*==================================================*/
/* Origin (request): POST https://rta2.puntlandgov.org/livewire/message/widgets.workflow-progress-widget
   Query 6 - 2025-06-09 10:47:15 [0.16ms] */
select * from `service_workflow` where `service_workflow`.`id` in (2) and `service_workflow`.`deleted_at` is null;
/*==================================================*/
/* Origin (request): POST https://rta2.puntlandgov.org/livewire/message/widgets.workflow-progress-widget
   Query 7 - 2025-06-09 10:47:15 [0.14ms] */
select * from `service` where `service`.`id` in (2) and `service`.`deleted_at` is null;
/*==================================================*/
/* Origin (request): POST https://rta2.puntlandgov.org/livewire/message/widgets.workflow-progress-widget
   Query 8 - 2025-06-09 10:47:15 [0.14ms] */
select * from `workflow` where `workflow`.`id` in (2) and `workflow`.`deleted_at` is null;
/*==================================================*/
/* Origin (request): POST https://rta2.puntlandgov.org/livewire/message/widgets.workflow-progress-widget
   Query 9 - 2025-06-09 10:47:15 [0.15ms] */
select * from `users` where `users`.`id` in (null) and `users`.`deleted_at` is null;
/*==================================================*/
/* Origin (request): POST https://rta2.puntlandgov.org/livewire/message/widgets.workflow-progress-widget
   Query 10 - 2025-06-09 10:47:15 [0.15ms] */
select * from `workflow_definition` where `workflow_definition`.`id` in (8) and `workflow_definition`.`deleted_at` is null;
/*==================================================*/
/* Origin (request): POST https://rta2.puntlandgov.org/livewire/message/widgets.workflow-progress-widget
   Query 11 - 2025-06-09 10:47:15 [0.13ms] */
select * from `roles` where `roles`.`id` in (8);
/*==================================================*/
/* Origin (request): POST https://rta2.puntlandgov.org/livewire/message/widgets.workflow-progress-widget
   Query 12 - 2025-06-09 10:47:15 [0.35ms] */
select * from `vehicle` where `vehicle`.`id` in (12655) and `vehicle`.`deleted_at` is null;
/*==================================================*/
/* Origin (request): POST https://rta2.puntlandgov.org/livewire/message/widgets.workflow-progress-widget
   Query 13 - 2025-06-09 10:47:15 [0.15ms] */
select * from `party` where `party`.`id` in (8313) and `party`.`deleted_at` is null;
/*==================================================*/
/* Origin (request): POST https://rta2.puntlandgov.org/livewire/message/widgets.workflow-progress-widget
   Query 14 - 2025-06-09 10:47:15 [0.15ms] */
select * from `party_vehicle` where `party_vehicle`.`id` in (50678) and `party_vehicle`.`deleted_at` is null;
/*==================================================*/
/* Origin (request): POST https://rta2.puntlandgov.org/livewire/message/widgets.workflow-progress-widget
   Query 15 - 2025-06-09 10:47:15 [0.14ms] */
select * from `classification_type` where `classification_type`.`id` in (2) and `classification_type`.`deleted_at` is null;
/*==================================================*/
/* Origin (request): POST https://rta2.puntlandgov.org/livewire/message/widgets.workflow-progress-widget
   Query 16 - 2025-06-09 10:47:15 [0.14ms] */
select * from `district` where `district`.`id` in (2) and `district`.`deleted_at` is null;
/*==================================================*/
/* Origin (request): POST https://rta2.puntlandgov.org/livewire/message/widgets.workflow-progress-widget
   Query 17 - 2025-06-09 10:47:15 [0.14ms] */
select * from `region` where `region`.`id` in (1) and `region`.`deleted_at` is null;
/*==================================================*/
/* Origin (request): POST https://rta2.puntlandgov.org/livewire/message/widgets.workflow-progress-widget
   Query 18 - 2025-06-09 10:47:15 [0.16ms] */
select * from `workflow_definition` where `workflow_id` = 2 and `workflow_definition`.`deleted_at` is null;
/*==================================================*/
/* Origin (request): POST https://rta2.puntlandgov.org/livewire/message/widgets.workflow-progress-widget
   Query 19 - 2025-06-09 10:47:15 [0.14ms] */
select * from `roles` where `roles`.`id` = 5 and `roles`.`id` is not null limit 1;
/*==================================================*/
/* Origin (request): POST https://rta2.puntlandgov.org/livewire/message/widgets.workflow-progress-widget
   Query 20 - 2025-06-09 10:47:15 [0.13ms] */
select * from `roles` where `roles`.`id` = 7 and `roles`.`id` is not null limit 1;
/*==================================================*/
/* Origin (request): POST https://rta2.puntlandgov.org/livewire/message/widgets.workflow-progress-widget
   Query 21 - 2025-06-09 10:47:15 [0.13ms] */
select * from `roles` where `roles`.`id` = 8 and `roles`.`id` is not null limit 1;
/*==================================================*/
/* Origin (request): POST https://rta2.puntlandgov.org/livewire/message/widgets.workflow-progress-widget
   Query 22 - 2025-06-09 10:47:15 [0.13ms] */
select * from `roles` where `roles`.`id` = 9 and `roles`.`id` is not null limit 1;
/*==================================================*/
/* Origin (request): POST https://rta2.puntlandgov.org/livewire/message/widgets.vehicle-tax-quarter-widget
   Query 1 - 2025-06-09 10:47:15 [1.38ms] */
select * from `users` where `id` = 77 and `users`.`deleted_at` is null limit 1;
/*==================================================*/
/* Origin (request): POST https://rta2.puntlandgov.org/livewire/message/widgets.vehicle-tax-quarter-widget
   Query 2 - 2025-06-09 10:47:15 [0.48ms] */
select column_name as `column_name` from information_schema.columns where table_schema = 'prod_rta' and table_name = 'roles';
/*==================================================*/
/* Origin (request): POST https://rta2.puntlandgov.org/livewire/message/widgets.vehicle-tax-quarter-widget
   Query 3 - 2025-06-09 10:47:15 [0.34ms] */
select column_name as `column_name` from information_schema.columns where table_schema = 'prod_rta' and table_name = 'permissions';
/*==================================================*/
/* Origin (request): POST https://rta2.puntlandgov.org/livewire/message/widgets.vehicle-tax-quarter-widget
   Query 4 - 2025-06-09 10:47:15 [0.53ms] */
select column_name as `column_name` from information_schema.columns where table_schema = 'prod_rta' and table_name = 'permissions';
/*==================================================*/
/* Origin (request): POST https://rta2.puntlandgov.org/livewire/message/widgets.vehicle-tax-quarter-widget
   Query 5 - 2025-06-09 10:47:15 [0.51ms] */
select * from `vehicle_tax` where `vehicle_tax`.`id` = 308164 limit 1;
/*==================================================*/
/* Origin (request): POST https://rta2.puntlandgov.org/livewire/message/widgets.vehicle-tax-quarter-widget
   Query 6 - 2025-06-09 10:47:15 [0.15ms] */
select * from `term` where `term`.`id` in (104) and `term`.`deleted_at` is null;
/*==================================================*/
/* Origin (request): POST https://rta2.puntlandgov.org/livewire/message/workflow.workflow-history-component
   Query 5 - 2025-06-09 10:47:15 [0.56ms] */
select * from `transaction_workflow` where `transaction_id` = 633954 and `transaction_workflow`.`deleted_at` is null order by `action_date` desc;
/*==================================================*/
/* Origin (request): POST https://rta2.puntlandgov.org/livewire/message/workflow.workflow-history-component
   Query 6 - 2025-06-09 10:47:15 [0.2ms] */
select * from `users` where `users`.`id` = 77 and `users`.`id` is not null and `users`.`deleted_at` is null limit 1;
/*==================================================*/
/* Origin (request): POST https://rta2.puntlandgov.org/livewire/message/workflow.workflow-history-component
   Query 7 - 2025-06-09 10:47:15 [0.14ms] */
select * from `roles` where `roles`.`id` = 7 and `roles`.`id` is not null limit 1;
/*==================================================*/
/* Origin (request): POST https://rta2.puntlandgov.org/livewire/message/workflow.workflow-history-component
   Query 8 - 2025-06-09 10:47:15 [0.15ms] */
select * from `users` where `users`.`id` = 77 and `users`.`id` is not null and `users`.`deleted_at` is null limit 1;
/*==================================================*/
/* Origin (request): POST https://rta2.puntlandgov.org/livewire/message/workflow.workflow-history-component
   Query 9 - 2025-06-09 10:47:15 [0.14ms] */
select * from `roles` where `roles`.`id` = 7 and `roles`.`id` is not null limit 1;
/*==================================================*/
/* Origin (request): POST https://rta2.puntlandgov.org/livewire/message/workflow.workflow-history-component
   Query 10 - 2025-06-09 10:47:15 [0.15ms] */
select * from `users` where `users`.`id` = 74 and `users`.`id` is not null and `users`.`deleted_at` is null limit 1;
/*==================================================*/
/* Origin (request): POST https://rta2.puntlandgov.org/livewire/message/workflow.workflow-history-component
   Query 11 - 2025-06-09 10:47:15 [0.13ms] */
select * from `roles` where `roles`.`id` = 5 and `roles`.`id` is not null limit 1;
/*==================================================*/
/* Origin (request): POST https://rta2.puntlandgov.org/livewire/message/workflow.workflow-history-component
   Query 12 - 2025-06-09 10:47:15 [0.14ms] */
select * from `users` where `users`.`id` = 74 and `users`.`id` is not null and `users`.`deleted_at` is null limit 1;
/*==================================================*/
/* Origin (request): POST https://rta2.puntlandgov.org/livewire/message/workflow.workflow-history-component
   Query 13 - 2025-06-09 10:47:15 [0.13ms] */
select * from `roles` where `roles`.`id` = 5 and `roles`.`id` is not null limit 1;
/*==================================================*/
/* Origin (request): POST https://rta2.puntlandgov.org/livewire/message/widgets.vehicle-tax-quarter-widget
   Query 5 - 2025-06-09 10:47:15 [0.45ms] */
select * from `vehicle_tax` where `vehicle_tax`.`id` = 308163 limit 1;
/*==================================================*/
/* Origin (request): POST https://rta2.puntlandgov.org/livewire/message/widgets.vehicle-tax-quarter-widget
   Query 6 - 2025-06-09 10:47:15 [0.21ms] */
select * from `term` where `term`.`id` in (103) and `term`.`deleted_at` is null;
/*==================================================*/
/* Origin (request): POST https://rta2.puntlandgov.org/livewire/message/widgets.vehicle-tax-quarter-widget
   Query 7 - 2025-06-09 10:47:15 [393.19ms] */
select `vehicle_tax`.* from `vehicle_tax` inner join `transaction` on `transaction`.`id` = `vehicle_tax`.`transaction_id` inner join `invoice` on `invoice`.`id` = `transaction`.`invoice_id` where `invoice`.`id` = 383739 and `vehicle_tax`.`deleted_at` is null limit 1;
/*==================================================*/
/* Origin (request): POST https://rta2.puntlandgov.org/livewire/message/widgets.vehicle-tax-quarter-widget
   Query 8 - 2025-06-09 10:47:15 [0.32ms] */
select * from `term` where `term`.`id` = 104 and `term`.`deleted_at` is null limit 1;
/*==================================================*/
/* Origin (request): POST https://rta2.puntlandgov.org/livewire/message/widgets.vehicle-tax-quarter-widget
   Query 7 - 2025-06-09 10:47:16 [384.75ms] */
select `vehicle_tax`.* from `vehicle_tax` inner join `transaction` on `transaction`.`id` = `vehicle_tax`.`transaction_id` inner join `invoice` on `invoice`.`id` = `transaction`.`invoice_id` where `invoice`.`id` = 383738 and `vehicle_tax`.`deleted_at` is null limit 1;
/*==================================================*/
/* Origin (request): POST https://rta2.puntlandgov.org/livewire/message/widgets.vehicle-tax-quarter-widget
   Query 8 - 2025-06-09 10:47:16 [0.27ms] */
select * from `term` where `term`.`id` = 103 and `term`.`deleted_at` is null limit 1;
/*==================================================*/
/* Origin (request): POST https://rta2.puntlandgov.org/livewire/message/widgets.tax-workflow-widget
   Query 7 - 2025-06-09 10:47:16 [918.6ms] */
select `vehicle_tax`.* from `vehicle_tax` inner join `term` on `term`.`id` = `vehicle_tax`.`term_id` inner join `transaction` on `transaction`.`id` = `vehicle_tax`.`transaction_id` inner join `invoice` on `invoice`.`id` = `transaction`.`invoice_id` where `transaction`.`parent_id` = 633954 and `vehicle_tax`.`deleted_at` is null order by `term`.`first_date_of_quarter` asc;
/*==================================================*/
/* Origin (request): POST https://rta2.puntlandgov.org/livewire/message/widgets.tax-workflow-widget
   Query 8 - 2025-06-09 10:47:16 [722.17ms] */
select sum(`invoice`.`total_invoice_amount`) as aggregate from `vehicle_tax` inner join `term` on `term`.`id` = `vehicle_tax`.`term_id` inner join `transaction` on `transaction`.`id` = `vehicle_tax`.`transaction_id` inner join `invoice` on `invoice`.`id` = `transaction`.`invoice_id` where `transaction`.`parent_id` = 633954 and `vehicle_tax`.`exempt` = 'N' and `vehicle_tax`.`deleted_at` is null;
/*==================================================*/
/* Origin (request): POST https://rta2.puntlandgov.org/livewire/message/widgets.tax-workflow-widget
   Query 9 - 2025-06-09 10:47:16 [0.31ms] */
select * from `term` where `term`.`id` = 103 and `term`.`deleted_at` is null limit 1;
/*==================================================*/
/* Origin (request): POST https://rta2.puntlandgov.org/livewire/message/widgets.tax-workflow-widget
   Query 10 - 2025-06-09 10:47:16 [0.18ms] */
select * from `term` where `term`.`id` = 104 and `term`.`deleted_at` is null limit 1;
/*==================================================*/
/* Origin (request): POST https://rta2.puntlandgov.org/livewire/message/widgets.tax-workflow-widget
   Query 11 - 2025-06-09 10:47:16 [0.39ms] */
select * from `transaction` where `transaction`.`id` = 406206 and `transaction`.`id` is not null and `transaction`.`deleted_at` is null limit 1;
/*==================================================*/
/* Origin (request): POST https://rta2.puntlandgov.org/livewire/message/widgets.tax-workflow-widget
   Query 12 - 2025-06-09 10:47:16 [0.33ms] */
select * from `invoice` where `invoice`.`id` = 383739 and `invoice`.`id` is not null and `invoice`.`deleted_at` is null limit 1;
/*==================================================*/
/* Origin (request): POST https://rta2.puntlandgov.org/livewire/message/widgets.tax-workflow-widget
   Query 13 - 2025-06-09 10:47:16 [0.21ms] */
select * from `service_workflow` where `service_workflow`.`id` = 2 and `service_workflow`.`id` is not null and `service_workflow`.`deleted_at` is null limit 1;
/*==================================================*/
/* Origin (request): POST https://rta2.puntlandgov.org/livewire/message/widgets.tax-workflow-widget
   Query 14 - 2025-06-09 10:47:16 [0.18ms] */
select * from `service` where `service`.`id` = 2 and `service`.`deleted_at` is null limit 1;
/*==================================================*/
/* Origin (request): GET https://rta2.puntlandgov.org/w/wkflw
   Query 1 - 2025-06-09 10:47:18 [2.04ms] */
select * from `users` where `id` = 77 and `users`.`deleted_at` is null limit 1;
/*==================================================*/
/* Origin (request): GET https://rta2.puntlandgov.org/w/wkflw
   Query 2 - 2025-06-09 10:47:18 [0.59ms] */
select column_name as `column_name` from information_schema.columns where table_schema = 'prod_rta' and table_name = 'roles';
/*==================================================*/
/* Origin (request): GET https://rta2.puntlandgov.org/w/wkflw
   Query 3 - 2025-06-09 10:47:18 [0.48ms] */
select column_name as `column_name` from information_schema.columns where table_schema = 'prod_rta' and table_name = 'permissions';
/*==================================================*/
/* Origin (request): GET https://rta2.puntlandgov.org/w/wkflw
   Query 4 - 2025-06-09 10:47:18 [0.38ms] */
select column_name as `column_name` from information_schema.columns where table_schema = 'prod_rta' and table_name = 'permissions';
/*==================================================*/
/* Origin (request): GET https://rta2.puntlandgov.org/w/wkflw
   Query 5 - 2025-06-09 10:47:18 [0.21ms] */
select * from `service` where `service`.`deleted_at` is null;
/*==================================================*/
/* Origin (request): GET https://rta2.puntlandgov.org/w/wkflw
   Query 6 - 2025-06-09 10:47:18 [0.43ms] */
select column_name as `column_name` from information_schema.columns where table_schema = 'prod_rta' and table_name = 'roles';
/*==================================================*/
/* Origin (request): GET https://rta2.puntlandgov.org/w/wkflw
   Query 7 - 2025-06-09 10:47:18 [0.17ms] */
select `roles`.*, `model_has_roles`.`model_id` as `pivot_model_id`, `model_has_roles`.`role_id` as `pivot_role_id`, `model_has_roles`.`model_type` as `pivot_model_type` from `roles` inner join `model_has_roles` on `roles`.`id` = `model_has_roles`.`role_id` where `model_has_roles`.`model_id` = 77 and `model_has_roles`.`model_type` = 'App\Models\User' limit 1;
/*==================================================*/
/* Origin (request): GET https://rta2.puntlandgov.org/w/wkflw
   Query 8 - 2025-06-09 10:47:18 [0.16ms] */
select `roles`.*, `model_has_roles`.`model_id` as `pivot_model_id`, `model_has_roles`.`role_id` as `pivot_role_id`, `model_has_roles`.`model_type` as `pivot_model_type` from `roles` inner join `model_has_roles` on `roles`.`id` = `model_has_roles`.`role_id` where `model_has_roles`.`model_id` = 77 and `model_has_roles`.`model_type` = 'App\Models\User' order by `created_at` desc limit 1;
/*==================================================*/
/* Origin (request): GET https://rta2.puntlandgov.org/w/wkflw
   Query 9 - 2025-06-09 10:47:18 [66.2ms] */
select count(*) as aggregate from `transaction` inner join `workflow_definition` on `workflow_definition`.`id` = `transaction`.`current_workflow_state_id` where `workflow_definition`.`role_id` in (7) and `transaction`.`one_time_tax` <> 'Y' and `transaction`.`parent_id` is null and `workflow_definition`.`role_id` = 7 and `deliver_district_id` = 2 and `status` != 'CANCELED' and `transaction`.`deleted_at` is null;
/*==================================================*/
/* Origin (request): GET https://rta2.puntlandgov.org/w/wkflw
   Query 10 - 2025-06-09 10:47:18 [54.49ms] */
select `transaction`.* from `transaction` inner join `workflow_definition` on `workflow_definition`.`id` = `transaction`.`current_workflow_state_id` where `workflow_definition`.`role_id` in (7) and `transaction`.`one_time_tax` <> 'Y' and `transaction`.`parent_id` is null and `workflow_definition`.`role_id` = 7 and `deliver_district_id` = 2 and `status` != 'CANCELED' and `transaction`.`deleted_at` is null order by `transaction`.`created_at` desc limit 10 offset 0;
/*==================================================*/
/* Origin (request): GET https://rta2.puntlandgov.org/w/wkflw
   Query 11 - 2025-06-09 10:47:18 [0.36ms] */
select * from `service` where `service`.`deleted_at` is null;
/*==================================================*/
/* Origin (request): GET https://rta2.puntlandgov.org/w/wkflw
   Query 12 - 2025-06-09 10:47:18 [0.2ms] */
select * from `service_workflow` where `service_workflow`.`id` = 2 and `service_workflow`.`id` is not null and `service_workflow`.`deleted_at` is null limit 1;
/*==================================================*/
/* Origin (request): GET https://rta2.puntlandgov.org/w/wkflw
   Query 13 - 2025-06-09 10:47:18 [0.14ms] */
select * from `service` where `service`.`id` = 2 and `service`.`deleted_at` is null limit 1;
/*==================================================*/
/* Origin (request): GET https://rta2.puntlandgov.org/w/wkflw
   Query 14 - 2025-06-09 10:47:18 [0.13ms] */
select * from `service` where `service`.`id` = 2 and `service`.`id` is not null and `service`.`deleted_at` is null limit 1;
/*==================================================*/
/* Origin (request): GET https://rta2.puntlandgov.org/w/wkflw
   Query 15 - 2025-06-09 10:47:18 [0.17ms] */
select * from `vehicle` where `vehicle`.`id` = 78187 and `vehicle`.`id` is not null and `vehicle`.`deleted_at` is null limit 1;
/*==================================================*/
/* Origin (request): GET https://rta2.puntlandgov.org/w/wkflw
   Query 16 - 2025-06-09 10:47:18 [0.15ms] */
select * from `party` where `party`.`id` = 47223 and `party`.`id` is not null and `party`.`deleted_at` is null limit 1;
/*==================================================*/
/* Origin (request): GET https://rta2.puntlandgov.org/w/wkflw
   Query 17 - 2025-06-09 10:47:18 [0.16ms] */
select * from `person` where `person`.`id` = 47223 and `person`.`deleted_at` is null limit 1;
/*==================================================*/
/* Origin (request): GET https://rta2.puntlandgov.org/w/wkflw
   Query 18 - 2025-06-09 10:47:18 [0.15ms] */
select * from `party_vehicle` where `party_vehicle`.`id` = 42934 and `party_vehicle`.`deleted_at` is null limit 1;
/*==================================================*/
/* Origin (request): GET https://rta2.puntlandgov.org/w/wkflw
   Query 19 - 2025-06-09 10:47:18 [0.14ms] */
select * from `classification_type` where `classification_type`.`id` = 2 and `classification_type`.`id` is not null and `classification_type`.`deleted_at` is null limit 1;
/*==================================================*/
/* Origin (request): GET https://rta2.puntlandgov.org/w/wkflw
   Query 20 - 2025-06-09 10:47:18 [0.14ms] */
select * from `sub_category` where `sub_category`.`id` = 4 and `sub_category`.`deleted_at` is null limit 1;
/*==================================================*/
/* Origin (request): GET https://rta2.puntlandgov.org/w/wkflw
   Query 21 - 2025-06-09 10:47:18 [0.16ms] */
select * from `tax_collection_points` where `tax_collection_points`.`id` = 4 limit 1;
/*==================================================*/
/* Origin (request): GET https://rta2.puntlandgov.org/w/wkflw
   Query 22 - 2025-06-09 10:47:18 [0.51ms] */
select * from `transaction_workflow` where `transaction_workflow`.`transaction_id` = 633993 and `transaction_workflow`.`transaction_id` is not null and `transaction_workflow`.`deleted_at` is null order by `created_at` desc limit 1;
/*==================================================*/
/* Origin (request): GET https://rta2.puntlandgov.org/w/wkflw
   Query 23 - 2025-06-09 10:47:18 [0.15ms] */
select * from `workflow_definition` where `workflow_definition`.`id` = 7 and `workflow_definition`.`id` is not null and `workflow_definition`.`deleted_at` is null limit 1;
/*==================================================*/
/* Origin (request): GET https://rta2.puntlandgov.org/w/wkflw
   Query 24 - 2025-06-09 10:47:18 [0.14ms] */
select * from `roles` where `roles`.`id` = 7 and `roles`.`id` is not null limit 1;
/*==================================================*/
/* Origin (request): GET https://rta2.puntlandgov.org/w/wkflw
   Query 25 - 2025-06-09 10:47:18 [0.15ms] */
select * from `service_workflow` where `service_workflow`.`id` = 2 and `service_workflow`.`id` is not null and `service_workflow`.`deleted_at` is null limit 1;
/*==================================================*/
/* Origin (request): GET https://rta2.puntlandgov.org/w/wkflw
   Query 26 - 2025-06-09 10:47:18 [0.15ms] */
select * from `service` where `service`.`id` = 2 and `service`.`deleted_at` is null limit 1;
/*==================================================*/
/* Origin (request): GET https://rta2.puntlandgov.org/w/wkflw
   Query 27 - 2025-06-09 10:47:18 [0.13ms] */
select * from `service` where `service`.`id` = 2 and `service`.`id` is not null and `service`.`deleted_at` is null limit 1;
/*==================================================*/
/* Origin (request): GET https://rta2.puntlandgov.org/w/wkflw
   Query 28 - 2025-06-09 10:47:18 [0.4ms] */
select * from `vehicle` where `vehicle`.`id` = 71955 and `vehicle`.`id` is not null and `vehicle`.`deleted_at` is null limit 1;
/*==================================================*/
/* Origin (request): GET https://rta2.puntlandgov.org/w/wkflw
   Query 29 - 2025-06-09 10:47:18 [0.14ms] */
select * from `party` where `party`.`id` = 39295 and `party`.`id` is not null and `party`.`deleted_at` is null limit 1;
/*==================================================*/
/* Origin (request): GET https://rta2.puntlandgov.org/w/wkflw
   Query 30 - 2025-06-09 10:47:18 [0.15ms] */
select * from `person` where `person`.`id` = 39295 and `person`.`deleted_at` is null limit 1;
/*==================================================*/
/* Origin (request): GET https://rta2.puntlandgov.org/w/wkflw
   Query 31 - 2025-06-09 10:47:18 [0.15ms] */
select * from `party_vehicle` where `party_vehicle`.`id` = 64450 and `party_vehicle`.`deleted_at` is null limit 1;
/*==================================================*/
/* Origin (request): GET https://rta2.puntlandgov.org/w/wkflw
   Query 32 - 2025-06-09 10:47:18 [0.13ms] */
select * from `classification_type` where `classification_type`.`id` = 2 and `classification_type`.`id` is not null and `classification_type`.`deleted_at` is null limit 1;
/*==================================================*/
/* Origin (request): GET https://rta2.puntlandgov.org/w/wkflw
   Query 33 - 2025-06-09 10:47:18 [0.13ms] */
select * from `sub_category` where `sub_category`.`id` = 4 and `sub_category`.`deleted_at` is null limit 1;
/*==================================================*/
/* Origin (request): GET https://rta2.puntlandgov.org/w/wkflw
   Query 34 - 2025-06-09 10:47:18 [0.14ms] */
select * from `tax_collection_points` where `tax_collection_points`.`id` = 4 limit 1;
/*==================================================*/
/* Origin (request): GET https://rta2.puntlandgov.org/w/wkflw
   Query 35 - 2025-06-09 10:47:18 [0.28ms] */
select * from `transaction_workflow` where `transaction_workflow`.`transaction_id` = 633949 and `transaction_workflow`.`transaction_id` is not null and `transaction_workflow`.`deleted_at` is null order by `created_at` desc limit 1;
/*==================================================*/
/* Origin (request): GET https://rta2.puntlandgov.org/w/wkflw
   Query 36 - 2025-06-09 10:47:18 [0.15ms] */
select * from `workflow_definition` where `workflow_definition`.`id` = 7 and `workflow_definition`.`id` is not null and `workflow_definition`.`deleted_at` is null limit 1;
/*==================================================*/
/* Origin (request): GET https://rta2.puntlandgov.org/w/wkflw
   Query 37 - 2025-06-09 10:47:18 [0.12ms] */
select * from `roles` where `roles`.`id` = 7 and `roles`.`id` is not null limit 1;
/*==================================================*/
/* Origin (request): GET https://rta2.puntlandgov.org/w/wkflw
   Query 38 - 2025-06-09 10:47:18 [0.14ms] */
select * from `service_workflow` where `service_workflow`.`id` = 2 and `service_workflow`.`id` is not null and `service_workflow`.`deleted_at` is null limit 1;
/*==================================================*/
/* Origin (request): GET https://rta2.puntlandgov.org/w/wkflw
   Query 39 - 2025-06-09 10:47:18 [0.13ms] */
select * from `service` where `service`.`id` = 2 and `service`.`deleted_at` is null limit 1;
/*==================================================*/
/* Origin (request): GET https://rta2.puntlandgov.org/w/wkflw
   Query 40 - 2025-06-09 10:47:18 [0.13ms] */
select * from `service` where `service`.`id` = 2 and `service`.`id` is not null and `service`.`deleted_at` is null limit 1;
/*==================================================*/
/* Origin (request): GET https://rta2.puntlandgov.org/w/wkflw
   Query 41 - 2025-06-09 10:47:18 [0.27ms] */
select * from `vehicle` where `vehicle`.`id` = 98107 and `vehicle`.`id` is not null and `vehicle`.`deleted_at` is null limit 1;
/*==================================================*/
/* Origin (request): GET https://rta2.puntlandgov.org/w/wkflw
   Query 42 - 2025-06-09 10:47:18 [0.14ms] */
select * from `party` where `party`.`id` = 31745 and `party`.`id` is not null and `party`.`deleted_at` is null limit 1;
/*==================================================*/
/* Origin (request): GET https://rta2.puntlandgov.org/w/wkflw
   Query 43 - 2025-06-09 10:47:18 [0.15ms] */
select * from `person` where `person`.`id` = 31745 and `person`.`deleted_at` is null limit 1;
/*==================================================*/
/* Origin (request): GET https://rta2.puntlandgov.org/w/wkflw
   Query 44 - 2025-06-09 10:47:18 [0.14ms] */
select * from `party_vehicle` where `party_vehicle`.`id` = 98260 and `party_vehicle`.`deleted_at` is null limit 1;
/*==================================================*/
/* Origin (request): GET https://rta2.puntlandgov.org/w/wkflw
   Query 45 - 2025-06-09 10:47:18 [0.14ms] */
select * from `classification_type` where `classification_type`.`id` = 2 and `classification_type`.`id` is not null and `classification_type`.`deleted_at` is null limit 1;
/*==================================================*/
/* Origin (request): GET https://rta2.puntlandgov.org/w/wkflw
   Query 46 - 2025-06-09 10:47:18 [0.13ms] */
select * from `sub_category` where `sub_category`.`id` = 11 and `sub_category`.`deleted_at` is null limit 1;
/*==================================================*/
/* Origin (request): GET https://rta2.puntlandgov.org/w/wkflw
   Query 47 - 2025-06-09 10:47:18 [0.13ms] */
select * from `tax_collection_points` where `tax_collection_points`.`id` = 4 limit 1;
/*==================================================*/
/* Origin (request): GET https://rta2.puntlandgov.org/w/wkflw
   Query 48 - 2025-06-09 10:47:18 [0.27ms] */
select * from `transaction_workflow` where `transaction_workflow`.`transaction_id` = 633948 and `transaction_workflow`.`transaction_id` is not null and `transaction_workflow`.`deleted_at` is null order by `created_at` desc limit 1;
/*==================================================*/
/* Origin (request): GET https://rta2.puntlandgov.org/w/wkflw
   Query 49 - 2025-06-09 10:47:18 [0.14ms] */
select * from `workflow_definition` where `workflow_definition`.`id` = 7 and `workflow_definition`.`id` is not null and `workflow_definition`.`deleted_at` is null limit 1;
/*==================================================*/
/* Origin (request): GET https://rta2.puntlandgov.org/w/wkflw
   Query 50 - 2025-06-09 10:47:18 [0.12ms] */
select * from `roles` where `roles`.`id` = 7 and `roles`.`id` is not null limit 1;
/*==================================================*/
/* Origin (request): GET https://rta2.puntlandgov.org/w/wkflw
   Query 51 - 2025-06-09 10:47:18 [0.15ms] */
select * from `service_workflow` where `service_workflow`.`id` = 2 and `service_workflow`.`id` is not null and `service_workflow`.`deleted_at` is null limit 1;
/*==================================================*/
/* Origin (request): GET https://rta2.puntlandgov.org/w/wkflw
   Query 52 - 2025-06-09 10:47:18 [0.13ms] */
select * from `service` where `service`.`id` = 2 and `service`.`deleted_at` is null limit 1;
/*==================================================*/
/* Origin (request): GET https://rta2.puntlandgov.org/w/wkflw
   Query 53 - 2025-06-09 10:47:18 [0.13ms] */
select * from `service` where `service`.`id` = 2 and `service`.`id` is not null and `service`.`deleted_at` is null limit 1;
/*==================================================*/
/* Origin (request): GET https://rta2.puntlandgov.org/w/wkflw
   Query 54 - 2025-06-09 10:47:18 [0.25ms] */
select * from `vehicle` where `vehicle`.`id` = 98248 and `vehicle`.`id` is not null and `vehicle`.`deleted_at` is null limit 1;
/*==================================================*/
/* Origin (request): GET https://rta2.puntlandgov.org/w/wkflw
   Query 55 - 2025-06-09 10:47:18 [0.14ms] */
select * from `party` where `party`.`id` = 51899 and `party`.`id` is not null and `party`.`deleted_at` is null limit 1;
/*==================================================*/
/* Origin (request): GET https://rta2.puntlandgov.org/w/wkflw
   Query 56 - 2025-06-09 10:47:18 [0.15ms] */
select * from `person` where `person`.`id` = 51899 and `person`.`deleted_at` is null limit 1;
/*==================================================*/
/* Origin (request): GET https://rta2.puntlandgov.org/w/wkflw
   Query 57 - 2025-06-09 10:47:18 [0.14ms] */
select * from `party_vehicle` where `party_vehicle`.`id` = 98421 and `party_vehicle`.`deleted_at` is null limit 1;
/*==================================================*/
/* Origin (request): GET https://rta2.puntlandgov.org/w/wkflw
   Query 58 - 2025-06-09 10:47:18 [0.13ms] */
select * from `classification_type` where `classification_type`.`id` = 2 and `classification_type`.`id` is not null and `classification_type`.`deleted_at` is null limit 1;
/*==================================================*/
/* Origin (request): GET https://rta2.puntlandgov.org/w/wkflw
   Query 59 - 2025-06-09 10:47:18 [0.15ms] */
select * from `sub_category` where `sub_category`.`id` = 4 and `sub_category`.`deleted_at` is null limit 1;
/*==================================================*/
/* Origin (request): GET https://rta2.puntlandgov.org/w/wkflw
   Query 60 - 2025-06-09 10:47:18 [0.16ms] */
select * from `tax_collection_points` where `tax_collection_points`.`id` = 4 limit 1;
/*==================================================*/
/* Origin (request): GET https://rta2.puntlandgov.org/w/wkflw
   Query 61 - 2025-06-09 10:47:18 [0.28ms] */
select * from `transaction_workflow` where `transaction_workflow`.`transaction_id` = 633497 and `transaction_workflow`.`transaction_id` is not null and `transaction_workflow`.`deleted_at` is null order by `created_at` desc limit 1;
/*==================================================*/
/* Origin (request): GET https://rta2.puntlandgov.org/w/wkflw
   Query 62 - 2025-06-09 10:47:18 [0.14ms] */
select * from `workflow_definition` where `workflow_definition`.`id` = 7 and `workflow_definition`.`id` is not null and `workflow_definition`.`deleted_at` is null limit 1;
/*==================================================*/
/* Origin (request): GET https://rta2.puntlandgov.org/w/wkflw
   Query 63 - 2025-06-09 10:47:18 [0.14ms] */
select * from `roles` where `roles`.`id` = 7 and `roles`.`id` is not null limit 1;
/*==================================================*/
/* Origin (request): GET https://rta2.puntlandgov.org/w/wkflw
   Query 64 - 2025-06-09 10:47:18 [0.14ms] */
select * from `service_workflow` where `service_workflow`.`id` = 2 and `service_workflow`.`id` is not null and `service_workflow`.`deleted_at` is null limit 1;
/*==================================================*/
/* Origin (request): GET https://rta2.puntlandgov.org/w/wkflw
   Query 65 - 2025-06-09 10:47:18 [0.13ms] */
select * from `service` where `service`.`id` = 2 and `service`.`deleted_at` is null limit 1;
/*==================================================*/
/* Origin (request): GET https://rta2.puntlandgov.org/w/wkflw
   Query 66 - 2025-06-09 10:47:18 [0.13ms] */
select * from `service` where `service`.`id` = 2 and `service`.`id` is not null and `service`.`deleted_at` is null limit 1;
/*==================================================*/
/* Origin (request): GET https://rta2.puntlandgov.org/w/wkflw
   Query 67 - 2025-06-09 10:47:18 [0.26ms] */
select * from `vehicle` where `vehicle`.`id` = 13173 and `vehicle`.`id` is not null and `vehicle`.`deleted_at` is null limit 1;
/*==================================================*/
/* Origin (request): GET https://rta2.puntlandgov.org/w/wkflw
   Query 68 - 2025-06-09 10:47:18 [0.14ms] */
select * from `party` where `party`.`id` = 8753 and `party`.`id` is not null and `party`.`deleted_at` is null limit 1;
/*==================================================*/
/* Origin (request): GET https://rta2.puntlandgov.org/w/wkflw
   Query 69 - 2025-06-09 10:47:18 [0.15ms] */
select * from `person` where `person`.`id` = 8753 and `person`.`deleted_at` is null limit 1;
/*==================================================*/
/* Origin (request): GET https://rta2.puntlandgov.org/w/wkflw
   Query 70 - 2025-06-09 10:47:18 [0.14ms] */
select * from `party_vehicle` where `party_vehicle`.`id` = 72936 and `party_vehicle`.`deleted_at` is null limit 1;
/*==================================================*/
/* Origin (request): GET https://rta2.puntlandgov.org/w/wkflw
   Query 71 - 2025-06-09 10:47:18 [0.13ms] */
select * from `classification_type` where `classification_type`.`id` = 2 and `classification_type`.`id` is not null and `classification_type`.`deleted_at` is null limit 1;
/*==================================================*/
/* Origin (request): GET https://rta2.puntlandgov.org/w/wkflw
   Query 72 - 2025-06-09 10:47:18 [0.13ms] */
select * from `sub_category` where `sub_category`.`id` = 11 and `sub_category`.`deleted_at` is null limit 1;
/*==================================================*/
/* Origin (request): GET https://rta2.puntlandgov.org/w/wkflw
   Query 73 - 2025-06-09 10:47:18 [0.13ms] */
select * from `tax_collection_points` where `tax_collection_points`.`id` = 4 limit 1;
/*==================================================*/
/* Origin (request): GET https://rta2.puntlandgov.org/w/wkflw
   Query 74 - 2025-06-09 10:47:18 [0.26ms] */
select * from `transaction_workflow` where `transaction_workflow`.`transaction_id` = 633444 and `transaction_workflow`.`transaction_id` is not null and `transaction_workflow`.`deleted_at` is null order by `created_at` desc limit 1;
/*==================================================*/
/* Origin (request): GET https://rta2.puntlandgov.org/w/wkflw
   Query 75 - 2025-06-09 10:47:18 [0.14ms] */
select * from `workflow_definition` where `workflow_definition`.`id` = 7 and `workflow_definition`.`id` is not null and `workflow_definition`.`deleted_at` is null limit 1;
/*==================================================*/
/* Origin (request): GET https://rta2.puntlandgov.org/w/wkflw
   Query 76 - 2025-06-09 10:47:18 [0.12ms] */
select * from `roles` where `roles`.`id` = 7 and `roles`.`id` is not null limit 1;
/*==================================================*/
/* Origin (request): GET https://rta2.puntlandgov.org/w/wkflw
   Query 77 - 2025-06-09 10:47:18 [0.14ms] */
select * from `service_workflow` where `service_workflow`.`id` = 2 and `service_workflow`.`id` is not null and `service_workflow`.`deleted_at` is null limit 1;
/*==================================================*/
/* Origin (request): GET https://rta2.puntlandgov.org/w/wkflw
   Query 78 - 2025-06-09 10:47:18 [0.13ms] */
select * from `service` where `service`.`id` = 2 and `service`.`deleted_at` is null limit 1;
/*==================================================*/
/* Origin (request): GET https://rta2.puntlandgov.org/w/wkflw
   Query 79 - 2025-06-09 10:47:18 [0.13ms] */
select * from `service` where `service`.`id` = 2 and `service`.`id` is not null and `service`.`deleted_at` is null limit 1;
/*==================================================*/
/* Origin (request): GET https://rta2.puntlandgov.org/w/wkflw
   Query 80 - 2025-06-09 10:47:18 [0.22ms] */
select * from `vehicle` where `vehicle`.`id` = 98222 and `vehicle`.`id` is not null and `vehicle`.`deleted_at` is null limit 1;
/*==================================================*/
/* Origin (request): GET https://rta2.puntlandgov.org/w/wkflw
   Query 81 - 2025-06-09 10:47:18 [0.14ms] */
select * from `party` where `party`.`id` = 64015 and `party`.`id` is not null and `party`.`deleted_at` is null limit 1;
/*==================================================*/
/* Origin (request): GET https://rta2.puntlandgov.org/w/wkflw
   Query 82 - 2025-06-09 10:47:18 [0.16ms] */
select * from `person` where `person`.`id` = 61422 and `person`.`deleted_at` is null limit 1;
/*==================================================*/
/* Origin (request): GET https://rta2.puntlandgov.org/w/wkflw
   Query 83 - 2025-06-09 10:47:18 [0.14ms] */
select * from `party_vehicle` where `party_vehicle`.`id` = 98382 and `party_vehicle`.`deleted_at` is null limit 1;
/*==================================================*/
/* Origin (request): GET https://rta2.puntlandgov.org/w/wkflw
   Query 84 - 2025-06-09 10:47:18 [0.13ms] */
select * from `classification_type` where `classification_type`.`id` = 2 and `classification_type`.`id` is not null and `classification_type`.`deleted_at` is null limit 1;
/*==================================================*/
/* Origin (request): GET https://rta2.puntlandgov.org/w/wkflw
   Query 85 - 2025-06-09 10:47:18 [0.13ms] */
select * from `sub_category` where `sub_category`.`id` = 4 and `sub_category`.`deleted_at` is null limit 1;
/*==================================================*/
/* Origin (request): GET https://rta2.puntlandgov.org/w/wkflw
   Query 86 - 2025-06-09 10:47:18 [0.14ms] */
select * from `tax_collection_points` where `tax_collection_points`.`id` = 4 limit 1;
/*==================================================*/
/* Origin (request): GET https://rta2.puntlandgov.org/w/wkflw
   Query 87 - 2025-06-09 10:47:18 [0.29ms] */
select * from `transaction_workflow` where `transaction_workflow`.`transaction_id` = 633272 and `transaction_workflow`.`transaction_id` is not null and `transaction_workflow`.`deleted_at` is null order by `created_at` desc limit 1;
/*==================================================*/
/* Origin (request): GET https://rta2.puntlandgov.org/w/wkflw
   Query 88 - 2025-06-09 10:47:18 [0.13ms] */
select * from `workflow_definition` where `workflow_definition`.`id` = 7 and `workflow_definition`.`id` is not null and `workflow_definition`.`deleted_at` is null limit 1;
/*==================================================*/
/* Origin (request): GET https://rta2.puntlandgov.org/w/wkflw
   Query 89 - 2025-06-09 10:47:18 [0.12ms] */
select * from `roles` where `roles`.`id` = 7 and `roles`.`id` is not null limit 1;
/*==================================================*/
/* Origin (request): GET https://rta2.puntlandgov.org/w/wkflw
   Query 90 - 2025-06-09 10:47:18 [0.14ms] */
select * from `service_workflow` where `service_workflow`.`id` = 2 and `service_workflow`.`id` is not null and `service_workflow`.`deleted_at` is null limit 1;
/*==================================================*/
/* Origin (request): GET https://rta2.puntlandgov.org/w/wkflw
   Query 91 - 2025-06-09 10:47:18 [0.13ms] */
select * from `service` where `service`.`id` = 2 and `service`.`deleted_at` is null limit 1;
/*==================================================*/
/* Origin (request): GET https://rta2.puntlandgov.org/w/wkflw
   Query 92 - 2025-06-09 10:47:18 [0.13ms] */
select * from `service` where `service`.`id` = 2 and `service`.`id` is not null and `service`.`deleted_at` is null limit 1;
/*==================================================*/
/* Origin (request): GET https://rta2.puntlandgov.org/w/wkflw
   Query 93 - 2025-06-09 10:47:18 [0.24ms] */
select * from `vehicle` where `vehicle`.`id` = 43000 and `vehicle`.`id` is not null and `vehicle`.`deleted_at` is null limit 1;
/*==================================================*/
/* Origin (request): GET https://rta2.puntlandgov.org/w/wkflw
   Query 94 - 2025-06-09 10:47:18 [0.14ms] */
select * from `party` where `party`.`id` = 33149 and `party`.`id` is not null and `party`.`deleted_at` is null limit 1;
/*==================================================*/
/* Origin (request): GET https://rta2.puntlandgov.org/w/wkflw
   Query 95 - 2025-06-09 10:47:18 [0.15ms] */
select * from `person` where `person`.`id` = 33149 and `person`.`deleted_at` is null limit 1;
/*==================================================*/
/* Origin (request): GET https://rta2.puntlandgov.org/w/wkflw
   Query 96 - 2025-06-09 10:47:18 [0.14ms] */
select * from `party_vehicle` where `party_vehicle`.`id` = 51987 and `party_vehicle`.`deleted_at` is null limit 1;
/*==================================================*/
/* Origin (request): GET https://rta2.puntlandgov.org/w/wkflw
   Query 97 - 2025-06-09 10:47:18 [0.13ms] */
select * from `classification_type` where `classification_type`.`id` = 2 and `classification_type`.`id` is not null and `classification_type`.`deleted_at` is null limit 1;
/*==================================================*/
/* Origin (request): GET https://rta2.puntlandgov.org/w/wkflw
   Query 98 - 2025-06-09 10:47:18 [0.13ms] */
select * from `sub_category` where `sub_category`.`id` = 4 and `sub_category`.`deleted_at` is null limit 1;
/*==================================================*/
/* Origin (request): GET https://rta2.puntlandgov.org/w/wkflw
   Query 99 - 2025-06-09 10:47:18 [0.14ms] */
select * from `tax_collection_points` where `tax_collection_points`.`id` = 4 limit 1;
/*==================================================*/
/* Origin (request): GET https://rta2.puntlandgov.org/w/wkflw
   Query 100 - 2025-06-09 10:47:18 [0.27ms] */
select * from `transaction_workflow` where `transaction_workflow`.`transaction_id` = 633235 and `transaction_workflow`.`transaction_id` is not null and `transaction_workflow`.`deleted_at` is null order by `created_at` desc limit 1;
/*==================================================*/
/* Origin (request): GET https://rta2.puntlandgov.org/w/wkflw
   Query 101 - 2025-06-09 10:47:18 [0.13ms] */
select * from `workflow_definition` where `workflow_definition`.`id` = 7 and `workflow_definition`.`id` is not null and `workflow_definition`.`deleted_at` is null limit 1;
/*==================================================*/
/* Origin (request): GET https://rta2.puntlandgov.org/w/wkflw
   Query 102 - 2025-06-09 10:47:18 [0.12ms] */
select * from `roles` where `roles`.`id` = 7 and `roles`.`id` is not null limit 1;
/*==================================================*/
/* Origin (request): GET https://rta2.puntlandgov.org/w/wkflw
   Query 103 - 2025-06-09 10:47:18 [0.14ms] */
select * from `service_workflow` where `service_workflow`.`id` = 2 and `service_workflow`.`id` is not null and `service_workflow`.`deleted_at` is null limit 1;
/*==================================================*/
/* Origin (request): GET https://rta2.puntlandgov.org/w/wkflw
   Query 104 - 2025-06-09 10:47:18 [0.13ms] */
select * from `service` where `service`.`id` = 2 and `service`.`deleted_at` is null limit 1;
/*==================================================*/
/* Origin (request): GET https://rta2.puntlandgov.org/w/wkflw
   Query 105 - 2025-06-09 10:47:18 [0.13ms] */
select * from `service` where `service`.`id` = 2 and `service`.`id` is not null and `service`.`deleted_at` is null limit 1;
/*==================================================*/
/* Origin (request): GET https://rta2.puntlandgov.org/w/wkflw
   Query 106 - 2025-06-09 10:47:18 [0.27ms] */
select * from `vehicle` where `vehicle`.`id` = 97822 and `vehicle`.`id` is not null and `vehicle`.`deleted_at` is null limit 1;
/*==================================================*/
/* Origin (request): GET https://rta2.puntlandgov.org/w/wkflw
   Query 107 - 2025-06-09 10:47:18 [0.14ms] */
select * from `party` where `party`.`id` = 39551 and `party`.`id` is not null and `party`.`deleted_at` is null limit 1;
/*==================================================*/
/* Origin (request): GET https://rta2.puntlandgov.org/w/wkflw
   Query 108 - 2025-06-09 10:47:18 [0.15ms] */
select * from `person` where `person`.`id` = 39551 and `person`.`deleted_at` is null limit 1;
/*==================================================*/
/* Origin (request): GET https://rta2.puntlandgov.org/w/wkflw
   Query 109 - 2025-06-09 10:47:18 [0.14ms] */
select * from `party_vehicle` where `party_vehicle`.`id` = 97944 and `party_vehicle`.`deleted_at` is null limit 1;
/*==================================================*/
/* Origin (request): GET https://rta2.puntlandgov.org/w/wkflw
   Query 110 - 2025-06-09 10:47:18 [0.15ms] */
select * from `classification_type` where `classification_type`.`id` = 2 and `classification_type`.`id` is not null and `classification_type`.`deleted_at` is null limit 1;
/*==================================================*/
/* Origin (request): GET https://rta2.puntlandgov.org/w/wkflw
   Query 111 - 2025-06-09 10:47:18 [0.13ms] */
select * from `sub_category` where `sub_category`.`id` = 4 and `sub_category`.`deleted_at` is null limit 1;
/*==================================================*/
/* Origin (request): GET https://rta2.puntlandgov.org/w/wkflw
   Query 112 - 2025-06-09 10:47:18 [0.13ms] */
select * from `tax_collection_points` where `tax_collection_points`.`id` = 4 limit 1;
/*==================================================*/
/* Origin (request): GET https://rta2.puntlandgov.org/w/wkflw
   Query 113 - 2025-06-09 10:47:18 [0.82ms] */
select * from `transaction_workflow` where `transaction_workflow`.`transaction_id` = 632503 and `transaction_workflow`.`transaction_id` is not null and `transaction_workflow`.`deleted_at` is null order by `created_at` desc limit 1;
/*==================================================*/
/* Origin (request): GET https://rta2.puntlandgov.org/w/wkflw
   Query 114 - 2025-06-09 10:47:18 [0.14ms] */
select * from `workflow_definition` where `workflow_definition`.`id` = 7 and `workflow_definition`.`id` is not null and `workflow_definition`.`deleted_at` is null limit 1;
/*==================================================*/
/* Origin (request): GET https://rta2.puntlandgov.org/w/wkflw
   Query 115 - 2025-06-09 10:47:18 [0.12ms] */
select * from `roles` where `roles`.`id` = 7 and `roles`.`id` is not null limit 1;
/*==================================================*/
/* Origin (request): GET https://rta2.puntlandgov.org/w/wkflw
   Query 116 - 2025-06-09 10:47:18 [0.14ms] */
select * from `service_workflow` where `service_workflow`.`id` = 2 and `service_workflow`.`id` is not null and `service_workflow`.`deleted_at` is null limit 1;
/*==================================================*/
/* Origin (request): GET https://rta2.puntlandgov.org/w/wkflw
   Query 117 - 2025-06-09 10:47:18 [0.13ms] */
select * from `service` where `service`.`id` = 2 and `service`.`deleted_at` is null limit 1;
/*==================================================*/
/* Origin (request): GET https://rta2.puntlandgov.org/w/wkflw
   Query 118 - 2025-06-09 10:47:18 [0.13ms] */
select * from `service` where `service`.`id` = 2 and `service`.`id` is not null and `service`.`deleted_at` is null limit 1;
/*==================================================*/
/* Origin (request): GET https://rta2.puntlandgov.org/w/wkflw
   Query 119 - 2025-06-09 10:47:18 [0.26ms] */
select * from `vehicle` where `vehicle`.`id` = 88464 and `vehicle`.`id` is not null and `vehicle`.`deleted_at` is null limit 1;
/*==================================================*/
/* Origin (request): GET https://rta2.puntlandgov.org/w/wkflw
   Query 120 - 2025-06-09 10:47:18 [0.14ms] */
select * from `party` where `party`.`id` = 55351 and `party`.`id` is not null and `party`.`deleted_at` is null limit 1;
/*==================================================*/
/* Origin (request): GET https://rta2.puntlandgov.org/w/wkflw
   Query 121 - 2025-06-09 10:47:18 [0.15ms] */
select * from `person` where `person`.`id` = 55351 and `person`.`deleted_at` is null limit 1;
/*==================================================*/
/* Origin (request): GET https://rta2.puntlandgov.org/w/wkflw
   Query 122 - 2025-06-09 10:47:18 [0.15ms] */
select * from `party_vehicle` where `party_vehicle`.`id` = 68284 and `party_vehicle`.`deleted_at` is null limit 1;
/*==================================================*/
/* Origin (request): GET https://rta2.puntlandgov.org/w/wkflw
   Query 123 - 2025-06-09 10:47:18 [0.13ms] */
select * from `classification_type` where `classification_type`.`id` = 2 and `classification_type`.`id` is not null and `classification_type`.`deleted_at` is null limit 1;
/*==================================================*/
/* Origin (request): GET https://rta2.puntlandgov.org/w/wkflw
   Query 124 - 2025-06-09 10:47:18 [0.13ms] */
select * from `sub_category` where `sub_category`.`id` = 4 and `sub_category`.`deleted_at` is null limit 1;
/*==================================================*/
/* Origin (request): GET https://rta2.puntlandgov.org/w/wkflw
   Query 125 - 2025-06-09 10:47:18 [0.13ms] */
select * from `tax_collection_points` where `tax_collection_points`.`id` = 4 limit 1;
/*==================================================*/
/* Origin (request): GET https://rta2.puntlandgov.org/w/wkflw
   Query 126 - 2025-06-09 10:47:18 [0.27ms] */
select * from `transaction_workflow` where `transaction_workflow`.`transaction_id` = 631956 and `transaction_workflow`.`transaction_id` is not null and `transaction_workflow`.`deleted_at` is null order by `created_at` desc limit 1;
/*==================================================*/
/* Origin (request): GET https://rta2.puntlandgov.org/w/wkflw
   Query 127 - 2025-06-09 10:47:18 [0.14ms] */
select * from `workflow_definition` where `workflow_definition`.`id` = 7 and `workflow_definition`.`id` is not null and `workflow_definition`.`deleted_at` is null limit 1;
/*==================================================*/
/* Origin (request): GET https://rta2.puntlandgov.org/w/wkflw
   Query 128 - 2025-06-09 10:47:18 [0.12ms] */
select * from `roles` where `roles`.`id` = 7 and `roles`.`id` is not null limit 1;
/*==================================================*/
/* Origin (request): GET https://rta2.puntlandgov.org/w/wkflw
   Query 129 - 2025-06-09 10:47:18 [0.27ms] */
select * from `service_workflow` where `service_workflow`.`id` = 2 and `service_workflow`.`id` is not null and `service_workflow`.`deleted_at` is null limit 1;
/*==================================================*/
/* Origin (request): GET https://rta2.puntlandgov.org/w/wkflw
   Query 130 - 2025-06-09 10:47:18 [0.21ms] */
select * from `service` where `service`.`id` = 2 and `service`.`deleted_at` is null limit 1;
/*==================================================*/
/* Origin (request): GET https://rta2.puntlandgov.org/w/wkflw
   Query 131 - 2025-06-09 10:47:18 [0.19ms] */
select * from `service` where `service`.`id` = 2 and `service`.`id` is not null and `service`.`deleted_at` is null limit 1;
/*==================================================*/
/* Origin (request): GET https://rta2.puntlandgov.org/w/wkflw
   Query 132 - 2025-06-09 10:47:18 [0.33ms] */
select * from `vehicle` where `vehicle`.`id` = 1259 and `vehicle`.`id` is not null and `vehicle`.`deleted_at` is null limit 1;
/*==================================================*/
/* Origin (request): GET https://rta2.puntlandgov.org/w/wkflw
   Query 133 - 2025-06-09 10:47:18 [0.15ms] */
select * from `party` where `party`.`id` = 56329 and `party`.`id` is not null and `party`.`deleted_at` is null limit 1;
/*==================================================*/
/* Origin (request): GET https://rta2.puntlandgov.org/w/wkflw
   Query 134 - 2025-06-09 10:47:18 [0.14ms] */
select * from `company` where `company`.`id` = 616 and `company`.`deleted_at` is null limit 1;
/*==================================================*/
/* Origin (request): GET https://rta2.puntlandgov.org/w/wkflw
   Query 135 - 2025-06-09 10:47:18 [0.17ms] */
select * from `party_vehicle` where `party_vehicle`.`id` = 50440 and `party_vehicle`.`deleted_at` is null limit 1;
/*==================================================*/
/* Origin (request): GET https://rta2.puntlandgov.org/w/wkflw
   Query 136 - 2025-06-09 10:47:18 [0.13ms] */
select * from `classification_type` where `classification_type`.`id` = 2 and `classification_type`.`id` is not null and `classification_type`.`deleted_at` is null limit 1;
/*==================================================*/
/* Origin (request): GET https://rta2.puntlandgov.org/w/wkflw
   Query 137 - 2025-06-09 10:47:18 [0.14ms] */
select * from `sub_category` where `sub_category`.`id` = 8 and `sub_category`.`deleted_at` is null limit 1;
/*==================================================*/
/* Origin (request): GET https://rta2.puntlandgov.org/w/wkflw
   Query 138 - 2025-06-09 10:47:18 [0.33ms] */
select * from `tax_collection_points` where `tax_collection_points`.`id` = 4 limit 1;
/*==================================================*/
/* Origin (request): GET https://rta2.puntlandgov.org/w/wkflw
   Query 139 - 2025-06-09 10:47:18 [0.48ms] */
select * from `transaction_workflow` where `transaction_workflow`.`transaction_id` = 631248 and `transaction_workflow`.`transaction_id` is not null and `transaction_workflow`.`deleted_at` is null order by `created_at` desc limit 1;
/*==================================================*/
/* Origin (request): GET https://rta2.puntlandgov.org/w/wkflw
   Query 140 - 2025-06-09 10:47:18 [0.14ms] */
select * from `workflow_definition` where `workflow_definition`.`id` = 7 and `workflow_definition`.`id` is not null and `workflow_definition`.`deleted_at` is null limit 1;
/*==================================================*/
/* Origin (request): GET https://rta2.puntlandgov.org/w/wkflw
   Query 141 - 2025-06-09 10:47:18 [0.13ms] */
select * from `roles` where `roles`.`id` = 7 and `roles`.`id` is not null limit 1;
/*==================================================*/
/* Origin (request): GET https://rta2.puntlandgov.org/w/wkflw
   Query 142 - 2025-06-09 10:47:18 [0.21ms] */
select * from `district` where `district`.`id` = 2 and `district`.`deleted_at` is null limit 1;
/*==================================================*/
/* Origin (request): GET https://rta2.puntlandgov.org/w/wkflw
   Query 143 - 2025-06-09 10:47:18 [0.14ms] */
select * from `region` where `region`.`id` = 1 and `region`.`deleted_at` is null limit 1;
/*==================================================*/
/* Origin (request): POST https://rta2.puntlandgov.org/livewire/message/workflow.list-workflow-queue-component
   Query 1 - 2025-06-09 10:47:20 [2.04ms] */
select * from `users` where `id` = 77 and `users`.`deleted_at` is null limit 1;
/*==================================================*/
/* Origin (request): POST https://rta2.puntlandgov.org/livewire/message/workflow.list-workflow-queue-component
   Query 2 - 2025-06-09 10:47:20 [0.83ms] */
select column_name as `column_name` from information_schema.columns where table_schema = 'prod_rta' and table_name = 'roles';
/*==================================================*/
/* Origin (request): POST https://rta2.puntlandgov.org/livewire/message/workflow.list-workflow-queue-component
   Query 3 - 2025-06-09 10:47:20 [0.32ms] */
select column_name as `column_name` from information_schema.columns where table_schema = 'prod_rta' and table_name = 'permissions';
/*==================================================*/
/* Origin (request): POST https://rta2.puntlandgov.org/livewire/message/workflow.list-workflow-queue-component
   Query 4 - 2025-06-09 10:47:20 [0.41ms] */
select column_name as `column_name` from information_schema.columns where table_schema = 'prod_rta' and table_name = 'permissions';
/*==================================================*/
/* Origin (request): POST https://rta2.puntlandgov.org/livewire/message/workflow.list-workflow-queue-component
   Query 5 - 2025-06-09 10:47:20 [0.26ms] */
select * from `service` where `service`.`id` in (1, 2, 3, 4, 5, 6, 7, 8, 9, 10, 11, 12, 13, 14, 15);
/*==================================================*/
/* Origin (request): POST https://rta2.puntlandgov.org/livewire/message/workflow.list-workflow-queue-component
   Query 6 - 2025-06-09 10:47:20 [0.32ms] */
select * from `transaction` where `transaction`.`id` = 633948 and `transaction`.`deleted_at` is null limit 1;
/*==================================================*/
/* Origin (request): POST https://rta2.puntlandgov.org/livewire/message/workflow.list-workflow-queue-component
   Query 7 - 2025-06-09 10:47:20 [0.16ms] */
select * from `workflow_definition` where `workflow_definition`.`id` = 7 and `workflow_definition`.`id` is not null and `workflow_definition`.`deleted_at` is null limit 1;
/*==================================================*/
/* Origin (request): POST https://rta2.puntlandgov.org/livewire/message/workflow.list-workflow-queue-component
   Query 8 - 2025-06-09 10:47:20 [0.14ms] */
select * from `roles` where `roles`.`id` = 7 and `roles`.`id` is not null limit 1;
/*==================================================*/
/* Origin (request): POST https://rta2.puntlandgov.org/livewire/message/workflow.list-workflow-queue-component
   Query 9 - 2025-06-09 10:47:20 [0.43ms] */
insert into `transaction_workflow` (`transaction_id`, `action`, `action_date`, `role_id`, `user_id`, `updated_by`, `created_by`, `created_at`, `updated_at`) values (633948, 'CLAIMED', '2025-06-09 10:47:20', 7, 77, 77, 77, '2025-06-09 10:47:20', '2025-06-09 10:47:20');
/*==================================================*/
/* Origin (request): POST https://rta2.puntlandgov.org/livewire/message/workflow.list-workflow-queue-component
   Query 10 - 2025-06-09 10:47:20 [0.82ms] */
update `transaction` set `assigned_to` = 77, `updated_by` = 77, `transaction`.`updated_at` = '2025-06-09 10:47:20' where `id` = 633948;
/*==================================================*/
/* Origin (request): GET https://rta2.puntlandgov.org/w/wkflw/633948
   Query 1 - 2025-06-09 10:47:21 [2.13ms] */
select * from `users` where `id` = 77 and `users`.`deleted_at` is null limit 1;
/*==================================================*/
/* Origin (request): GET https://rta2.puntlandgov.org/w/wkflw/633948
   Query 2 - 2025-06-09 10:47:21 [0.74ms] */
select column_name as `column_name` from information_schema.columns where table_schema = 'prod_rta' and table_name = 'roles';
/*==================================================*/
/* Origin (request): GET https://rta2.puntlandgov.org/w/wkflw/633948
   Query 3 - 2025-06-09 10:47:21 [0.33ms] */
select column_name as `column_name` from information_schema.columns where table_schema = 'prod_rta' and table_name = 'permissions';
/*==================================================*/
/* Origin (request): GET https://rta2.puntlandgov.org/w/wkflw/633948
   Query 4 - 2025-06-09 10:47:21 [0.38ms] */
select column_name as `column_name` from information_schema.columns where table_schema = 'prod_rta' and table_name = 'permissions';
/*==================================================*/
/* Origin (request): GET https://rta2.puntlandgov.org/w/wkflw/633948
   Query 5 - 2025-06-09 10:47:21 [0.45ms] */
select * from `transaction` where `transaction`.`id` = 633948 and `transaction`.`deleted_at` is null limit 1;
/*==================================================*/
/* Origin (request): GET https://rta2.puntlandgov.org/w/wkflw/633948
   Query 6 - 2025-06-09 10:47:21 [0.33ms] */
select * from `transaction_workflow` where `transaction_id` = 633948 and `transaction_workflow`.`deleted_at` is null order by `action_date` desc;
/*==================================================*/
/* Origin (request): GET https://rta2.puntlandgov.org/w/wkflw/633948
   Query 7 - 2025-06-09 10:47:21 [0.32ms] */
select * from `invoice` where `transaction_id` = 633948 and `invoice`.`deleted_at` is null limit 1;
/*==================================================*/
/* Origin (request): GET https://rta2.puntlandgov.org/w/wkflw/633948
   Query 8 - 2025-06-09 10:47:21 [0.24ms] */
select * from `invoice_payment` where `invoice_id` = 606931;
/*==================================================*/
/* Origin (request): GET https://rta2.puntlandgov.org/w/wkflw/633948
   Query 9 - 2025-06-09 10:47:21 [9.96ms] */
select * from `payment_documents` where `transaction_id` = 633948;
/*==================================================*/
/* Origin (request): GET https://rta2.puntlandgov.org/w/wkflw/633948
   Query 10 - 2025-06-09 10:47:21 [0.35ms] */
select * from `party_vehicle_purchase` where `transaction_id` = 633948 and `party_vehicle_purchase`.`deleted_at` is null limit 1;
/*==================================================*/
/* Origin (request): GET https://rta2.puntlandgov.org/w/wkflw/633948
   Query 11 - 2025-06-09 10:47:21 [0.17ms] */
select * from `service_workflow` where `service_workflow`.`id` = 2 and `service_workflow`.`id` is not null and `service_workflow`.`deleted_at` is null limit 1;
/*==================================================*/
/* Origin (request): GET https://rta2.puntlandgov.org/w/wkflw/633948
   Query 12 - 2025-06-09 10:47:21 [0.13ms] */
select * from `service` where `service`.`id` = 2 and `service`.`deleted_at` is null limit 1;
/*==================================================*/
/* Origin (request): GET https://rta2.puntlandgov.org/w/wkflw/633948
   Query 13 - 2025-06-09 10:47:21 [0.33ms] */
select * from `users` where `users`.`id` = 77 and `users`.`id` is not null and `users`.`deleted_at` is null limit 1;
/*==================================================*/
/* Origin (request): GET https://rta2.puntlandgov.org/w/wkflw/633948
   Query 14 - 2025-06-09 10:47:21 [0.33ms] */
select * from `workflow_definition` where `workflow_definition`.`id` = 7 and `workflow_definition`.`id` is not null and `workflow_definition`.`deleted_at` is null limit 1;
/*==================================================*/
/* Origin (request): GET https://rta2.puntlandgov.org/w/wkflw/633948
   Query 15 - 2025-06-09 10:47:21 [0.26ms] */
select * from `roles` where `roles`.`id` = 7 and `roles`.`id` is not null limit 1;
/*==================================================*/
/* Origin (request): GET https://rta2.puntlandgov.org/w/wkflw/633948
   Query 16 - 2025-06-09 10:47:21 [0.34ms] */
select * from `transaction` where `transaction`.`id` = 633948 and `transaction`.`deleted_at` is null limit 1;
/*==================================================*/
/* Origin (request): GET https://rta2.puntlandgov.org/w/wkflw/633948
   Query 17 - 2025-06-09 10:47:21 [0.17ms] */
select * from `workflow_definition` where `workflow_definition`.`id` = 7 and `workflow_definition`.`id` is not null and `workflow_definition`.`deleted_at` is null limit 1;
/*==================================================*/
/* Origin (request): GET https://rta2.puntlandgov.org/w/wkflw/633948
   Query 18 - 2025-06-09 10:47:21 [0.13ms] */
select * from `roles` where `roles`.`id` = 7 and `roles`.`id` is not null limit 1;
/*==================================================*/
/* Origin (request): GET https://rta2.puntlandgov.org/w/wkflw/633948
   Query 19 - 2025-06-09 10:47:21 [0.14ms] */
select * from `workflow` where `workflow`.`id` = 2 and `workflow`.`deleted_at` is null limit 1;
/*==================================================*/
/* Origin (request): GET https://rta2.puntlandgov.org/w/wkflw/633948
   Query 20 - 2025-06-09 10:47:21 [0.18ms] */
select * from `transaction` where `transaction`.`id` = 633948 and `transaction`.`deleted_at` is null limit 1;
/*==================================================*/
/* Origin (request): GET https://rta2.puntlandgov.org/w/wkflw/633948
   Query 21 - 2025-06-09 10:47:22 [760.3ms] */
select `vehicle_tax`.* from `vehicle_tax` inner join `term` on `term`.`id` = `vehicle_tax`.`term_id` inner join `transaction` on `transaction`.`id` = `vehicle_tax`.`transaction_id` inner join `invoice` on `invoice`.`id` = `transaction`.`invoice_id` where `transaction`.`parent_id` = 633948 and `vehicle_tax`.`deleted_at` is null order by `term`.`first_date_of_quarter` asc;
/*==================================================*/
/* Origin (request): GET https://rta2.puntlandgov.org/w/wkflw/633948
   Query 22 - 2025-06-09 10:47:22 [512.03ms] */
select sum(`invoice`.`total_invoice_amount`) as aggregate from `vehicle_tax` inner join `term` on `term`.`id` = `vehicle_tax`.`term_id` inner join `transaction` on `transaction`.`id` = `vehicle_tax`.`transaction_id` inner join `invoice` on `invoice`.`id` = `transaction`.`invoice_id` where `transaction`.`parent_id` = 633948 and `vehicle_tax`.`exempt` = 'N' and `vehicle_tax`.`deleted_at` is null;
/*==================================================*/
/* Origin (request): GET https://rta2.puntlandgov.org/w/wkflw/633948
   Query 23 - 2025-06-09 10:47:22 [0.23ms] */
select * from `term` where `term`.`id` = 103 and `term`.`deleted_at` is null limit 1;
/*==================================================*/
/* Origin (request): GET https://rta2.puntlandgov.org/w/wkflw/633948
   Query 24 - 2025-06-09 10:47:22 [0.13ms] */
select * from `term` where `term`.`id` = 104 and `term`.`deleted_at` is null limit 1;
/*==================================================*/
/* Origin (request): GET https://rta2.puntlandgov.org/w/wkflw/633948
   Query 25 - 2025-06-09 10:47:22 [0.4ms] */
select * from `transaction` where `transaction`.`id` = 482468 and `transaction`.`id` is not null and `transaction`.`deleted_at` is null limit 1;
/*==================================================*/
/* Origin (request): GET https://rta2.puntlandgov.org/w/wkflw/633948
   Query 26 - 2025-06-09 10:47:22 [0.33ms] */
select * from `invoice` where `invoice`.`id` = 459981 and `invoice`.`id` is not null and `invoice`.`deleted_at` is null limit 1;
/*==================================================*/
/* Origin (request): GET https://rta2.puntlandgov.org/w/wkflw/633948
   Query 27 - 2025-06-09 10:47:22 [0.17ms] */
select * from `service_workflow` where `service_workflow`.`id` = 2 and `service_workflow`.`id` is not null and `service_workflow`.`deleted_at` is null limit 1;
/*==================================================*/
/* Origin (request): GET https://rta2.puntlandgov.org/w/wkflw/633948
   Query 28 - 2025-06-09 10:47:22 [0.14ms] */
select * from `service` where `service`.`id` = 2 and `service`.`deleted_at` is null limit 1;
/*==================================================*/
/* Origin (request): GET https://rta2.puntlandgov.org/w/wkflw/633948
   Query 29 - 2025-06-09 10:47:22 [0.47ms] */
select * from `transaction_workflow` where `transaction_id` = 633948 and `transaction_workflow`.`deleted_at` is null order by `action_date` desc limit 1;
/*==================================================*/
/* Origin (request): GET https://rta2.puntlandgov.org/w/wkflw/633948
   Query 30 - 2025-06-09 10:47:23 [355.79ms] */
select count(*) as aggregate from `transaction_workflow` where `transaction_workflow`.`deleted_at` is null;
/*==================================================*/
/* Origin (request): GET https://rta2.puntlandgov.org/w/wkflw/633948
   Query 31 - 2025-06-09 10:47:23 [0.25ms] */
select * from `vehicle` where `vehicle`.`id` = 98107 and `vehicle`.`id` is not null and `vehicle`.`deleted_at` is null limit 1;
/*==================================================*/
/* Origin (request): GET https://rta2.puntlandgov.org/w/wkflw/633948
   Query 32 - 2025-06-09 10:47:23 [0.41ms] */
select * from `vehicle` where `vehicle`.`id` = 98107 and `vehicle`.`deleted_at` is null limit 1;
/*==================================================*/
/* Origin (request): GET https://rta2.puntlandgov.org/w/wkflw/633948
   Query 33 - 2025-06-09 10:47:23 [0.15ms] */
select * from `model` where `model`.`id` = 1056 and `model`.`deleted_at` is null limit 1;
/*==================================================*/
/* Origin (request): GET https://rta2.puntlandgov.org/w/wkflw/633948
   Query 34 - 2025-06-09 10:47:23 [0.13ms] */
select * from `make` where `make`.`id` = 52 and `make`.`deleted_at` is null limit 1;
/*==================================================*/
/* Origin (request): GET https://rta2.puntlandgov.org/w/wkflw/633948
   Query 35 - 2025-06-09 10:47:23 [0.13ms] */
select * from `sub_category` where `sub_category`.`id` = 11 and `sub_category`.`deleted_at` is null limit 1;
/*==================================================*/
/* Origin (request): GET https://rta2.puntlandgov.org/w/wkflw/633948
   Query 36 - 2025-06-09 10:47:23 [0.43ms] */
select * from `party_vehicle` where `party_vehicle`.`vehicle_id` = 98107 and `party_vehicle`.`deleted_at` is null limit 1;
/*==================================================*/
/* Origin (request): GET https://rta2.puntlandgov.org/w/wkflw/633948
   Query 37 - 2025-06-09 10:47:23 [0.15ms] */
select * from `classification_type` where `classification_type`.`id` = 2 and `classification_type`.`id` is not null and `classification_type`.`deleted_at` is null limit 1;
/*==================================================*/
/* Origin (request): GET https://rta2.puntlandgov.org/w/wkflw/633948
   Query 38 - 2025-06-09 10:47:23 [0.13ms] */
select * from `vehicle_type` where `vehicle_type`.`id` = 23 and `vehicle_type`.`deleted_at` is null limit 1;
/*==================================================*/
/* Origin (request): GET https://rta2.puntlandgov.org/w/wkflw/633948
   Query 39 - 2025-06-09 10:47:23 [0.13ms] */
select * from `vehicle_color` where `vehicle_color`.`id` = 50 and `vehicle_color`.`deleted_at` is null limit 1;
/*==================================================*/
/* Origin (request): GET https://rta2.puntlandgov.org/w/wkflw/633948
   Query 40 - 2025-06-09 10:47:23 [0.12ms] */
select * from `fuel_type` where `fuel_type`.`id` = 2 and `fuel_type`.`deleted_at` is null limit 1;
/*==================================================*/
/* Origin (request): GET https://rta2.puntlandgov.org/w/wkflw/633948
   Query 41 - 2025-06-09 10:47:23 [0.14ms] */
select * from `transaction_workflow` where `transaction_id` = 633948 and `transaction_workflow`.`deleted_at` is null order by `action_date` desc limit 1;
/*==================================================*/
/* Origin (request): GET https://rta2.puntlandgov.org/w/wkflw/633948
   Query 42 - 2025-06-09 10:47:23 [0.11ms] */
select count(*) as aggregate from `transaction_workflow` where `transaction_workflow`.`deleted_at` is null;
/*==================================================*/
/* Origin (request): GET https://rta2.puntlandgov.org/w/wkflw/633948
   Query 43 - 2025-06-09 10:47:23 [0.14ms] */
select * from `party` where `party`.`id` = 31745 and `party`.`id` is not null and `party`.`deleted_at` is null limit 1;
/*==================================================*/
/* Origin (request): GET https://rta2.puntlandgov.org/w/wkflw/633948
   Query 44 - 2025-06-09 10:47:23 [0.47ms] */
select * from `party` where `party`.`id` = 31745 and `party`.`deleted_at` is null limit 1;
/*==================================================*/
/* Origin (request): GET https://rta2.puntlandgov.org/w/wkflw/633948
   Query 45 - 2025-06-09 10:47:23 [0.25ms] */
select * from `person` where `person`.`id` = 31745 and `person`.`deleted_at` is null limit 1;
/*==================================================*/
/* Origin (request): GET https://rta2.puntlandgov.org/w/wkflw/633948
   Query 46 - 2025-06-09 10:47:23 [0.45ms] */
select * from `party` where `party`.`partyable_type` = 'Person' and `party`.`partyable_id` = 31745 and `party`.`partyable_id` is not null and `party`.`deleted_at` is null limit 1;
/*==================================================*/
/* Origin (request): GET https://rta2.puntlandgov.org/w/wkflw/633948
   Query 47 - 2025-06-09 10:47:23 [0.42ms] */
select * from `address` where `address`.`id` = 31745 and `address`.`id` is not null and `address`.`deleted_at` is null limit 1;
/*==================================================*/
/* Origin (request): GET https://rta2.puntlandgov.org/w/wkflw/633948
   Query 48 - 2025-06-09 10:47:23 [0.19ms] */
select * from `district` where `district`.`id` = 2 and `district`.`deleted_at` is null limit 1;
/*==================================================*/
/* Origin (request): GET https://rta2.puntlandgov.org/w/wkflw/633948
   Query 49 - 2025-06-09 10:47:23 [0.18ms] */
select * from `region` where `region`.`id` = 1 and `region`.`deleted_at` is null limit 1;
/*==================================================*/
/* Origin (request): GET https://rta2.puntlandgov.org/w/wkflw/633948
   Query 50 - 2025-06-09 10:47:23 [0.2ms] */
select * from `region` where `region`.`deleted_at` is null order by `name` asc;
/*==================================================*/
/* Origin (request): GET https://rta2.puntlandgov.org/w/wkflw/633948
   Query 51 - 2025-06-09 10:47:23 [0.17ms] */
select * from `tax_collection_points` where `region_id` is null order by `name` asc;
/*==================================================*/
/* Origin (request): GET https://rta2.puntlandgov.org/w/wkflw/633948
   Query 52 - 2025-06-09 10:47:23 [0.17ms] */
select * from `district` where `region_id` is null and `district`.`deleted_at` is null order by `name` asc;
/*==================================================*/
/* Origin (request): GET https://rta2.puntlandgov.org/w/wkflw/633948
   Query 53 - 2025-06-09 10:47:23 [0.18ms] */
select * from `branches` where `district_id` is null order by `name` asc;
/*==================================================*/
/* Origin (request): GET https://rta2.puntlandgov.org/w/wkflw/633948
   Query 54 - 2025-06-09 10:47:23 [0.18ms] */
select * from `transaction_workflow` where `transaction_id` = 633948 and `transaction_workflow`.`deleted_at` is null order by `action_date` desc limit 1;
/*==================================================*/
/* Origin (request): GET https://rta2.puntlandgov.org/w/wkflw/633948
   Query 55 - 2025-06-09 10:47:23 [0.14ms] */
select count(*) as aggregate from `transaction_workflow` where `transaction_workflow`.`deleted_at` is null;
/*==================================================*/
/* Origin (request): GET https://rta2.puntlandgov.org/w/wkflw/633948
   Query 56 - 2025-06-09 10:47:23 [0.18ms] */
select * from `party_vehicle` where `party_vehicle`.`id` = 98260 and `party_vehicle`.`deleted_at` is null limit 1;
/*==================================================*/
/* Origin (request): GET https://rta2.puntlandgov.org/w/wkflw/633948
   Query 57 - 2025-06-09 10:47:23 [0.16ms] */
select * from `classification_type` where `classification_type`.`id` = 2 and `classification_type`.`id` is not null and `classification_type`.`deleted_at` is null limit 1;
/*==================================================*/
/* Origin (request): GET https://rta2.puntlandgov.org/w/wkflw/633948
   Query 58 - 2025-06-09 10:47:23 [0.18ms] */
select * from `district` where `district`.`id` = 2 and `district`.`id` is not null and `district`.`deleted_at` is null limit 1;
/*==================================================*/
/* Origin (request): GET https://rta2.puntlandgov.org/w/wkflw/633948
   Query 59 - 2025-06-09 10:47:23 [0.16ms] */
select * from `region` where `region`.`id` = 1 and `region`.`deleted_at` is null limit 1;
/*==================================================*/
/* Origin (request): GET https://rta2.puntlandgov.org/w/wkflw/633948
   Query 60 - 2025-06-09 10:47:23 [0.59ms] */
select * from `transaction_workflow` where `transaction_id` = 633948 and `transaction_workflow`.`deleted_at` is null order by `action_date` desc;
/*==================================================*/
/* Origin (request): GET https://rta2.puntlandgov.org/w/wkflw/633948
   Query 61 - 2025-06-09 10:47:23 [0.22ms] */
select * from `users` where `users`.`id` = 77 and `users`.`id` is not null and `users`.`deleted_at` is null limit 1;
/*==================================================*/
/* Origin (request): GET https://rta2.puntlandgov.org/w/wkflw/633948
   Query 62 - 2025-06-09 10:47:23 [0.17ms] */
select * from `roles` where `roles`.`id` = 7 and `roles`.`id` is not null limit 1;
/*==================================================*/
/* Origin (request): GET https://rta2.puntlandgov.org/w/wkflw/633948
   Query 63 - 2025-06-09 10:47:23 [0.19ms] */
select * from `users` where `users`.`id` = 74 and `users`.`id` is not null and `users`.`deleted_at` is null limit 1;
/*==================================================*/
/* Origin (request): GET https://rta2.puntlandgov.org/w/wkflw/633948
   Query 64 - 2025-06-09 10:47:23 [0.15ms] */
select * from `roles` where `roles`.`id` = 5 and `roles`.`id` is not null limit 1;
/*==================================================*/
/* Origin (request): GET https://rta2.puntlandgov.org/w/wkflw/633948
   Query 65 - 2025-06-09 10:47:23 [0.17ms] */
select * from `users` where `users`.`id` = 74 and `users`.`id` is not null and `users`.`deleted_at` is null limit 1;
/*==================================================*/
/* Origin (request): GET https://rta2.puntlandgov.org/w/wkflw/633948
   Query 66 - 2025-06-09 10:47:23 [0.15ms] */
select * from `roles` where `roles`.`id` = 5 and `roles`.`id` is not null limit 1;
/*==================================================*/
/* Origin (request): GET https://rta2.puntlandgov.org/w/wkflw/633948
   Query 67 - 2025-06-09 10:47:23 [0.18ms] */
select * from `workflow_definition` where `workflow_id` = 2 and `workflow_definition`.`deleted_at` is null;
/*==================================================*/
/* Origin (request): GET https://rta2.puntlandgov.org/w/wkflw/633948
   Query 68 - 2025-06-09 10:47:23 [0.17ms] */
select * from `roles` where `roles`.`id` = 5 and `roles`.`id` is not null limit 1;
/*==================================================*/
/* Origin (request): GET https://rta2.puntlandgov.org/w/wkflw/633948
   Query 69 - 2025-06-09 10:47:23 [0.16ms] */
select * from `roles` where `roles`.`id` = 7 and `roles`.`id` is not null limit 1;
/*==================================================*/
/* Origin (request): GET https://rta2.puntlandgov.org/w/wkflw/633948
   Query 70 - 2025-06-09 10:47:23 [0.15ms] */
select * from `roles` where `roles`.`id` = 8 and `roles`.`id` is not null limit 1;
/*==================================================*/
/* Origin (request): GET https://rta2.puntlandgov.org/w/wkflw/633948
   Query 71 - 2025-06-09 10:47:23 [0.15ms] */
select * from `roles` where `roles`.`id` = 9 and `roles`.`id` is not null limit 1;
/*==================================================*/
/* Origin (request): GET https://rta2.puntlandgov.org/w/wkflw/633948
   Query 72 - 2025-06-09 10:47:23 [0.26ms] */
(select * from `workflow_checklist` where `workflow_id` is null and `role_id` is null and `workflow_checklist`.`deleted_at` is null) union (select * from `workflow_checklist` where `workflow_id` is null and `role_id` is null and `workflow_checklist`.`deleted_at` is null) union (select * from `workflow_checklist` where `workflow_id` is null and `role_id` is null and `workflow_checklist`.`deleted_at` is null) order by `workflow_Id` asc, `role_id` asc;
/*==================================================*/
/* Origin (request): GET https://rta2.puntlandgov.org/w/wkflw/633948
   Query 73 - 2025-06-09 10:47:23 [0.18ms] */
select * from `payment_method` where `payment_method`.`deleted_at` is null;
/*==================================================*/
/* Origin (request): GET https://rta2.puntlandgov.org/w/wkflw/633948
   Query 74 - 2025-06-09 10:47:23 [0.21ms] */
select * from `district` where `district`.`id` = 2 and `district`.`deleted_at` is null limit 1;
/*==================================================*/
/* Origin (request): GET https://rta2.puntlandgov.org/w/wkflw/633948
   Query 75 - 2025-06-09 10:47:23 [0.18ms] */
select * from `region` where `region`.`id` = 1 and `region`.`deleted_at` is null limit 1;
/*==================================================*/
/* Origin (request): POST https://rta2.puntlandgov.org/livewire/message/workflow.view-workflow-transaction-component
   Query 1 - 2025-06-09 10:47:24 [1.57ms] */
select * from `users` where `id` = 77 and `users`.`deleted_at` is null limit 1;
/*==================================================*/
/* Origin (request): POST https://rta2.puntlandgov.org/livewire/message/workflow.view-workflow-transaction-component
   Query 2 - 2025-06-09 10:47:24 [0.68ms] */
select column_name as `column_name` from information_schema.columns where table_schema = 'prod_rta' and table_name = 'roles';
/*==================================================*/
/* Origin (request): POST https://rta2.puntlandgov.org/livewire/message/workflow.view-workflow-transaction-component
   Query 3 - 2025-06-09 10:47:24 [0.55ms] */
select column_name as `column_name` from information_schema.columns where table_schema = 'prod_rta' and table_name = 'permissions';
/*==================================================*/
/* Origin (request): POST https://rta2.puntlandgov.org/livewire/message/workflow.view-workflow-transaction-component
   Query 4 - 2025-06-09 10:47:24 [0.65ms] */
select column_name as `column_name` from information_schema.columns where table_schema = 'prod_rta' and table_name = 'permissions';
/*==================================================*/
/* Origin (request): POST https://rta2.puntlandgov.org/livewire/message/workflow.view-workflow-transaction-component
   Query 5 - 2025-06-09 10:47:24 [0.48ms] */
select * from `transaction` where `transaction`.`id` = 633948 limit 1;
/*==================================================*/
/* Origin (request): POST https://rta2.puntlandgov.org/livewire/message/workflow.view-workflow-transaction-component
   Query 6 - 2025-06-09 10:47:24 [0.19ms] */
select * from `service_workflow` where `service_workflow`.`id` in (2) and `service_workflow`.`deleted_at` is null;
/*==================================================*/
/* Origin (request): POST https://rta2.puntlandgov.org/livewire/message/workflow.view-workflow-transaction-component
   Query 7 - 2025-06-09 10:47:24 [0.13ms] */
select * from `service` where `service`.`id` in (2) and `service`.`deleted_at` is null;
/*==================================================*/
/* Origin (request): POST https://rta2.puntlandgov.org/livewire/message/workflow.view-workflow-transaction-component
   Query 8 - 2025-06-09 10:47:24 [0.13ms] */
select * from `workflow` where `workflow`.`id` in (2) and `workflow`.`deleted_at` is null;
/*==================================================*/
/* Origin (request): POST https://rta2.puntlandgov.org/livewire/message/workflow.view-workflow-transaction-component
   Query 9 - 2025-06-09 10:47:24 [0.15ms] */
select * from `users` where `users`.`id` in (77) and `users`.`deleted_at` is null;
/*==================================================*/
/* Origin (request): POST https://rta2.puntlandgov.org/livewire/message/workflow.view-workflow-transaction-component
   Query 10 - 2025-06-09 10:47:24 [0.14ms] */
select * from `workflow_definition` where `workflow_definition`.`id` in (7) and `workflow_definition`.`deleted_at` is null;
/*==================================================*/
/* Origin (request): POST https://rta2.puntlandgov.org/livewire/message/workflow.view-workflow-transaction-component
   Query 11 - 2025-06-09 10:47:24 [0.12ms] */
select * from `roles` where `roles`.`id` in (7);
/*==================================================*/
/* Origin (request): POST https://rta2.puntlandgov.org/livewire/message/workflow.view-workflow-transaction-component
   Query 12 - 2025-06-09 10:47:24 [0.3ms] */
select * from `vehicle` where `vehicle`.`id` in (98107) and `vehicle`.`deleted_at` is null;
/*==================================================*/
/* Origin (request): POST https://rta2.puntlandgov.org/livewire/message/workflow.view-workflow-transaction-component
   Query 13 - 2025-06-09 10:47:24 [0.27ms] */
select * from `party` where `party`.`id` in (31745) and `party`.`deleted_at` is null;
/*==================================================*/
/* Origin (request): POST https://rta2.puntlandgov.org/livewire/message/workflow.view-workflow-transaction-component
   Query 14 - 2025-06-09 10:47:24 [0.38ms] */
select * from `party_vehicle` where `party_vehicle`.`id` in (98260) and `party_vehicle`.`deleted_at` is null;
/*==================================================*/
/* Origin (request): POST https://rta2.puntlandgov.org/livewire/message/workflow.view-workflow-transaction-component
   Query 15 - 2025-06-09 10:47:24 [0.23ms] */
select * from `classification_type` where `classification_type`.`id` in (2) and `classification_type`.`deleted_at` is null;
/*==================================================*/
/* Origin (request): POST https://rta2.puntlandgov.org/livewire/message/workflow.view-workflow-transaction-component
   Query 16 - 2025-06-09 10:47:24 [0.25ms] */
select * from `district` where `district`.`id` in (2) and `district`.`deleted_at` is null;
/*==================================================*/
/* Origin (request): POST https://rta2.puntlandgov.org/livewire/message/workflow.view-workflow-transaction-component
   Query 17 - 2025-06-09 10:47:24 [0.22ms] */
select * from `region` where `region`.`id` in (1) and `region`.`deleted_at` is null;
/*==================================================*/
/* Origin (request): POST https://rta2.puntlandgov.org/livewire/message/workflow.view-workflow-transaction-component
   Query 18 - 2025-06-09 10:47:24 [0.32ms] */
select * from `transaction` where `transaction`.`id` = 633948 and `transaction`.`deleted_at` is null limit 1;
/*==================================================*/
/* Origin (request): POST https://rta2.puntlandgov.org/livewire/message/workflow.view-workflow-transaction-component
   Query 19 - 2025-06-09 10:47:24 [0.28ms] */
select * from `transaction_workflow` where `transaction_id` = 633948 and `transaction_workflow`.`deleted_at` is null order by `action_date` desc;
/*==================================================*/
/* Origin (request): POST https://rta2.puntlandgov.org/livewire/message/workflow.view-workflow-transaction-component
   Query 20 - 2025-06-09 10:47:24 [0.29ms] */
select * from `invoice` where `transaction_id` = 633948 and `invoice`.`deleted_at` is null limit 1;
/*==================================================*/
/* Origin (request): POST https://rta2.puntlandgov.org/livewire/message/workflow.view-workflow-transaction-component
   Query 21 - 2025-06-09 10:47:24 [0.24ms] */
select * from `invoice_payment` where `invoice_id` = 606931;
/*==================================================*/
/* Origin (request): POST https://rta2.puntlandgov.org/livewire/message/workflow.view-workflow-transaction-component
   Query 22 - 2025-06-09 10:47:24 [0.23ms] */
select * from `payment_documents` where `transaction_id` = 633948;
/*==================================================*/
/* Origin (request): POST https://rta2.puntlandgov.org/livewire/message/workflow.view-workflow-transaction-component
   Query 23 - 2025-06-09 10:47:24 [0.27ms] */
select * from `party_vehicle_purchase` where `transaction_id` = 633948 and `party_vehicle_purchase`.`deleted_at` is null limit 1;
/*==================================================*/
/* Origin (request): POST https://rta2.puntlandgov.org/livewire/message/workflow.view-workflow-transaction-component
   Query 24 - 2025-06-09 10:47:24 [0.26ms] */
select * from `service_workflow` where `service_workflow`.`id` = 2 and `service_workflow`.`id` is not null and `service_workflow`.`deleted_at` is null limit 1;
/*==================================================*/
/* Origin (request): POST https://rta2.puntlandgov.org/livewire/message/workflow.view-workflow-transaction-component
   Query 25 - 2025-06-09 10:47:24 [0.13ms] */
select * from `service` where `service`.`id` = 2 and `service`.`deleted_at` is null limit 1;
/*==================================================*/
/* Origin (request): POST https://rta2.puntlandgov.org/livewire/message/workflow.view-workflow-transaction-component
   Query 26 - 2025-06-09 10:47:24 [0.14ms] */
select * from `users` where `users`.`id` = 77 and `users`.`id` is not null and `users`.`deleted_at` is null limit 1;
/*==================================================*/
/* Origin (request): POST https://rta2.puntlandgov.org/livewire/message/workflow.view-workflow-transaction-component
   Query 27 - 2025-06-09 10:47:24 [0.13ms] */
select * from `workflow_definition` where `workflow_definition`.`id` = 7 and `workflow_definition`.`id` is not null and `workflow_definition`.`deleted_at` is null limit 1;
/*==================================================*/
/* Origin (request): POST https://rta2.puntlandgov.org/livewire/message/workflow.view-workflow-transaction-component
   Query 28 - 2025-06-09 10:47:24 [0.12ms] */
select * from `roles` where `roles`.`id` = 7 and `roles`.`id` is not null limit 1;
/*==================================================*/
/* Origin (request): POST https://rta2.puntlandgov.org/livewire/message/workflow.view-workflow-transaction-component
   Query 29 - 2025-06-09 10:47:24 [0.19ms] */
select * from `transaction` where `transaction`.`id` = 633948 and `transaction`.`deleted_at` is null limit 1;
/*==================================================*/
/* Origin (request): POST https://rta2.puntlandgov.org/livewire/message/workflow.view-workflow-transaction-component
   Query 30 - 2025-06-09 10:47:24 [0.14ms] */
select * from `workflow_definition` where `workflow_definition`.`id` = 7 and `workflow_definition`.`id` is not null and `workflow_definition`.`deleted_at` is null limit 1;
/*==================================================*/
/* Origin (request): POST https://rta2.puntlandgov.org/livewire/message/workflow.view-workflow-transaction-component
   Query 31 - 2025-06-09 10:47:24 [0.13ms] */
select * from `roles` where `roles`.`id` = 7 and `roles`.`id` is not null limit 1;
/*==================================================*/
/* Origin (request): POST https://rta2.puntlandgov.org/livewire/message/workflow.view-workflow-transaction-component
   Query 32 - 2025-06-09 10:47:24 [0.13ms] */
select * from `workflow` where `workflow`.`id` = 2 and `workflow`.`deleted_at` is null limit 1;
/*==================================================*/
/* Origin (request): POST https://rta2.puntlandgov.org/livewire/message/workflow.view-workflow-transaction-component
   Query 33 - 2025-06-09 10:47:24 [0.15ms] */
select * from `transaction_workflow` where `transaction_id` = 633948 and `transaction_workflow`.`deleted_at` is null order by `action_date` desc limit 1;
/*==================================================*/
/* Origin (request): POST https://rta2.puntlandgov.org/livewire/message/workflow.view-workflow-transaction-component
   Query 34 - 2025-06-09 10:47:24 [0.13ms] */
select count(*) as aggregate from `transaction_workflow` where `transaction_workflow`.`deleted_at` is null;
/*==================================================*/
/* Origin (request): POST https://rta2.puntlandgov.org/livewire/message/workflow.view-workflow-transaction-component
   Query 35 - 2025-06-09 10:47:24 [0.14ms] */
select * from `transaction_workflow` where `transaction_id` = 633948 and `transaction_workflow`.`deleted_at` is null order by `action_date` desc limit 1;
/*==================================================*/
/* Origin (request): POST https://rta2.puntlandgov.org/livewire/message/workflow.view-workflow-transaction-component
   Query 36 - 2025-06-09 10:47:24 [0.12ms] */
select count(*) as aggregate from `transaction_workflow` where `transaction_workflow`.`deleted_at` is null;
/*==================================================*/
/* Origin (request): POST https://rta2.puntlandgov.org/livewire/message/workflow.view-workflow-transaction-component
   Query 37 - 2025-06-09 10:47:24 [0.14ms] */
select * from `transaction_workflow` where `transaction_id` = 633948 and `transaction_workflow`.`deleted_at` is null order by `action_date` desc limit 1;
/*==================================================*/
/* Origin (request): POST https://rta2.puntlandgov.org/livewire/message/workflow.view-workflow-transaction-component
   Query 38 - 2025-06-09 10:47:24 [0.11ms] */
select count(*) as aggregate from `transaction_workflow` where `transaction_workflow`.`deleted_at` is null;
/*==================================================*/
/* Origin (request): POST https://rta2.puntlandgov.org/livewire/message/workflow.view-workflow-transaction-component
   Query 39 - 2025-06-09 10:47:24 [0.36ms] */
select * from `party_vehicle` where `party_vehicle`.`id` = 98260 and `party_vehicle`.`deleted_at` is null limit 1;
/*==================================================*/
/* Origin (request): POST https://rta2.puntlandgov.org/livewire/message/workflow.view-workflow-transaction-component
   Query 40 - 2025-06-09 10:47:24 [0.27ms] */
select * from `classification_type` where `classification_type`.`id` = 2 and `classification_type`.`id` is not null and `classification_type`.`deleted_at` is null limit 1;
/*==================================================*/
/* Origin (request): POST https://rta2.puntlandgov.org/livewire/message/workflow.view-workflow-transaction-component
   Query 41 - 2025-06-09 10:47:24 [0.25ms] */
select * from `district` where `district`.`id` = 2 and `district`.`id` is not null and `district`.`deleted_at` is null limit 1;
/*==================================================*/
/* Origin (request): POST https://rta2.puntlandgov.org/livewire/message/workflow.view-workflow-transaction-component
   Query 42 - 2025-06-09 10:47:24 [0.21ms] */
select * from `region` where `region`.`id` = 1 and `region`.`deleted_at` is null limit 1;
/*==================================================*/
/* Origin (request): POST https://rta2.puntlandgov.org/livewire/message/transaction.payment.payment-component
   Query 1 - 2025-06-09 10:47:25 [2.05ms] */
select * from `users` where `id` = 77 and `users`.`deleted_at` is null limit 1;
/*==================================================*/
/* Origin (request): POST https://rta2.puntlandgov.org/livewire/message/transaction.payment.payment-component
   Query 2 - 2025-06-09 10:47:25 [0.75ms] */
select column_name as `column_name` from information_schema.columns where table_schema = 'prod_rta' and table_name = 'roles';
/*==================================================*/
/* Origin (request): POST https://rta2.puntlandgov.org/livewire/message/transaction.payment.payment-component
   Query 3 - 2025-06-09 10:47:25 [0.64ms] */
select column_name as `column_name` from information_schema.columns where table_schema = 'prod_rta' and table_name = 'permissions';
/*==================================================*/
/* Origin (request): POST https://rta2.puntlandgov.org/livewire/message/transaction.payment.payment-component
   Query 4 - 2025-06-09 10:47:25 [0.42ms] */
select column_name as `column_name` from information_schema.columns where table_schema = 'prod_rta' and table_name = 'permissions';
/*==================================================*/
/* Origin (request): POST https://rta2.puntlandgov.org/livewire/message/transaction.payment.payment-component
   Query 5 - 2025-06-09 10:47:25 [0.23ms] */
select * from `payment_method` where `payment_method`.`id` in (1, 2, 3, 4, 5, 6);
/*==================================================*/
/* Origin (request): POST https://rta2.puntlandgov.org/livewire/message/transaction.payment.payment-component
   Query 6 - 2025-06-09 10:47:25 [0.19ms] */
select * from `transaction` where `transaction`.`id` = 633948 and `transaction`.`deleted_at` is null limit 1;
/*==================================================*/
/* Origin (request): POST https://rta2.puntlandgov.org/livewire/message/transaction.payment.payment-component
   Query 7 - 2025-06-09 10:47:25 [141.57ms] */
select `invoice`.* from `invoice` inner join `transaction` on `invoice`.`id` = `transaction`.`invoice_id` where `invoice`.`invoice_amount` <> 0.00 and `transaction`.`parent_id` = 633948 and `invoice`.`deleted_at` is null;
/*==================================================*/
/* Origin (request): POST https://rta2.puntlandgov.org/livewire/message/transaction.payment.payment-component
   Query 8 - 2025-06-09 10:47:25 [0.45ms] */
select `invoice`.* from `invoice` inner join `transaction` on `invoice`.`id` = `transaction`.`invoice_id` where `invoice`.`invoice_amount` <> 0.00 and `transaction`.`parent_id` = 633948 and `invoice`.`deleted_at` is null;
/*==================================================*/
/* Origin (request): POST https://rta2.puntlandgov.org/livewire/message/transaction.payment.payment-component
   Query 9 - 2025-06-09 10:47:25 [138.18ms] */
select sum(`outstanding_balance`) as aggregate from `invoice` inner join `transaction` on `invoice`.`id` = `transaction`.`invoice_id` where `invoice`.`invoice_amount` <> 0.00 and `transaction`.`parent_id` = 633948 and `invoice`.`deleted_at` is null;
/*==================================================*/
/* Origin (request): POST https://rta2.puntlandgov.org/livewire/message/transaction.payment.payment-component
   Query 10 - 2025-06-09 10:47:25 [0.25ms] */
select * from `transaction` where `transaction`.`id` = 633948 and `transaction`.`deleted_at` is null limit 1;
/*==================================================*/
/* Origin (request): POST https://rta2.puntlandgov.org/livewire/message/transaction.payment.payment-component
   Query 11 - 2025-06-09 10:47:25 [0.14ms] */
select * from `service_workflow` where `service_workflow`.`id` = 2 and `service_workflow`.`id` is not null and `service_workflow`.`deleted_at` is null limit 1;
/*==================================================*/
/* Origin (request): POST https://rta2.puntlandgov.org/livewire/message/transaction.payment.payment-component
   Query 12 - 2025-06-09 10:47:25 [0.13ms] */
select * from `service` where `service`.`id` = 2 and `service`.`deleted_at` is null limit 1;
/*==================================================*/
/* Origin (request): POST https://rta2.puntlandgov.org/livewire/message/transaction.payment.payment-component
   Query 13 - 2025-06-09 10:47:25 [0.12ms] */
select * from `service` where `service`.`id` = 2 and `service`.`id` is not null and `service`.`deleted_at` is null limit 1;
/*==================================================*/
/* Origin (request): POST https://rta2.puntlandgov.org/livewire/message/transaction.payment.payment-component
   Query 14 - 2025-06-09 10:47:25 [250.4ms] */
select sum(`invoice`.`invoice_amount`) as aggregate from `vehicle_tax` inner join `term` on `term`.`id` = `vehicle_tax`.`term_id` inner join `transaction` on `transaction`.`id` = `vehicle_tax`.`transaction_id` inner join `invoice` on `invoice`.`id` = `transaction`.`invoice_id` where `transaction`.`parent_id` = 633948 and `vehicle_tax`.`exempt` = 'Y' and `vehicle_tax`.`deleted_at` is null;
/*==================================================*/
/* Origin (request): POST https://rta2.puntlandgov.org/livewire/message/transaction.payment.payment-component
   Query 15 - 2025-06-09 10:47:25 [0.24ms] */
select * from `party` where `party`.`id` = 31745 and `party`.`id` is not null and `party`.`deleted_at` is null limit 1;
/*==================================================*/
/* Origin (request): POST https://rta2.puntlandgov.org/livewire/message/transaction.payment.payment-component
   Query 16 - 2025-06-09 10:47:25 [0.13ms] */
select * from `payment_method` where `payment_method`.`deleted_at` is null;
/*==================================================*/
/* Origin (request): POST https://rta2.puntlandgov.org/livewire/message/transaction.payment.payment-component
   Query 17 - 2025-06-09 10:47:25 [0.16ms] */
select * from `transaction` where `transaction`.`id` = 633948 and `transaction`.`deleted_at` is null limit 1;
/*==================================================*/
/* Origin (request): POST https://rta2.puntlandgov.org/livewire/message/transaction.payment.payment-component
   Query 18 - 2025-06-09 10:47:25 [0.16ms] */
select `invoice`.* from `invoice` inner join `transaction` on `invoice`.`id` = `transaction`.`invoice_id` where `invoice`.`invoice_amount` <> 0.00 and `transaction`.`parent_id` = 633948 and `invoice`.`deleted_at` is null;
/*==================================================*/
/* Origin (request): POST https://rta2.puntlandgov.org/livewire/message/transaction.payment.payment-component
   Query 19 - 2025-06-09 10:47:25 [0.15ms] */
select `invoice`.* from `invoice` inner join `transaction` on `invoice`.`id` = `transaction`.`invoice_id` where `invoice`.`invoice_amount` <> 0.00 and `transaction`.`parent_id` = 633948 and `invoice`.`deleted_at` is null;
/*==================================================*/
/* Origin (request): POST https://rta2.puntlandgov.org/livewire/message/transaction.payment.payment-component
   Query 20 - 2025-06-09 10:47:25 [0.13ms] */
select sum(`outstanding_balance`) as aggregate from `invoice` inner join `transaction` on `invoice`.`id` = `transaction`.`invoice_id` where `invoice`.`invoice_amount` <> 0.00 and `transaction`.`parent_id` = 633948 and `invoice`.`deleted_at` is null;
/*==================================================*/
/* Origin (request): POST https://rta2.puntlandgov.org/livewire/message/transaction.payment.payment-component
   Query 21 - 2025-06-09 10:47:25 [0.15ms] */
select * from `transaction` where `transaction`.`id` = 633948 and `transaction`.`deleted_at` is null limit 1;
/*==================================================*/
/* Origin (request): POST https://rta2.puntlandgov.org/livewire/message/transaction.payment.payment-component
   Query 22 - 2025-06-09 10:47:25 [0.12ms] */
select * from `service_workflow` where `service_workflow`.`id` = 2 and `service_workflow`.`id` is not null and `service_workflow`.`deleted_at` is null limit 1;
/*==================================================*/
/* Origin (request): POST https://rta2.puntlandgov.org/livewire/message/transaction.payment.payment-component
   Query 23 - 2025-06-09 10:47:25 [0.13ms] */
select * from `service` where `service`.`id` = 2 and `service`.`deleted_at` is null limit 1;
/*==================================================*/
/* Origin (request): POST https://rta2.puntlandgov.org/livewire/message/transaction.payment.payment-component
   Query 24 - 2025-06-09 10:47:25 [0.12ms] */
select * from `service` where `service`.`id` = 2 and `service`.`id` is not null and `service`.`deleted_at` is null limit 1;
/*==================================================*/
/* Origin (request): POST https://rta2.puntlandgov.org/livewire/message/transaction.payment.payment-component
   Query 25 - 2025-06-09 10:47:25 [0.14ms] */
select sum(`invoice`.`invoice_amount`) as aggregate from `vehicle_tax` inner join `term` on `term`.`id` = `vehicle_tax`.`term_id` inner join `transaction` on `transaction`.`id` = `vehicle_tax`.`transaction_id` inner join `invoice` on `invoice`.`id` = `transaction`.`invoice_id` where `transaction`.`parent_id` = 633948 and `vehicle_tax`.`exempt` = 'Y' and `vehicle_tax`.`deleted_at` is null;
/*==================================================*/
/* Origin (request): POST https://rta2.puntlandgov.org/livewire/message/transaction.payment.payment-component
   Query 26 - 2025-06-09 10:47:25 [0.14ms] */
select * from `party` where `party`.`id` = 31745 and `party`.`id` is not null and `party`.`deleted_at` is null limit 1;
/*==================================================*/
/* Origin (request): POST https://rta2.puntlandgov.org/livewire/message/transaction.payment.payment-component
   Query 27 - 2025-06-09 10:47:25 [0.14ms] */
select * from `payment_method` where `payment_method`.`deleted_at` is null;
/*==================================================*/
/* Origin (request): POST https://rta2.puntlandgov.org/livewire/message/transaction.payment.payment-component
   Query 28 - 2025-06-09 10:47:25 [0.27ms] */
select * from `transaction` where `transaction`.`id` = 482467 and `transaction`.`deleted_at` is null limit 1;
/*==================================================*/
/* Origin (request): POST https://rta2.puntlandgov.org/livewire/message/transaction.payment.payment-component
   Query 29 - 2025-06-09 10:47:25 [0.12ms] */
select * from `service_workflow` where `service_workflow`.`id` = 2 and `service_workflow`.`id` is not null and `service_workflow`.`deleted_at` is null limit 1;
/*==================================================*/
/* Origin (request): POST https://rta2.puntlandgov.org/livewire/message/transaction.payment.payment-component
   Query 30 - 2025-06-09 10:47:25 [0.12ms] */
select * from `service` where `service`.`id` = 2 and `service`.`deleted_at` is null limit 1;
/*==================================================*/
/* Origin (request): POST https://rta2.puntlandgov.org/livewire/message/transaction.payment.payment-component
   Query 31 - 2025-06-09 10:47:25 [0.12ms] */
select * from `service` where `service`.`id` = 2 and `service`.`id` is not null and `service`.`deleted_at` is null limit 1;
/*==================================================*/
/* Origin (request): POST https://rta2.puntlandgov.org/livewire/message/transaction.payment.payment-component
   Query 32 - 2025-06-09 10:47:26 [372.57ms] */
select `vehicle_tax`.* from `vehicle_tax` inner join `transaction` on `transaction`.`id` = `vehicle_tax`.`transaction_id` inner join `invoice` on `invoice`.`id` = `transaction`.`invoice_id` where `invoice`.`id` = 459980 and `vehicle_tax`.`deleted_at` is null limit 1;
/*==================================================*/
/* Origin (request): POST https://rta2.puntlandgov.org/livewire/message/transaction.payment.payment-component
   Query 33 - 2025-06-09 10:47:26 [0.2ms] */
select * from `term` where `term`.`id` = 103 and `term`.`deleted_at` is null limit 1;
/*==================================================*/
/* Origin (request): POST https://rta2.puntlandgov.org/livewire/message/transaction.payment.payment-component
   Query 34 - 2025-06-09 10:47:26 [0.3ms] */
select * from `transaction` where `transaction`.`id` = 482468 and `transaction`.`deleted_at` is null limit 1;
/*==================================================*/
/* Origin (request): POST https://rta2.puntlandgov.org/livewire/message/transaction.payment.payment-component
   Query 35 - 2025-06-09 10:47:26 [0.13ms] */
select * from `service_workflow` where `service_workflow`.`id` = 2 and `service_workflow`.`id` is not null and `service_workflow`.`deleted_at` is null limit 1;
/*==================================================*/
/* Origin (request): POST https://rta2.puntlandgov.org/livewire/message/transaction.payment.payment-component
   Query 36 - 2025-06-09 10:47:26 [0.12ms] */
select * from `service` where `service`.`id` = 2 and `service`.`deleted_at` is null limit 1;
/*==================================================*/
/* Origin (request): POST https://rta2.puntlandgov.org/livewire/message/transaction.payment.payment-component
   Query 37 - 2025-06-09 10:47:26 [0.12ms] */
select * from `service` where `service`.`id` = 2 and `service`.`id` is not null and `service`.`deleted_at` is null limit 1;
/*==================================================*/
/* Origin (request): POST https://rta2.puntlandgov.org/livewire/message/transaction.payment.payment-component
   Query 38 - 2025-06-09 10:47:26 [329.9ms] */
select `vehicle_tax`.* from `vehicle_tax` inner join `transaction` on `transaction`.`id` = `vehicle_tax`.`transaction_id` inner join `invoice` on `invoice`.`id` = `transaction`.`invoice_id` where `invoice`.`id` = 459981 and `vehicle_tax`.`deleted_at` is null limit 1;
/*==================================================*/
/* Origin (request): POST https://rta2.puntlandgov.org/livewire/message/transaction.payment.payment-component
   Query 39 - 2025-06-09 10:47:26 [0.2ms] */
select * from `term` where `term`.`id` = 104 and `term`.`deleted_at` is null limit 1;
/*==================================================*/
/* Origin (request): POST https://rta2.puntlandgov.org/livewire/message/transaction.payment.payment-component
   Query 40 - 2025-06-09 10:47:26 [0.15ms] */
select * from `service_workflow` where `service_workflow`.`id` = 2 and `service_workflow`.`id` is not null and `service_workflow`.`deleted_at` is null limit 1;
/*==================================================*/
/* Origin (request): POST https://rta2.puntlandgov.org/livewire/message/transaction.payment.payment-component
   Query 41 - 2025-06-09 10:47:26 [0.12ms] */
select * from `service` where `service`.`id` = 2 and `service`.`deleted_at` is null limit 1;
/*==================================================*/
/* Origin (request): POST https://rta2.puntlandgov.org/livewire/message/transaction.payment.payment-component
   Query 1 - 2025-06-09 10:47:28 [2.36ms] */
select * from `users` where `id` = 77 and `users`.`deleted_at` is null limit 1;
/*==================================================*/
/* Origin (request): POST https://rta2.puntlandgov.org/livewire/message/transaction.payment.payment-component
   Query 2 - 2025-06-09 10:47:28 [0.6ms] */
select column_name as `column_name` from information_schema.columns where table_schema = 'prod_rta' and table_name = 'roles';
/*==================================================*/
/* Origin (request): POST https://rta2.puntlandgov.org/livewire/message/transaction.payment.payment-component
   Query 3 - 2025-06-09 10:47:28 [0.48ms] */
select column_name as `column_name` from information_schema.columns where table_schema = 'prod_rta' and table_name = 'permissions';
/*==================================================*/
/* Origin (request): POST https://rta2.puntlandgov.org/livewire/message/transaction.payment.payment-component
   Query 4 - 2025-06-09 10:47:28 [0.41ms] */
select column_name as `column_name` from information_schema.columns where table_schema = 'prod_rta' and table_name = 'permissions';
/*==================================================*/
/* Origin (request): POST https://rta2.puntlandgov.org/livewire/message/transaction.payment.payment-component
   Query 5 - 2025-06-09 10:47:28 [0.38ms] */
select * from `invoice` where `invoice`.`id` in (459980, 459981);
/*==================================================*/
/* Origin (request): POST https://rta2.puntlandgov.org/livewire/message/transaction.payment.payment-component
   Query 6 - 2025-06-09 10:47:28 [0.29ms] */
select * from `transaction` where `transaction`.`id` in (482467, 482468) and `transaction`.`deleted_at` is null;
/*==================================================*/
/* Origin (request): POST https://rta2.puntlandgov.org/livewire/message/transaction.payment.payment-component
   Query 7 - 2025-06-09 10:47:28 [0.16ms] */
select * from `service_workflow` where `service_workflow`.`id` in (2) and `service_workflow`.`deleted_at` is null;
/*==================================================*/
/* Origin (request): POST https://rta2.puntlandgov.org/livewire/message/transaction.payment.payment-component
   Query 8 - 2025-06-09 10:47:28 [0.14ms] */
select * from `service` where `service`.`id` in (2) and `service`.`deleted_at` is null;
/*==================================================*/
/* Origin (request): POST https://rta2.puntlandgov.org/livewire/message/transaction.payment.payment-component
   Query 9 - 2025-06-09 10:47:28 [0.13ms] */
select * from `service` where `service`.`id` in (2) and `service`.`deleted_at` is null;
/*==================================================*/
/* Origin (request): POST https://rta2.puntlandgov.org/livewire/message/transaction.payment.payment-component
   Query 10 - 2025-06-09 10:47:28 [0.15ms] */
select * from `payment_method` where `payment_method`.`id` in (1, 2, 3, 4, 5, 6);
/*==================================================*/
/* Origin (request): POST https://rta2.puntlandgov.org/livewire/message/transaction.payment.payment-component
   Query 11 - 2025-06-09 10:47:28 [0.16ms] */
select * from `transaction` where `transaction`.`id` = 633948 limit 1;
/*==================================================*/
/* Origin (request): POST https://rta2.puntlandgov.org/livewire/message/transaction.payment.payment-component
   Query 12 - 2025-06-09 10:47:28 [0.15ms] */
select * from `service_workflow` where `service_workflow`.`id` = 2 and `service_workflow`.`id` is not null and `service_workflow`.`deleted_at` is null limit 1;
/*==================================================*/
/* Origin (request): POST https://rta2.puntlandgov.org/livewire/message/transaction.payment.payment-component
   Query 13 - 2025-06-09 10:47:28 [0.14ms] */
select * from `service` where `service`.`id` = 2 and `service`.`deleted_at` is null limit 1;
/*==================================================*/
/* Origin (request): POST https://rta2.puntlandgov.org/livewire/message/transaction.payment.payment-component
   Query 14 - 2025-06-09 10:47:28 [0.18ms] */
select * from `transaction` where `transaction`.`id` = 633948 and `transaction`.`deleted_at` is null limit 1;
/*==================================================*/
/* Origin (request): POST https://rta2.puntlandgov.org/livewire/message/transaction.payment.payment-component
   Query 15 - 2025-06-09 10:47:28 [0.18ms] */
select `invoice`.* from `invoice` inner join `transaction` on `invoice`.`id` = `transaction`.`invoice_id` where `invoice`.`invoice_amount` <> 0.00 and `transaction`.`parent_id` = 633948 and `invoice`.`deleted_at` is null;
/*==================================================*/
/* Origin (request): POST https://rta2.puntlandgov.org/livewire/message/transaction.payment.payment-component
   Query 16 - 2025-06-09 10:47:28 [0.18ms] */
select `invoice`.* from `invoice` inner join `transaction` on `invoice`.`id` = `transaction`.`invoice_id` where `invoice`.`invoice_amount` <> 0.00 and `transaction`.`parent_id` = 633948 and `invoice`.`deleted_at` is null;
/*==================================================*/
/* Origin (request): POST https://rta2.puntlandgov.org/livewire/message/transaction.payment.payment-component
   Query 17 - 2025-06-09 10:47:28 [0.15ms] */
select sum(`outstanding_balance`) as aggregate from `invoice` inner join `transaction` on `invoice`.`id` = `transaction`.`invoice_id` where `invoice`.`invoice_amount` <> 0.00 and `transaction`.`parent_id` = 633948 and `invoice`.`deleted_at` is null;
/*==================================================*/
/* Origin (request): POST https://rta2.puntlandgov.org/livewire/message/transaction.payment.payment-component
   Query 18 - 2025-06-09 10:47:28 [0.16ms] */
select * from `transaction` where `transaction`.`id` = 633948 and `transaction`.`deleted_at` is null limit 1;
/*==================================================*/
/* Origin (request): POST https://rta2.puntlandgov.org/livewire/message/transaction.payment.payment-component
   Query 19 - 2025-06-09 10:47:28 [0.13ms] */
select * from `service_workflow` where `service_workflow`.`id` = 2 and `service_workflow`.`id` is not null and `service_workflow`.`deleted_at` is null limit 1;
/*==================================================*/
/* Origin (request): POST https://rta2.puntlandgov.org/livewire/message/transaction.payment.payment-component
   Query 20 - 2025-06-09 10:47:28 [0.13ms] */
select * from `service` where `service`.`id` = 2 and `service`.`deleted_at` is null limit 1;
/*==================================================*/
/* Origin (request): POST https://rta2.puntlandgov.org/livewire/message/transaction.payment.payment-component
   Query 21 - 2025-06-09 10:47:28 [0.13ms] */
select * from `service` where `service`.`id` = 2 and `service`.`id` is not null and `service`.`deleted_at` is null limit 1;
/*==================================================*/
/* Origin (request): POST https://rta2.puntlandgov.org/livewire/message/transaction.payment.payment-component
   Query 22 - 2025-06-09 10:47:28 [0.18ms] */
select sum(`invoice`.`invoice_amount`) as aggregate from `vehicle_tax` inner join `term` on `term`.`id` = `vehicle_tax`.`term_id` inner join `transaction` on `transaction`.`id` = `vehicle_tax`.`transaction_id` inner join `invoice` on `invoice`.`id` = `transaction`.`invoice_id` where `transaction`.`parent_id` = 633948 and `vehicle_tax`.`exempt` = 'Y' and `vehicle_tax`.`deleted_at` is null;
/*==================================================*/
/* Origin (request): POST https://rta2.puntlandgov.org/livewire/message/transaction.payment.payment-component
   Query 23 - 2025-06-09 10:47:28 [0.15ms] */
select * from `party` where `party`.`id` = 31745 and `party`.`id` is not null and `party`.`deleted_at` is null limit 1;
/*==================================================*/
/* Origin (request): POST https://rta2.puntlandgov.org/livewire/message/transaction.payment.payment-component
   Query 24 - 2025-06-09 10:47:28 [0.14ms] */
select * from `payment_method` where `payment_method`.`deleted_at` is null;
/*==================================================*/
/* Origin (request): POST https://rta2.puntlandgov.org/livewire/message/transaction.payment.payment-component
   Query 25 - 2025-06-09 10:47:28 [0.17ms] */
select * from `transaction` where `transaction`.`id` = 482467 and `transaction`.`deleted_at` is null limit 1;
/*==================================================*/
/* Origin (request): POST https://rta2.puntlandgov.org/livewire/message/transaction.payment.payment-component
   Query 26 - 2025-06-09 10:47:28 [0.13ms] */
select * from `service_workflow` where `service_workflow`.`id` = 2 and `service_workflow`.`id` is not null and `service_workflow`.`deleted_at` is null limit 1;
/*==================================================*/
/* Origin (request): POST https://rta2.puntlandgov.org/livewire/message/transaction.payment.payment-component
   Query 27 - 2025-06-09 10:47:28 [0.13ms] */
select * from `service` where `service`.`id` = 2 and `service`.`deleted_at` is null limit 1;
/*==================================================*/
/* Origin (request): POST https://rta2.puntlandgov.org/livewire/message/transaction.payment.payment-component
   Query 28 - 2025-06-09 10:47:28 [0.13ms] */
select * from `service` where `service`.`id` = 2 and `service`.`id` is not null and `service`.`deleted_at` is null limit 1;
/*==================================================*/
/* Origin (request): POST https://rta2.puntlandgov.org/livewire/message/transaction.payment.payment-component
   Query 29 - 2025-06-09 10:47:28 [0.16ms] */
select * from `transaction` where `transaction`.`id` = 482468 and `transaction`.`deleted_at` is null limit 1;
/*==================================================*/
/* Origin (request): POST https://rta2.puntlandgov.org/livewire/message/transaction.payment.payment-component
   Query 30 - 2025-06-09 10:47:28 [0.13ms] */
select * from `service_workflow` where `service_workflow`.`id` = 2 and `service_workflow`.`id` is not null and `service_workflow`.`deleted_at` is null limit 1;
/*==================================================*/
/* Origin (request): POST https://rta2.puntlandgov.org/livewire/message/transaction.payment.payment-component
   Query 31 - 2025-06-09 10:47:28 [0.13ms] */
select * from `service` where `service`.`id` = 2 and `service`.`deleted_at` is null limit 1;
/*==================================================*/
/* Origin (request): POST https://rta2.puntlandgov.org/livewire/message/transaction.payment.payment-component
   Query 32 - 2025-06-09 10:47:28 [0.13ms] */
select * from `service` where `service`.`id` = 2 and `service`.`id` is not null and `service`.`deleted_at` is null limit 1;
/*==================================================*/
/* Origin (request): POST https://rta2.puntlandgov.org/livewire/message/transaction.payment.payment-component
   Query 33 - 2025-06-09 10:47:28 [0.14ms] */
select * from `service_workflow` where `service_workflow`.`id` = 2 and `service_workflow`.`id` is not null and `service_workflow`.`deleted_at` is null limit 1;
/*==================================================*/
/* Origin (request): POST https://rta2.puntlandgov.org/livewire/message/transaction.payment.payment-component
   Query 34 - 2025-06-09 10:47:28 [0.13ms] */
select * from `service` where `service`.`id` = 2 and `service`.`deleted_at` is null limit 1;
/*==================================================*/
/* Origin (request): POST https://rta2.puntlandgov.org/livewire/message/transaction.payment.payment-component
   Query 1 - 2025-06-09 10:47:50 [1.62ms] */
select * from `users` where `id` = 77 and `users`.`deleted_at` is null limit 1;
/*==================================================*/
/* Origin (request): POST https://rta2.puntlandgov.org/livewire/message/transaction.payment.payment-component
   Query 2 - 2025-06-09 10:47:50 [0.7ms] */
select column_name as `column_name` from information_schema.columns where table_schema = 'prod_rta' and table_name = 'roles';
/*==================================================*/
/* Origin (request): POST https://rta2.puntlandgov.org/livewire/message/transaction.payment.payment-component
   Query 3 - 2025-06-09 10:47:50 [0.56ms] */
select column_name as `column_name` from information_schema.columns where table_schema = 'prod_rta' and table_name = 'permissions';
/*==================================================*/
/* Origin (request): POST https://rta2.puntlandgov.org/livewire/message/transaction.payment.payment-component
   Query 4 - 2025-06-09 10:47:50 [0.59ms] */
select column_name as `column_name` from information_schema.columns where table_schema = 'prod_rta' and table_name = 'permissions';
/*==================================================*/
/* Origin (request): POST https://rta2.puntlandgov.org/livewire/message/transaction.payment.payment-component
   Query 5 - 2025-06-09 10:47:50 [0.24ms] */
select * from `invoice` where `invoice`.`id` in (459980, 459981);
/*==================================================*/
/* Origin (request): POST https://rta2.puntlandgov.org/livewire/message/transaction.payment.payment-component
   Query 6 - 2025-06-09 10:47:50 [0.19ms] */
select * from `transaction` where `transaction`.`id` in (482467, 482468) and `transaction`.`deleted_at` is null;
/*==================================================*/
/* Origin (request): POST https://rta2.puntlandgov.org/livewire/message/transaction.payment.payment-component
   Query 7 - 2025-06-09 10:47:50 [0.14ms] */
select * from `service_workflow` where `service_workflow`.`id` in (2) and `service_workflow`.`deleted_at` is null;
/*==================================================*/
/* Origin (request): POST https://rta2.puntlandgov.org/livewire/message/transaction.payment.payment-component
   Query 8 - 2025-06-09 10:47:50 [0.13ms] */
select * from `service` where `service`.`id` in (2) and `service`.`deleted_at` is null;
/*==================================================*/
/* Origin (request): POST https://rta2.puntlandgov.org/livewire/message/transaction.payment.payment-component
   Query 9 - 2025-06-09 10:47:50 [0.15ms] */
select * from `service` where `service`.`id` in (2) and `service`.`deleted_at` is null;
/*==================================================*/
/* Origin (request): POST https://rta2.puntlandgov.org/livewire/message/transaction.payment.payment-component
   Query 10 - 2025-06-09 10:47:50 [0.15ms] */
select * from `payment_method` where `payment_method`.`id` in (1, 2, 3, 4, 5, 6);
/*==================================================*/
/* Origin (request): POST https://rta2.puntlandgov.org/livewire/message/transaction.payment.payment-component
   Query 11 - 2025-06-09 10:47:50 [0.16ms] */
select * from `transaction` where `transaction`.`id` = 633948 limit 1;
/*==================================================*/
/* Origin (request): POST https://rta2.puntlandgov.org/livewire/message/transaction.payment.payment-component
   Query 12 - 2025-06-09 10:47:50 [0.17ms] */
select * from `service_workflow` where `service_workflow`.`id` = 2 and `service_workflow`.`id` is not null and `service_workflow`.`deleted_at` is null limit 1;
/*==================================================*/
/* Origin (request): POST https://rta2.puntlandgov.org/livewire/message/transaction.payment.payment-component
   Query 13 - 2025-06-09 10:47:50 [0.15ms] */
select * from `service` where `service`.`id` = 2 and `service`.`deleted_at` is null limit 1;
/*==================================================*/
/* Origin (request): POST https://rta2.puntlandgov.org/livewire/message/transaction.payment.payment-component
   Query 14 - 2025-06-09 10:47:50 [53.99ms] */
select count(*) as aggregate from `payment` where `payment_receipt_number` = 2553630;
/*==================================================*/
/* Origin (request): POST https://rta2.puntlandgov.org/livewire/message/transaction.payment.payment-component
   Query 15 - 2025-06-09 10:47:50 [0.19ms] */
select count(*) as aggregate from `payment` where `payment_receipt_number` = 2553630;
/*==================================================*/
/* Origin (request): POST https://rta2.puntlandgov.org/livewire/message/transaction.payment.payment-component
   Query 16 - 2025-06-09 10:47:50 [0.16ms] */
select * from `vehicle` where `vehicle`.`id` = 98107 and `vehicle`.`id` is not null and `vehicle`.`deleted_at` is null limit 1;
/*==================================================*/
/* Origin (request): POST https://rta2.puntlandgov.org/livewire/message/transaction.payment.payment-component
   Query 17 - 2025-06-09 10:47:50 [0.15ms] */
select * from `party` where `party`.`id` = 31745 and `party`.`id` is not null and `party`.`deleted_at` is null limit 1;
/*==================================================*/
/* Origin (request): POST https://rta2.puntlandgov.org/livewire/message/transaction.payment.payment-component
   Query 18 - 2025-06-09 10:47:50 [0.13ms] */
select * from `service` where `service`.`id` = 2 and `service`.`id` is not null and `service`.`deleted_at` is null limit 1;
/*==================================================*/
/* Origin (request): POST https://rta2.puntlandgov.org/livewire/message/transaction.payment.payment-component
   Query 19 - 2025-06-09 10:47:50 [0.48ms] */
insert into `Payment` (`payment_date`, `external_payment_reference_no`, `payment_receipt_number`, `payment_method_id`, `payment_amount`, `paid_by`, `paid_by_mobile`, `siinpay_payref_number`, `district_id`, `payment_collected_by`, `updated_by`, `created_by`, `created_at`, `updated_at`) values ('2025-06-09 10:47:50', '#68469190DF583', 2553630, 4, 45, 'muuse', 7724541, null, 2, 77, 77, 77, '2025-06-09 10:47:50', '2025-06-09 10:47:50');
/*==================================================*/
/* Origin (request): POST https://rta2.puntlandgov.org/livewire/message/transaction.payment.payment-component
   Query 20 - 2025-06-09 10:47:50 [0.22ms] */
select * from `Payment` where `id` = 200522 limit 1;
/*==================================================*/
/* Origin (request): POST https://rta2.puntlandgov.org/livewire/message/transaction.payment.payment-component
   Query 21 - 2025-06-09 10:47:50 [0.66ms] */
insert into `activity_log` (`log_name`, `properties`, `causer_id`, `causer_type`, `subject_id`, `subject_type`, `description`, `updated_at`, `created_at`) values ('Payment', '{"attributes":{"payment_method_id":4,"payment_amount":"45.00","payment_date":"2025-06-09 10:47:50","external_payment_reference_no":"#68469190DF583","payment_receipt_number":"2553630","siinpay_payref_number":null,"paid_by":"muuse","paid_by_mobile":"7724541","district_id":2,"migration_id":null,"payment_collected_by":77}}', 77, 'App\Models\User', 200522, 'Modules\Transaction\Entities\Payment', 'created', '2025-06-09 10:47:50', '2025-06-09 10:47:50');
/*==================================================*/
/* Origin (request): POST https://rta2.puntlandgov.org/livewire/message/transaction.payment.payment-component
   Query 22 - 2025-06-09 10:47:50 [0.75ms] */
select * from `transaction` where `transaction`.`id` = 633948 and `transaction`.`deleted_at` is null limit 1;
/*==================================================*/
/* Origin (request): POST https://rta2.puntlandgov.org/livewire/message/transaction.payment.payment-component
   Query 23 - 2025-06-09 10:47:50 [0.28ms] */
select * from `service_workflow` where `service_workflow`.`id` = 2 and `service_workflow`.`id` is not null and `service_workflow`.`deleted_at` is null limit 1;
/*==================================================*/
/* Origin (request): POST https://rta2.puntlandgov.org/livewire/message/transaction.payment.payment-component
   Query 24 - 2025-06-09 10:47:50 [0.26ms] */
select * from `service` where `service`.`id` = 2 and `service`.`deleted_at` is null limit 1;
/*==================================================*/
/* Origin (request): POST https://rta2.puntlandgov.org/livewire/message/transaction.payment.payment-component
   Query 25 - 2025-06-09 10:47:50 [0.44ms] */
select * from `invoice` where `invoice`.`id` = 459980 and `invoice`.`deleted_at` is null limit 1;
/*==================================================*/
/* Origin (request): POST https://rta2.puntlandgov.org/livewire/message/transaction.payment.payment-component
   Query 26 - 2025-06-09 10:47:50 [0.53ms] */
insert into `invoice_payment` (`created_at`, `invoice_id`, `payment_id`, `updated_at`) values ('2025-06-09 10:47:50', 459980, 200522, '2025-06-09 10:47:50');
/*==================================================*/
/* Origin (request): POST https://rta2.puntlandgov.org/livewire/message/transaction.payment.payment-component
   Query 27 - 2025-06-09 10:47:50 [0.41ms] */
select * from `invoice` where `invoice`.`id` = 459980 and `invoice`.`deleted_at` is null limit 1;
/*==================================================*/
/* Origin (request): POST https://rta2.puntlandgov.org/livewire/message/transaction.payment.payment-component
   Query 28 - 2025-06-09 10:47:50 [0.56ms] */
select `Payment`.*, `invoice_payment`.`invoice_id` as `pivot_invoice_id`, `invoice_payment`.`payment_id` as `pivot_payment_id`, `invoice_payment`.`created_at` as `pivot_created_at`, `invoice_payment`.`updated_at` as `pivot_updated_at` from `Payment` inner join `invoice_payment` on `Payment`.`id` = `invoice_payment`.`payment_id` where `invoice_payment`.`invoice_id` = 459980 and `Payment`.`deleted_at` is null;
/*==================================================*/
/* Origin (request): POST https://rta2.puntlandgov.org/livewire/message/transaction.payment.payment-component
   Query 29 - 2025-06-09 10:47:50 [0.59ms] */
select * from `invoice_item` where `invoice_item`.`invoice_id` = 459980 and `invoice_item`.`invoice_id` is not null and `invoice_item`.`deleted_at` is null;
/*==================================================*/
/* Origin (request): POST https://rta2.puntlandgov.org/livewire/message/transaction.payment.payment-component
   Query 30 - 2025-06-09 10:47:50 [0.38ms] */
update `invoice` set `invoice_amount` = 78, `outstanding_balance` = 33, `discounts` = 0, `total_invoice_amount` = 78, `status` = 'PAID', `updated_by` = 77, `invoice`.`updated_at` = '2025-06-09 10:47:50' where `id` = 459980;
/*==================================================*/
/* Origin (request): POST https://rta2.puntlandgov.org/livewire/message/transaction.payment.payment-component
   Query 31 - 2025-06-09 10:47:50 [0.19ms] */
select * from `invoice` where `id` = 459980 limit 1;
/*==================================================*/
/* Origin (request): POST https://rta2.puntlandgov.org/livewire/message/transaction.payment.payment-component
   Query 32 - 2025-06-09 10:47:50 [0.26ms] */
insert into `activity_log` (`log_name`, `properties`, `causer_id`, `causer_type`, `subject_id`, `subject_type`, `description`, `updated_at`, `created_at`) values ('invoice', '{"attributes":{"outstanding_balance":"33.00","status":"PAID"},"old":{"outstanding_balance":"78.00","status":"OPEN"}}', 77, 'App\Models\User', 459980, 'Modules\Transaction\Entities\Invoice', 'updated', '2025-06-09 10:47:50', '2025-06-09 10:47:50');
/*==================================================*/
/* Origin (request): POST https://rta2.puntlandgov.org/livewire/message/transaction.payment.payment-component
   Query 33 - 2025-06-09 10:47:50 [0.2ms] */
select * from `invoice` where `invoice`.`id` = 459981 and `invoice`.`deleted_at` is null limit 1;
/*==================================================*/
/* Origin (request): POST https://rta2.puntlandgov.org/livewire/message/transaction.payment.payment-component
   Query 34 - 2025-06-09 10:47:50 [0.15ms] */
insert into `invoice_payment` (`created_at`, `invoice_id`, `payment_id`, `updated_at`) values ('2025-06-09 10:47:50', 459981, 200522, '2025-06-09 10:47:50');
/*==================================================*/
/* Origin (request): POST https://rta2.puntlandgov.org/livewire/message/transaction.payment.payment-component
   Query 35 - 2025-06-09 10:47:50 [0.19ms] */
select * from `invoice` where `invoice`.`id` = 459981 and `invoice`.`deleted_at` is null limit 1;
/*==================================================*/
/* Origin (request): POST https://rta2.puntlandgov.org/livewire/message/transaction.payment.payment-component
   Query 36 - 2025-06-09 10:47:50 [0.24ms] */
select `Payment`.*, `invoice_payment`.`invoice_id` as `pivot_invoice_id`, `invoice_payment`.`payment_id` as `pivot_payment_id`, `invoice_payment`.`created_at` as `pivot_created_at`, `invoice_payment`.`updated_at` as `pivot_updated_at` from `Payment` inner join `invoice_payment` on `Payment`.`id` = `invoice_payment`.`payment_id` where `invoice_payment`.`invoice_id` = 459981 and `Payment`.`deleted_at` is null;
/*==================================================*/
/* Origin (request): POST https://rta2.puntlandgov.org/livewire/message/transaction.payment.payment-component
   Query 37 - 2025-06-09 10:47:50 [0.24ms] */
select * from `invoice_item` where `invoice_item`.`invoice_id` = 459981 and `invoice_item`.`invoice_id` is not null and `invoice_item`.`deleted_at` is null;
/*==================================================*/
/* Origin (request): POST https://rta2.puntlandgov.org/livewire/message/transaction.payment.payment-component
   Query 38 - 2025-06-09 10:47:50 [0.17ms] */
update `invoice` set `invoice_amount` = 45, `outstanding_balance` = 0, `discounts` = 0, `total_invoice_amount` = 45, `status` = 'PAID', `updated_by` = 77, `invoice`.`updated_at` = '2025-06-09 10:47:50' where `id` = 459981;
/*==================================================*/
/* Origin (request): POST https://rta2.puntlandgov.org/livewire/message/transaction.payment.payment-component
   Query 39 - 2025-06-09 10:47:50 [0.2ms] */
select * from `invoice` where `id` = 459981 limit 1;
/*==================================================*/
/* Origin (request): POST https://rta2.puntlandgov.org/livewire/message/transaction.payment.payment-component
   Query 40 - 2025-06-09 10:47:50 [0.36ms] */
insert into `activity_log` (`log_name`, `properties`, `causer_id`, `causer_type`, `subject_id`, `subject_type`, `description`, `updated_at`, `created_at`) values ('invoice', '{"attributes":{"outstanding_balance":"0.00","status":"PAID"},"old":{"outstanding_balance":"45.00","status":"OPEN"}}', 77, 'App\Models\User', 459981, 'Modules\Transaction\Entities\Invoice', 'updated', '2025-06-09 10:47:50', '2025-06-09 10:47:50');
/*==================================================*/
/* Origin (request): POST https://rta2.puntlandgov.org/livewire/message/transaction.payment.payment-component
   Query 41 - 2025-06-09 10:47:50 [0.23ms] */
select * from `transaction` where `transaction`.`id` = 482468 and `transaction`.`deleted_at` is null limit 1;
/*==================================================*/
/* Origin (request): POST https://rta2.puntlandgov.org/livewire/message/transaction.payment.payment-component
   Query 42 - 2025-06-09 10:47:50 [0.15ms] */
select * from `transaction` where `transaction`.`id` = 482468 and `transaction`.`deleted_at` is null limit 1;
/*==================================================*/
/* Origin (request): POST https://rta2.puntlandgov.org/livewire/message/transaction.payment.payment-component
   Query 43 - 2025-06-09 10:47:50 [0.14ms] */
select * from `service_workflow` where `service_workflow`.`id` = 2 and `service_workflow`.`id` is not null and `service_workflow`.`deleted_at` is null limit 1;
/*==================================================*/
/* Origin (request): POST https://rta2.puntlandgov.org/livewire/message/transaction.payment.payment-component
   Query 44 - 2025-06-09 10:47:50 [0.13ms] */
select * from `service` where `service`.`id` = 2 and `service`.`deleted_at` is null limit 1;
/*==================================================*/
/* Origin (request): POST https://rta2.puntlandgov.org/livewire/message/transaction.payment.payment-component
   Query 45 - 2025-06-09 10:47:50 [0.14ms] */
select * from `workflow_definition` where `workflow_definition`.`id` = 7 and `workflow_definition`.`id` is not null and `workflow_definition`.`deleted_at` is null limit 1;
/*==================================================*/
/* Origin (request): POST https://rta2.puntlandgov.org/livewire/message/transaction.payment.payment-component
   Query 46 - 2025-06-09 10:47:50 [0.13ms] */
select * from `roles` where `roles`.`id` = 7 and `roles`.`id` is not null limit 1;
/*==================================================*/
/* Origin (request): POST https://rta2.puntlandgov.org/livewire/message/transaction.payment.payment-component
   Query 47 - 2025-06-09 10:47:50 [0.32ms] */
insert into `transaction_workflow` (`transaction_id`, `action`, `action_date`, `role_id`, `user_id`, `comments`, `updated_by`, `created_by`, `created_at`, `updated_at`) values (482468, 'PAID', '2025-06-09 10:47:50', 7, 77, null, 77, 77, '2025-06-09 10:47:50', '2025-06-09 10:47:50');
/*==================================================*/
/* Origin (request): POST https://rta2.puntlandgov.org/livewire/message/transaction.payment.payment-component
   Query 48 - 2025-06-09 10:47:50 [0.14ms] */
select * from `workflow_definition` where `workflow_id` = 2 and `step_number` = 3 and `workflow_definition`.`deleted_at` is null limit 1;
/*==================================================*/
/* Origin (request): POST https://rta2.puntlandgov.org/livewire/message/transaction.payment.payment-component
   Query 49 - 2025-06-09 10:47:50 [0.39ms] */
update `transaction` set `current_workflow_state_id` = 8, `updated_by` = 77, `transaction`.`updated_at` = '2025-06-09 10:47:50' where `id` = 482468;
/*==================================================*/
/* Origin (request): POST https://rta2.puntlandgov.org/livewire/message/transaction.payment.payment-component
   Query 50 - 2025-06-09 10:47:50 [0.13ms] */
select * from `service` where `service`.`id` = 2 and `service`.`id` is not null and `service`.`deleted_at` is null limit 1;
/*==================================================*/
/* Origin (request): POST https://rta2.puntlandgov.org/livewire/message/transaction.payment.payment-component
   Query 51 - 2025-06-09 10:47:50 [0.21ms] */
select * from `invoice` where `invoice`.`id` = 459981 and `invoice`.`id` is not null and `invoice`.`deleted_at` is null limit 1;
/*==================================================*/
/* Origin (request): POST https://rta2.puntlandgov.org/livewire/message/transaction.payment.payment-component
   Query 52 - 2025-06-09 10:47:50 [0.29ms] */
select * from `vehicle_tax` where `transaction_id` = 482468 and `vehicle_tax`.`deleted_at` is null limit 1;
/*==================================================*/
/* Origin (request): POST https://rta2.puntlandgov.org/livewire/message/transaction.payment.payment-component
   Query 53 - 2025-06-09 10:47:50 [0.16ms] */
update `vehicle_tax` set `status` = 'PAID', `updated_by` = 77, `vehicle_tax`.`updated_at` = '2025-06-09 10:47:50' where `id` = 384341;
/*==================================================*/
/* Origin (request): POST https://rta2.puntlandgov.org/livewire/message/transaction.payment.payment-component
   Query 54 - 2025-06-09 10:47:50 [0.17ms] */
select * from `vehicle_tax` where `id` = 384341 limit 1;
/*==================================================*/
/* Origin (request): POST https://rta2.puntlandgov.org/livewire/message/transaction.payment.payment-component
   Query 55 - 2025-06-09 10:47:50 [0.2ms] */
insert into `activity_log` (`log_name`, `properties`, `causer_id`, `causer_type`, `subject_id`, `subject_type`, `description`, `updated_at`, `created_at`) values ('vehicle_tax', '{"attributes":{"status":"PAID"},"old":{"status":"INPROGRESS"}}', 77, 'App\Models\User', 384341, 'Modules\Vehicle\Entities\VehicleTax', 'updated', '2025-06-09 10:47:50', '2025-06-09 10:47:50');
/*==================================================*/
/* Origin (request): POST https://rta2.puntlandgov.org/livewire/message/transaction.payment.payment-component
   Query 56 - 2025-06-09 10:47:50 [0.2ms] */
select * from `invoice` where `invoice`.`id` = 606931 and `invoice`.`id` is not null and `invoice`.`deleted_at` is null limit 1;
/*==================================================*/
/* Origin (request): POST https://rta2.puntlandgov.org/livewire/message/transaction.payment.payment-component
   Query 57 - 2025-06-09 10:47:50 [0.19ms] */
select * from `invoice` where `invoice`.`id` = 606931 and `invoice`.`deleted_at` is null limit 1;
/*==================================================*/
/* Origin (request): POST https://rta2.puntlandgov.org/livewire/message/transaction.payment.payment-component
   Query 58 - 2025-06-09 10:47:50 [0.16ms] */
insert into `invoice_payment` (`created_at`, `invoice_id`, `payment_id`, `updated_at`) values ('2025-06-09 10:47:50', 606931, 200522, '2025-06-09 10:47:50');
/*==================================================*/
/* Origin (request): POST https://rta2.puntlandgov.org/livewire/message/transaction.payment.payment-component
   Query 59 - 2025-06-09 10:47:50 [0.19ms] */
select * from `invoice` where `invoice`.`id` = 606931 and `invoice`.`deleted_at` is null limit 1;
/*==================================================*/
/* Origin (request): POST https://rta2.puntlandgov.org/livewire/message/transaction.payment.payment-component
   Query 60 - 2025-06-09 10:47:50 [0.24ms] */
select `Payment`.*, `invoice_payment`.`invoice_id` as `pivot_invoice_id`, `invoice_payment`.`payment_id` as `pivot_payment_id`, `invoice_payment`.`created_at` as `pivot_created_at`, `invoice_payment`.`updated_at` as `pivot_updated_at` from `Payment` inner join `invoice_payment` on `Payment`.`id` = `invoice_payment`.`payment_id` where `invoice_payment`.`invoice_id` = 606931 and `Payment`.`deleted_at` is null;
/*==================================================*/
/* Origin (request): POST https://rta2.puntlandgov.org/livewire/message/transaction.payment.payment-component
   Query 61 - 2025-06-09 10:47:50 [0.16ms] */
update `invoice` set `outstanding_balance` = 0, `status` = 'PAID', `updated_by` = 77, `invoice`.`updated_at` = '2025-06-09 10:47:50' where `id` = 606931;
/*==================================================*/
/* Origin (request): POST https://rta2.puntlandgov.org/livewire/message/transaction.payment.payment-component
   Query 62 - 2025-06-09 10:47:50 [0.18ms] */
select * from `invoice` where `id` = 606931 limit 1;
/*==================================================*/
/* Origin (request): POST https://rta2.puntlandgov.org/livewire/message/transaction.payment.payment-component
   Query 63 - 2025-06-09 10:47:50 [0.18ms] */
insert into `activity_log` (`log_name`, `properties`, `causer_id`, `causer_type`, `subject_id`, `subject_type`, `description`, `updated_at`, `created_at`) values ('invoice', '{"attributes":{"outstanding_balance":"0.00","status":"PAID"},"old":{"outstanding_balance":"45.00","status":"OPEN"}}', 77, 'App\Models\User', 606931, 'Modules\Transaction\Entities\Invoice', 'updated', '2025-06-09 10:47:50', '2025-06-09 10:47:50');
/*==================================================*/
/* Origin (request): POST https://rta2.puntlandgov.org/livewire/message/transaction.payment.payment-component
   Query 64 - 2025-06-09 10:47:50 [0.22ms] */
select * from `transaction` where `transaction`.`id` = 633948 and `transaction`.`deleted_at` is null limit 1;
/*==================================================*/
/* Origin (request): POST https://rta2.puntlandgov.org/livewire/message/transaction.payment.payment-component
   Query 65 - 2025-06-09 10:47:50 [0.21ms] */
select * from `transaction` where `transaction`.`id` = 633948 and `transaction`.`deleted_at` is null limit 1;
/*==================================================*/
/* Origin (request): POST https://rta2.puntlandgov.org/livewire/message/transaction.payment.payment-component
   Query 66 - 2025-06-09 10:47:50 [0.13ms] */
select * from `service_workflow` where `service_workflow`.`id` = 2 and `service_workflow`.`id` is not null and `service_workflow`.`deleted_at` is null limit 1;
/*==================================================*/
/* Origin (request): POST https://rta2.puntlandgov.org/livewire/message/transaction.payment.payment-component
   Query 67 - 2025-06-09 10:47:50 [0.13ms] */
select * from `service` where `service`.`id` = 2 and `service`.`deleted_at` is null limit 1;
/*==================================================*/
/* Origin (request): POST https://rta2.puntlandgov.org/livewire/message/transaction.payment.payment-component
   Query 68 - 2025-06-09 10:47:50 [0.19ms] */
select * from `workflow_definition` where `workflow_definition`.`id` = 7 and `workflow_definition`.`id` is not null and `workflow_definition`.`deleted_at` is null limit 1;
/*==================================================*/
/* Origin (request): POST https://rta2.puntlandgov.org/livewire/message/transaction.payment.payment-component
   Query 69 - 2025-06-09 10:47:50 [0.17ms] */
select * from `roles` where `roles`.`id` = 7 and `roles`.`id` is not null limit 1;
/*==================================================*/
/* Origin (request): POST https://rta2.puntlandgov.org/livewire/message/transaction.payment.payment-component
   Query 70 - 2025-06-09 10:47:50 [0.19ms] */
insert into `transaction_workflow` (`transaction_id`, `action`, `action_date`, `role_id`, `user_id`, `comments`, `updated_by`, `created_by`, `created_at`, `updated_at`) values (633948, 'PAID', '2025-06-09 10:47:50', 7, 77, null, 77, 77, '2025-06-09 10:47:50', '2025-06-09 10:47:50');
/*==================================================*/
/* Origin (request): POST https://rta2.puntlandgov.org/livewire/message/transaction.payment.payment-component
   Query 71 - 2025-06-09 10:47:50 [0.23ms] */
select * from `workflow_definition` where `workflow_id` = 2 and `step_number` = 3 and `workflow_definition`.`deleted_at` is null limit 1;
/*==================================================*/
/* Origin (request): POST https://rta2.puntlandgov.org/livewire/message/transaction.payment.payment-component
   Query 72 - 2025-06-09 10:47:50 [0.24ms] */
update `transaction` set `assigned_to` = null, `current_workflow_state_id` = 8, `transaction`.`updated_at` = '2025-06-09 10:47:50' where `id` = 633948;
/*==================================================*/
/* Origin (request): POST https://rta2.puntlandgov.org/livewire/message/transaction.payment.payment-component
   Query 73 - 2025-06-09 10:47:50 [0.13ms] */
select * from `service` where `service`.`id` = 2 and `service`.`id` is not null and `service`.`deleted_at` is null limit 1;
/*==================================================*/
/* Origin (request): POST https://rta2.puntlandgov.org/livewire/message/transaction.payment.payment-component
   Query 74 - 2025-06-09 10:47:50 [0.19ms] */
select * from `invoice` where `invoice`.`id` = 606931 and `invoice`.`id` is not null and `invoice`.`deleted_at` is null limit 1;
/*==================================================*/
/* Origin (request): POST https://rta2.puntlandgov.org/livewire/message/transaction.payment.payment-component
   Query 75 - 2025-06-09 10:47:50 [0.48ms] */
select * from `transaction` where `transaction`.`id` = 633948 and `transaction`.`deleted_at` is null limit 1;
/*==================================================*/
/* Origin (request): POST https://rta2.puntlandgov.org/livewire/message/transaction.payment.payment-component
   Query 76 - 2025-06-09 10:47:51 [176.84ms] */
select `invoice`.* from `invoice` inner join `transaction` on `invoice`.`id` = `transaction`.`invoice_id` where `invoice`.`invoice_amount` <> 0.00 and `transaction`.`parent_id` = 633948 and `invoice`.`deleted_at` is null;
/*==================================================*/
/* Origin (request): POST https://rta2.puntlandgov.org/livewire/message/transaction.payment.payment-component
   Query 77 - 2025-06-09 10:47:51 [0.27ms] */
select `invoice`.* from `invoice` inner join `transaction` on `invoice`.`id` = `transaction`.`invoice_id` where `invoice`.`invoice_amount` <> 0.00 and `transaction`.`parent_id` = 633948 and `invoice`.`deleted_at` is null;
/*==================================================*/
/* Origin (request): POST https://rta2.puntlandgov.org/livewire/message/transaction.payment.payment-component
   Query 78 - 2025-06-09 10:47:51 [128.63ms] */
select sum(`outstanding_balance`) as aggregate from `invoice` inner join `transaction` on `invoice`.`id` = `transaction`.`invoice_id` where `invoice`.`invoice_amount` <> 0.00 and `transaction`.`parent_id` = 633948 and `invoice`.`deleted_at` is null;
/*==================================================*/
/* Origin (request): POST https://rta2.puntlandgov.org/livewire/message/transaction.payment.payment-component
   Query 79 - 2025-06-09 10:47:51 [0.26ms] */
select * from `transaction` where `transaction`.`id` = 633948 and `transaction`.`deleted_at` is null limit 1;
/*==================================================*/
/* Origin (request): POST https://rta2.puntlandgov.org/livewire/message/transaction.payment.payment-component
   Query 80 - 2025-06-09 10:47:51 [0.13ms] */
select * from `service_workflow` where `service_workflow`.`id` = 2 and `service_workflow`.`id` is not null and `service_workflow`.`deleted_at` is null limit 1;
/*==================================================*/
/* Origin (request): POST https://rta2.puntlandgov.org/livewire/message/transaction.payment.payment-component
   Query 81 - 2025-06-09 10:47:51 [0.14ms] */
select * from `service` where `service`.`id` = 2 and `service`.`deleted_at` is null limit 1;
/*==================================================*/
/* Origin (request): POST https://rta2.puntlandgov.org/livewire/message/transaction.payment.payment-component
   Query 82 - 2025-06-09 10:47:51 [0.12ms] */
select * from `service` where `service`.`id` = 2 and `service`.`id` is not null and `service`.`deleted_at` is null limit 1;
/*==================================================*/
/* Origin (request): POST https://rta2.puntlandgov.org/livewire/message/transaction.payment.payment-component
   Query 83 - 2025-06-09 10:47:51 [276.1ms] */
select sum(`invoice`.`invoice_amount`) as aggregate from `vehicle_tax` inner join `term` on `term`.`id` = `vehicle_tax`.`term_id` inner join `transaction` on `transaction`.`id` = `vehicle_tax`.`transaction_id` inner join `invoice` on `invoice`.`id` = `transaction`.`invoice_id` where `transaction`.`parent_id` = 633948 and `vehicle_tax`.`exempt` = 'Y' and `vehicle_tax`.`deleted_at` is null;
/*==================================================*/
/* Origin (request): POST https://rta2.puntlandgov.org/livewire/message/transaction.payment.payment-component
   Query 84 - 2025-06-09 10:47:51 [0.29ms] */
select * from `party` where `party`.`id` = 31745 and `party`.`id` is not null and `party`.`deleted_at` is null limit 1;
/*==================================================*/
/* Origin (request): POST https://rta2.puntlandgov.org/livewire/message/transaction.payment.payment-component
   Query 85 - 2025-06-09 10:47:51 [0.12ms] */
select * from `payment_method` where `payment_method`.`deleted_at` is null;
/*==================================================*/
/* Origin (request): POST https://rta2.puntlandgov.org/livewire/message/transaction.payment.payment-component
   Query 86 - 2025-06-09 10:47:51 [0.29ms] */
select * from `transaction` where `transaction`.`id` = 482467 and `transaction`.`deleted_at` is null limit 1;
/*==================================================*/
/* Origin (request): POST https://rta2.puntlandgov.org/livewire/message/transaction.payment.payment-component
   Query 87 - 2025-06-09 10:47:51 [0.13ms] */
select * from `service_workflow` where `service_workflow`.`id` = 2 and `service_workflow`.`id` is not null and `service_workflow`.`deleted_at` is null limit 1;
/*==================================================*/
/* Origin (request): POST https://rta2.puntlandgov.org/livewire/message/transaction.payment.payment-component
   Query 88 - 2025-06-09 10:47:51 [0.13ms] */
select * from `service` where `service`.`id` = 2 and `service`.`deleted_at` is null limit 1;
/*==================================================*/
/* Origin (request): POST https://rta2.puntlandgov.org/livewire/message/transaction.payment.payment-component
   Query 89 - 2025-06-09 10:47:51 [0.12ms] */
select * from `service` where `service`.`id` = 2 and `service`.`id` is not null and `service`.`deleted_at` is null limit 1;
/*==================================================*/
/* Origin (request): POST https://rta2.puntlandgov.org/livewire/message/transaction.payment.payment-component
   Query 90 - 2025-06-09 10:47:51 [0.22ms] */
select * from `transaction` where `transaction`.`id` = 482468 and `transaction`.`deleted_at` is null limit 1;
/*==================================================*/
/* Origin (request): POST https://rta2.puntlandgov.org/livewire/message/transaction.payment.payment-component
   Query 91 - 2025-06-09 10:47:51 [0.12ms] */
select * from `service_workflow` where `service_workflow`.`id` = 2 and `service_workflow`.`id` is not null and `service_workflow`.`deleted_at` is null limit 1;
/*==================================================*/
/* Origin (request): POST https://rta2.puntlandgov.org/livewire/message/transaction.payment.payment-component
   Query 92 - 2025-06-09 10:47:51 [0.13ms] */
select * from `service` where `service`.`id` = 2 and `service`.`deleted_at` is null limit 1;
/*==================================================*/
/* Origin (request): POST https://rta2.puntlandgov.org/livewire/message/transaction.payment.payment-component
   Query 93 - 2025-06-09 10:47:51 [0.12ms] */
select * from `service` where `service`.`id` = 2 and `service`.`id` is not null and `service`.`deleted_at` is null limit 1;
/*==================================================*/
/* Origin (request): POST https://rta2.puntlandgov.org/livewire/message/transaction.payment.payment-component
   Query 94 - 2025-06-09 10:47:51 [0.14ms] */
select * from `service_workflow` where `service_workflow`.`id` = 2 and `service_workflow`.`id` is not null and `service_workflow`.`deleted_at` is null limit 1;
/*==================================================*/
/* Origin (request): POST https://rta2.puntlandgov.org/livewire/message/transaction.payment.payment-component
   Query 95 - 2025-06-09 10:47:51 [0.13ms] */
select * from `service` where `service`.`id` = 2 and `service`.`deleted_at` is null limit 1;
/*==================================================*/
/* Origin (request): POST https://rta2.puntlandgov.org/livewire/message/workflow.view-workflow-transaction-component
   Query 1 - 2025-06-09 10:47:51 [1.32ms] */
select * from `users` where `id` = 77 and `users`.`deleted_at` is null limit 1;
/*==================================================*/
/* Origin (request): POST https://rta2.puntlandgov.org/livewire/message/workflow.view-workflow-transaction-component
   Query 2 - 2025-06-09 10:47:51 [0.44ms] */
select column_name as `column_name` from information_schema.columns where table_schema = 'prod_rta' and table_name = 'roles';
/*==================================================*/
/* Origin (request): POST https://rta2.puntlandgov.org/livewire/message/workflow.view-workflow-transaction-component
   Query 3 - 2025-06-09 10:47:51 [0.32ms] */
select column_name as `column_name` from information_schema.columns where table_schema = 'prod_rta' and table_name = 'permissions';
/*==================================================*/
/* Origin (request): POST https://rta2.puntlandgov.org/livewire/message/workflow.view-workflow-transaction-component
   Query 4 - 2025-06-09 10:47:51 [0.68ms] */
select column_name as `column_name` from information_schema.columns where table_schema = 'prod_rta' and table_name = 'permissions';
/*==================================================*/
/* Origin (request): POST https://rta2.puntlandgov.org/livewire/message/workflow.view-workflow-transaction-component
   Query 5 - 2025-06-09 10:47:51 [0.38ms] */
select * from `transaction` where `transaction`.`id` = 633948 limit 1;
/*==================================================*/
/* Origin (request): POST https://rta2.puntlandgov.org/livewire/message/workflow.view-workflow-transaction-component
   Query 6 - 2025-06-09 10:47:51 [0.15ms] */
select * from `service_workflow` where `service_workflow`.`id` in (2) and `service_workflow`.`deleted_at` is null;
/*==================================================*/
/* Origin (request): POST https://rta2.puntlandgov.org/livewire/message/workflow.view-workflow-transaction-component
   Query 7 - 2025-06-09 10:47:51 [0.14ms] */
select * from `service` where `service`.`id` in (2) and `service`.`deleted_at` is null;
/*==================================================*/
/* Origin (request): POST https://rta2.puntlandgov.org/livewire/message/workflow.view-workflow-transaction-component
   Query 8 - 2025-06-09 10:47:51 [0.13ms] */
select * from `workflow` where `workflow`.`id` in (2) and `workflow`.`deleted_at` is null;
/*==================================================*/
/* Origin (request): POST https://rta2.puntlandgov.org/livewire/message/workflow.view-workflow-transaction-component
   Query 9 - 2025-06-09 10:47:51 [0.15ms] */
select * from `users` where `users`.`id` in (null) and `users`.`deleted_at` is null;
/*==================================================*/
/* Origin (request): POST https://rta2.puntlandgov.org/livewire/message/workflow.view-workflow-transaction-component
   Query 10 - 2025-06-09 10:47:51 [0.14ms] */
select * from `workflow_definition` where `workflow_definition`.`id` in (8) and `workflow_definition`.`deleted_at` is null;
/*==================================================*/
/* Origin (request): POST https://rta2.puntlandgov.org/livewire/message/workflow.view-workflow-transaction-component
   Query 11 - 2025-06-09 10:47:51 [0.12ms] */
select * from `roles` where `roles`.`id` in (8);
/*==================================================*/
/* Origin (request): POST https://rta2.puntlandgov.org/livewire/message/workflow.view-workflow-transaction-component
   Query 12 - 2025-06-09 10:47:51 [0.15ms] */
select * from `party_vehicle` where `party_vehicle`.`id` in (98260) and `party_vehicle`.`deleted_at` is null;
/*==================================================*/
/* Origin (request): POST https://rta2.puntlandgov.org/livewire/message/workflow.view-workflow-transaction-component
   Query 13 - 2025-06-09 10:47:51 [0.13ms] */
select * from `classification_type` where `classification_type`.`id` in (2) and `classification_type`.`deleted_at` is null;
/*==================================================*/
/* Origin (request): POST https://rta2.puntlandgov.org/livewire/message/workflow.view-workflow-transaction-component
   Query 14 - 2025-06-09 10:47:51 [0.14ms] */
select * from `district` where `district`.`id` in (2) and `district`.`deleted_at` is null;
/*==================================================*/
/* Origin (request): POST https://rta2.puntlandgov.org/livewire/message/workflow.view-workflow-transaction-component
   Query 15 - 2025-06-09 10:47:51 [0.13ms] */
select * from `region` where `region`.`id` in (1) and `region`.`deleted_at` is null;
/*==================================================*/
/* Origin (request): POST https://rta2.puntlandgov.org/livewire/message/workflow.view-workflow-transaction-component
   Query 16 - 2025-06-09 10:47:51 [0.26ms] */
select * from `transaction` where `transaction`.`id` = 633948 and `transaction`.`deleted_at` is null limit 1;
/*==================================================*/
/* Origin (request): POST https://rta2.puntlandgov.org/livewire/message/workflow.view-workflow-transaction-component
   Query 17 - 2025-06-09 10:47:51 [0.29ms] */
select * from `transaction_workflow` where `transaction_id` = 633948 and `transaction_workflow`.`deleted_at` is null order by `action_date` desc;
/*==================================================*/
/* Origin (request): POST https://rta2.puntlandgov.org/livewire/message/workflow.view-workflow-transaction-component
   Query 18 - 2025-06-09 10:47:51 [0.31ms] */
select * from `invoice` where `transaction_id` = 633948 and `invoice`.`deleted_at` is null limit 1;
/*==================================================*/
/* Origin (request): POST https://rta2.puntlandgov.org/livewire/message/workflow.view-workflow-transaction-component
   Query 19 - 2025-06-09 10:47:51 [0.29ms] */
select * from `invoice_payment` where `invoice_id` = 606931;
/*==================================================*/
/* Origin (request): POST https://rta2.puntlandgov.org/livewire/message/workflow.view-workflow-transaction-component
   Query 20 - 2025-06-09 10:47:51 [0.13ms] */
select * from `payment_documents` where `transaction_id` = 633948;
/*==================================================*/
/* Origin (request): POST https://rta2.puntlandgov.org/livewire/message/workflow.view-workflow-transaction-component
   Query 21 - 2025-06-09 10:47:51 [0.14ms] */
select * from `party_vehicle_purchase` where `transaction_id` = 633948 and `party_vehicle_purchase`.`deleted_at` is null limit 1;
/*==================================================*/
/* Origin (request): POST https://rta2.puntlandgov.org/livewire/message/workflow.view-workflow-transaction-component
   Query 22 - 2025-06-09 10:47:51 [0.14ms] */
select * from `service_workflow` where `service_workflow`.`id` = 2 and `service_workflow`.`id` is not null and `service_workflow`.`deleted_at` is null limit 1;
/*==================================================*/
/* Origin (request): POST https://rta2.puntlandgov.org/livewire/message/workflow.view-workflow-transaction-component
   Query 23 - 2025-06-09 10:47:51 [0.13ms] */
select * from `service` where `service`.`id` = 2 and `service`.`deleted_at` is null limit 1;
/*==================================================*/
/* Origin (request): POST https://rta2.puntlandgov.org/livewire/message/workflow.view-workflow-transaction-component
   Query 24 - 2025-06-09 10:47:51 [0.15ms] */
select * from `workflow_definition` where `workflow_definition`.`id` = 8 and `workflow_definition`.`id` is not null and `workflow_definition`.`deleted_at` is null limit 1;
/*==================================================*/
/* Origin (request): POST https://rta2.puntlandgov.org/livewire/message/workflow.view-workflow-transaction-component
   Query 25 - 2025-06-09 10:47:51 [0.13ms] */
select * from `roles` where `roles`.`id` = 8 and `roles`.`id` is not null limit 1;
/*==================================================*/
/* Origin (request): POST https://rta2.puntlandgov.org/livewire/message/workflow.view-workflow-transaction-component
   Query 26 - 2025-06-09 10:47:51 [0.16ms] */
select * from `workflow` where `workflow`.`id` = 2 and `workflow`.`deleted_at` is null limit 1;
/*==================================================*/
/* Origin (request): POST https://rta2.puntlandgov.org/livewire/message/workflow.view-workflow-transaction-component
   Query 27 - 2025-06-09 10:47:52 [0.3ms] */
select * from `transaction_workflow` where `transaction_id` = 633948 and `transaction_workflow`.`deleted_at` is null order by `action_date` desc limit 1;
/*==================================================*/
/* Origin (request): POST https://rta2.puntlandgov.org/livewire/message/workflow.view-workflow-transaction-component
   Query 28 - 2025-06-09 10:47:52 [325.87ms] */
select count(*) as aggregate from `transaction_workflow` where `transaction_workflow`.`deleted_at` is null;
/*==================================================*/
/* Origin (request): POST https://rta2.puntlandgov.org/livewire/message/workflow.view-workflow-transaction-component
   Query 29 - 2025-06-09 10:47:52 [0.31ms] */
select * from `transaction_workflow` where `transaction_id` = 633948 and `transaction_workflow`.`deleted_at` is null order by `action_date` desc limit 1;
/*==================================================*/
/* Origin (request): POST https://rta2.puntlandgov.org/livewire/message/workflow.view-workflow-transaction-component
   Query 30 - 2025-06-09 10:47:52 [0.17ms] */
select count(*) as aggregate from `transaction_workflow` where `transaction_workflow`.`deleted_at` is null;
/*==================================================*/
/* Origin (request): POST https://rta2.puntlandgov.org/livewire/message/workflow.view-workflow-transaction-component
   Query 31 - 2025-06-09 10:47:52 [0.18ms] */
select * from `transaction_workflow` where `transaction_id` = 633948 and `transaction_workflow`.`deleted_at` is null order by `action_date` desc limit 1;
/*==================================================*/
/* Origin (request): POST https://rta2.puntlandgov.org/livewire/message/workflow.view-workflow-transaction-component
   Query 32 - 2025-06-09 10:47:52 [0.14ms] */
select count(*) as aggregate from `transaction_workflow` where `transaction_workflow`.`deleted_at` is null;
/*==================================================*/
/* Origin (request): POST https://rta2.puntlandgov.org/livewire/message/workflow.view-workflow-transaction-component
   Query 33 - 2025-06-09 10:47:52 [0.18ms] */
select * from `party_vehicle` where `party_vehicle`.`id` = 98260 and `party_vehicle`.`deleted_at` is null limit 1;
/*==================================================*/
/* Origin (request): POST https://rta2.puntlandgov.org/livewire/message/workflow.view-workflow-transaction-component
   Query 34 - 2025-06-09 10:47:52 [0.16ms] */
select * from `classification_type` where `classification_type`.`id` = 2 and `classification_type`.`id` is not null and `classification_type`.`deleted_at` is null limit 1;
/*==================================================*/
/* Origin (request): POST https://rta2.puntlandgov.org/livewire/message/workflow.view-workflow-transaction-component
   Query 35 - 2025-06-09 10:47:52 [0.23ms] */
select * from `district` where `district`.`id` = 2 and `district`.`id` is not null and `district`.`deleted_at` is null limit 1;
/*==================================================*/
/* Origin (request): POST https://rta2.puntlandgov.org/livewire/message/workflow.view-workflow-transaction-component
   Query 36 - 2025-06-09 10:47:52 [0.15ms] */
select * from `region` where `region`.`id` = 1 and `region`.`deleted_at` is null limit 1;
/*==================================================*/
/* Origin (request): POST https://rta2.puntlandgov.org/livewire/message/widgets.tax-workflow-widget
   Query 1 - 2025-06-09 10:47:52 [2.01ms] */
select * from `users` where `id` = 77 and `users`.`deleted_at` is null limit 1;
/*==================================================*/
/* Origin (request): POST https://rta2.puntlandgov.org/livewire/message/widgets.tax-workflow-widget
   Query 2 - 2025-06-09 10:47:52 [0.86ms] */
select column_name as `column_name` from information_schema.columns where table_schema = 'prod_rta' and table_name = 'roles';
/*==================================================*/
/* Origin (request): POST https://rta2.puntlandgov.org/livewire/message/widgets.tax-workflow-widget
   Query 3 - 2025-06-09 10:47:52 [0.32ms] */
select column_name as `column_name` from information_schema.columns where table_schema = 'prod_rta' and table_name = 'permissions';
/*==================================================*/
/* Origin (request): POST https://rta2.puntlandgov.org/livewire/message/widgets.tax-workflow-widget
   Query 4 - 2025-06-09 10:47:52 [0.41ms] */
select column_name as `column_name` from information_schema.columns where table_schema = 'prod_rta' and table_name = 'permissions';
/*==================================================*/
/* Origin (request): POST https://rta2.puntlandgov.org/livewire/message/widgets.tax-workflow-widget
   Query 5 - 2025-06-09 10:47:52 [0.3ms] */
select * from `transaction` where `transaction`.`id` = 633948 limit 1;
/*==================================================*/
/* Origin (request): POST https://rta2.puntlandgov.org/livewire/message/widgets.tax-workflow-widget
   Query 6 - 2025-06-09 10:47:52 [0.17ms] */
select * from `transaction` where `transaction`.`id` = 633948 and `transaction`.`deleted_at` is null limit 1;
/*==================================================*/
/* Origin (request): POST https://rta2.puntlandgov.org/livewire/message/widgets.vehicle-tax-quarter-widget
   Query 1 - 2025-06-09 10:47:53 [4.49ms] */
select * from `users` where `id` = 77 and `users`.`deleted_at` is null limit 1;
/*==================================================*/
/* Origin (request): POST https://rta2.puntlandgov.org/livewire/message/widgets.vehicle-tax-quarter-widget
   Query 1 - 2025-06-09 10:47:53 [5.54ms] */
select * from `users` where `id` = 77 and `users`.`deleted_at` is null limit 1;
/*==================================================*/
/* Origin (request): POST https://rta2.puntlandgov.org/livewire/message/widgets.vehicle-tax-quarter-widget
   Query 2 - 2025-06-09 10:47:53 [0.7ms] */
select column_name as `column_name` from information_schema.columns where table_schema = 'prod_rta' and table_name = 'roles';
/*==================================================*/
/* Origin (request): POST https://rta2.puntlandgov.org/livewire/message/widgets.vehicle-tax-quarter-widget
   Query 2 - 2025-06-09 10:47:53 [1.93ms] */
select column_name as `column_name` from information_schema.columns where table_schema = 'prod_rta' and table_name = 'roles';
/*==================================================*/
/* Origin (request): POST https://rta2.puntlandgov.org/livewire/message/widgets.vehicle-tax-quarter-widget
   Query 3 - 2025-06-09 10:47:53 [2ms] */
select column_name as `column_name` from information_schema.columns where table_schema = 'prod_rta' and table_name = 'permissions';
/*==================================================*/
/* Origin (request): POST https://rta2.puntlandgov.org/livewire/message/widgets.vehicle-tax-quarter-widget
   Query 3 - 2025-06-09 10:47:53 [5.89ms] */
select column_name as `column_name` from information_schema.columns where table_schema = 'prod_rta' and table_name = 'permissions';
/*==================================================*/
/* Origin (request): POST https://rta2.puntlandgov.org/livewire/message/widgets.vehicle-tax-quarter-widget
   Query 4 - 2025-06-09 10:47:53 [0.56ms] */
select column_name as `column_name` from information_schema.columns where table_schema = 'prod_rta' and table_name = 'permissions';
/*==================================================*/
/* Origin (request): POST https://rta2.puntlandgov.org/livewire/message/widgets.vehicle-tax-quarter-widget
   Query 4 - 2025-06-09 10:47:53 [0.96ms] */
select column_name as `column_name` from information_schema.columns where table_schema = 'prod_rta' and table_name = 'permissions';
/*==================================================*/
/* Origin (request): POST https://rta2.puntlandgov.org/livewire/message/workflow.workflow-history-component
   Query 1 - 2025-06-09 10:47:53 [8.94ms] */
select * from `users` where `id` = 77 and `users`.`deleted_at` is null limit 1;
/*==================================================*/
/* Origin (request): POST https://rta2.puntlandgov.org/livewire/message/workflow.workflow-history-component
   Query 2 - 2025-06-09 10:47:53 [0.48ms] */
select column_name as `column_name` from information_schema.columns where table_schema = 'prod_rta' and table_name = 'roles';
/*==================================================*/
/* Origin (request): POST https://rta2.puntlandgov.org/livewire/message/workflow.workflow-history-component
   Query 3 - 2025-06-09 10:47:53 [0.46ms] */
select column_name as `column_name` from information_schema.columns where table_schema = 'prod_rta' and table_name = 'permissions';
/*==================================================*/
/* Origin (request): POST https://rta2.puntlandgov.org/livewire/message/widgets.workflow-progress-widget
   Query 1 - 2025-06-09 10:47:53 [9.76ms] */
select * from `users` where `id` = 77 and `users`.`deleted_at` is null limit 1;
/*==================================================*/
/* Origin (request): POST https://rta2.puntlandgov.org/livewire/message/widgets.workflow-progress-widget
   Query 2 - 2025-06-09 10:47:53 [0.48ms] */
select column_name as `column_name` from information_schema.columns where table_schema = 'prod_rta' and table_name = 'roles';
/*==================================================*/
/* Origin (request): POST https://rta2.puntlandgov.org/livewire/message/widgets.workflow-progress-widget
   Query 3 - 2025-06-09 10:47:53 [0.36ms] */
select column_name as `column_name` from information_schema.columns where table_schema = 'prod_rta' and table_name = 'permissions';
/*==================================================*/
/* Origin (request): POST https://rta2.puntlandgov.org/livewire/message/widgets.workflow-progress-widget
   Query 4 - 2025-06-09 10:47:53 [0.47ms] */
select column_name as `column_name` from information_schema.columns where table_schema = 'prod_rta' and table_name = 'permissions';
/*==================================================*/
/* Origin (request): POST https://rta2.puntlandgov.org/livewire/message/workflow.workflow-history-component
   Query 4 - 2025-06-09 10:47:53 [17.8ms] */
select column_name as `column_name` from information_schema.columns where table_schema = 'prod_rta' and table_name = 'permissions';
/*==================================================*/
/* Origin (request): POST https://rta2.puntlandgov.org/livewire/message/widgets.vehicle-tax-quarter-widget
   Query 5 - 2025-06-09 10:47:53 [0.52ms] */
select * from `vehicle_tax` where `vehicle_tax`.`id` = 384340 limit 1;
/*==================================================*/
/* Origin (request): POST https://rta2.puntlandgov.org/livewire/message/widgets.vehicle-tax-quarter-widget
   Query 6 - 2025-06-09 10:47:53 [0.15ms] */
select * from `term` where `term`.`id` in (103) and `term`.`deleted_at` is null;
/*==================================================*/
/* Origin (request): POST https://rta2.puntlandgov.org/livewire/message/widgets.workflow-progress-widget
   Query 5 - 2025-06-09 10:47:53 [0.23ms] */
select * from `transaction` where `transaction`.`id` = 633948 limit 1;
/*==================================================*/
/* Origin (request): POST https://rta2.puntlandgov.org/livewire/message/widgets.workflow-progress-widget
   Query 6 - 2025-06-09 10:47:53 [0.15ms] */
select * from `service_workflow` where `service_workflow`.`id` in (2) and `service_workflow`.`deleted_at` is null;
/*==================================================*/
/* Origin (request): POST https://rta2.puntlandgov.org/livewire/message/widgets.workflow-progress-widget
   Query 7 - 2025-06-09 10:47:53 [0.14ms] */
select * from `service` where `service`.`id` in (2) and `service`.`deleted_at` is null;
/*==================================================*/
/* Origin (request): POST https://rta2.puntlandgov.org/livewire/message/widgets.workflow-progress-widget
   Query 8 - 2025-06-09 10:47:53 [0.14ms] */
select * from `workflow` where `workflow`.`id` in (2) and `workflow`.`deleted_at` is null;
/*==================================================*/
/* Origin (request): POST https://rta2.puntlandgov.org/livewire/message/widgets.workflow-progress-widget
   Query 9 - 2025-06-09 10:47:53 [0.15ms] */
select * from `users` where `users`.`id` in (null) and `users`.`deleted_at` is null;
/*==================================================*/
/* Origin (request): POST https://rta2.puntlandgov.org/livewire/message/widgets.workflow-progress-widget
   Query 10 - 2025-06-09 10:47:53 [0.16ms] */
select * from `workflow_definition` where `workflow_definition`.`id` in (8) and `workflow_definition`.`deleted_at` is null;
/*==================================================*/
/* Origin (request): POST https://rta2.puntlandgov.org/livewire/message/widgets.workflow-progress-widget
   Query 11 - 2025-06-09 10:47:53 [0.13ms] */
select * from `roles` where `roles`.`id` in (8);
/*==================================================*/
/* Origin (request): POST https://rta2.puntlandgov.org/livewire/message/widgets.workflow-progress-widget
   Query 12 - 2025-06-09 10:47:53 [0.16ms] */
select * from `vehicle` where `vehicle`.`id` in (98107) and `vehicle`.`deleted_at` is null;
/*==================================================*/
/* Origin (request): POST https://rta2.puntlandgov.org/livewire/message/widgets.workflow-progress-widget
   Query 13 - 2025-06-09 10:47:53 [0.15ms] */
select * from `party` where `party`.`id` in (31745) and `party`.`deleted_at` is null;
/*==================================================*/
/* Origin (request): POST https://rta2.puntlandgov.org/livewire/message/widgets.workflow-progress-widget
   Query 14 - 2025-06-09 10:47:53 [0.15ms] */
select * from `party_vehicle` where `party_vehicle`.`id` in (98260) and `party_vehicle`.`deleted_at` is null;
/*==================================================*/
/* Origin (request): POST https://rta2.puntlandgov.org/livewire/message/widgets.workflow-progress-widget
   Query 15 - 2025-06-09 10:47:53 [0.15ms] */
select * from `classification_type` where `classification_type`.`id` in (2) and `classification_type`.`deleted_at` is null;
/*==================================================*/
/* Origin (request): POST https://rta2.puntlandgov.org/livewire/message/widgets.workflow-progress-widget
   Query 16 - 2025-06-09 10:47:53 [0.14ms] */
select * from `district` where `district`.`id` in (2) and `district`.`deleted_at` is null;
/*==================================================*/
/* Origin (request): POST https://rta2.puntlandgov.org/livewire/message/widgets.workflow-progress-widget
   Query 17 - 2025-06-09 10:47:53 [0.14ms] */
select * from `region` where `region`.`id` in (1) and `region`.`deleted_at` is null;
/*==================================================*/
/* Origin (request): POST https://rta2.puntlandgov.org/livewire/message/widgets.vehicle-tax-quarter-widget
   Query 5 - 2025-06-09 10:47:53 [9.52ms] */
select * from `vehicle_tax` where `vehicle_tax`.`id` = 384341 limit 1;
/*==================================================*/
/* Origin (request): POST https://rta2.puntlandgov.org/livewire/message/widgets.workflow-progress-widget
   Query 18 - 2025-06-09 10:47:53 [0.15ms] */
select * from `workflow_definition` where `workflow_id` = 2 and `workflow_definition`.`deleted_at` is null;
/*==================================================*/
/* Origin (request): POST https://rta2.puntlandgov.org/livewire/message/widgets.vehicle-tax-quarter-widget
   Query 6 - 2025-06-09 10:47:53 [0.19ms] */
select * from `term` where `term`.`id` in (104) and `term`.`deleted_at` is null;
/*==================================================*/
/* Origin (request): POST https://rta2.puntlandgov.org/livewire/message/widgets.workflow-progress-widget
   Query 19 - 2025-06-09 10:47:53 [0.14ms] */
select * from `roles` where `roles`.`id` = 5 and `roles`.`id` is not null limit 1;
/*==================================================*/
/* Origin (request): POST https://rta2.puntlandgov.org/livewire/message/widgets.workflow-progress-widget
   Query 20 - 2025-06-09 10:47:53 [0.13ms] */
select * from `roles` where `roles`.`id` = 7 and `roles`.`id` is not null limit 1;
/*==================================================*/
/* Origin (request): POST https://rta2.puntlandgov.org/livewire/message/widgets.workflow-progress-widget
   Query 21 - 2025-06-09 10:47:53 [0.13ms] */
select * from `roles` where `roles`.`id` = 8 and `roles`.`id` is not null limit 1;
/*==================================================*/
/* Origin (request): POST https://rta2.puntlandgov.org/livewire/message/widgets.workflow-progress-widget
   Query 22 - 2025-06-09 10:47:53 [0.13ms] */
select * from `roles` where `roles`.`id` = 9 and `roles`.`id` is not null limit 1;
/*==================================================*/
/* Origin (request): POST https://rta2.puntlandgov.org/livewire/message/workflow.workflow-history-component
   Query 5 - 2025-06-09 10:47:53 [0.54ms] */
select * from `transaction_workflow` where `transaction_id` = 633948 and `transaction_workflow`.`deleted_at` is null order by `action_date` desc;
/*==================================================*/
/* Origin (request): POST https://rta2.puntlandgov.org/livewire/message/workflow.workflow-history-component
   Query 6 - 2025-06-09 10:47:53 [0.17ms] */
select * from `users` where `users`.`id` = 77 and `users`.`id` is not null and `users`.`deleted_at` is null limit 1;
/*==================================================*/
/* Origin (request): POST https://rta2.puntlandgov.org/livewire/message/workflow.workflow-history-component
   Query 7 - 2025-06-09 10:47:53 [0.13ms] */
select * from `roles` where `roles`.`id` = 7 and `roles`.`id` is not null limit 1;
/*==================================================*/
/* Origin (request): POST https://rta2.puntlandgov.org/livewire/message/workflow.workflow-history-component
   Query 8 - 2025-06-09 10:47:53 [0.14ms] */
select * from `users` where `users`.`id` = 77 and `users`.`id` is not null and `users`.`deleted_at` is null limit 1;
/*==================================================*/
/* Origin (request): POST https://rta2.puntlandgov.org/livewire/message/workflow.workflow-history-component
   Query 9 - 2025-06-09 10:47:53 [0.13ms] */
select * from `roles` where `roles`.`id` = 7 and `roles`.`id` is not null limit 1;
/*==================================================*/
/* Origin (request): POST https://rta2.puntlandgov.org/livewire/message/workflow.workflow-history-component
   Query 10 - 2025-06-09 10:47:53 [0.16ms] */
select * from `users` where `users`.`id` = 74 and `users`.`id` is not null and `users`.`deleted_at` is null limit 1;
/*==================================================*/
/* Origin (request): POST https://rta2.puntlandgov.org/livewire/message/workflow.workflow-history-component
   Query 11 - 2025-06-09 10:47:53 [0.13ms] */
select * from `roles` where `roles`.`id` = 5 and `roles`.`id` is not null limit 1;
/*==================================================*/
/* Origin (request): POST https://rta2.puntlandgov.org/livewire/message/workflow.workflow-history-component
   Query 12 - 2025-06-09 10:47:53 [0.14ms] */
select * from `users` where `users`.`id` = 74 and `users`.`id` is not null and `users`.`deleted_at` is null limit 1;
/*==================================================*/
/* Origin (request): POST https://rta2.puntlandgov.org/livewire/message/workflow.workflow-history-component
   Query 13 - 2025-06-09 10:47:53 [0.13ms] */
select * from `roles` where `roles`.`id` = 5 and `roles`.`id` is not null limit 1;
/*==================================================*/
/* Origin (request): POST https://rta2.puntlandgov.org/livewire/message/widgets.tax-workflow-widget
   Query 7 - 2025-06-09 10:47:53 [855.38ms] */
select `vehicle_tax`.* from `vehicle_tax` inner join `term` on `term`.`id` = `vehicle_tax`.`term_id` inner join `transaction` on `transaction`.`id` = `vehicle_tax`.`transaction_id` inner join `invoice` on `invoice`.`id` = `transaction`.`invoice_id` where `transaction`.`parent_id` = 633948 and `vehicle_tax`.`deleted_at` is null order by `term`.`first_date_of_quarter` asc;
/*==================================================*/
/* Origin (request): POST https://rta2.puntlandgov.org/livewire/message/widgets.vehicle-tax-quarter-widget
   Query 7 - 2025-06-09 10:47:53 [527.97ms] */
select `vehicle_tax`.* from `vehicle_tax` inner join `transaction` on `transaction`.`id` = `vehicle_tax`.`transaction_id` inner join `invoice` on `invoice`.`id` = `transaction`.`invoice_id` where `invoice`.`id` = 459981 and `vehicle_tax`.`deleted_at` is null limit 1;
/*==================================================*/
/* Origin (request): POST https://rta2.puntlandgov.org/livewire/message/widgets.vehicle-tax-quarter-widget
   Query 8 - 2025-06-09 10:47:53 [0.28ms] */
select * from `term` where `term`.`id` = 104 and `term`.`deleted_at` is null limit 1;
/*==================================================*/
/* Origin (request): POST https://rta2.puntlandgov.org/livewire/message/widgets.vehicle-tax-quarter-widget
   Query 7 - 2025-06-09 10:47:53 [581.79ms] */
select `vehicle_tax`.* from `vehicle_tax` inner join `transaction` on `transaction`.`id` = `vehicle_tax`.`transaction_id` inner join `invoice` on `invoice`.`id` = `transaction`.`invoice_id` where `invoice`.`id` = 459980 and `vehicle_tax`.`deleted_at` is null limit 1;
/*==================================================*/
/* Origin (request): POST https://rta2.puntlandgov.org/livewire/message/widgets.vehicle-tax-quarter-widget
   Query 8 - 2025-06-09 10:47:53 [0.28ms] */
select * from `term` where `term`.`id` = 103 and `term`.`deleted_at` is null limit 1;
/*==================================================*/
/* Origin (request): POST https://rta2.puntlandgov.org/livewire/message/widgets.tax-workflow-widget
   Query 8 - 2025-06-09 10:47:54 [695.31ms] */
select sum(`invoice`.`total_invoice_amount`) as aggregate from `vehicle_tax` inner join `term` on `term`.`id` = `vehicle_tax`.`term_id` inner join `transaction` on `transaction`.`id` = `vehicle_tax`.`transaction_id` inner join `invoice` on `invoice`.`id` = `transaction`.`invoice_id` where `transaction`.`parent_id` = 633948 and `vehicle_tax`.`exempt` = 'N' and `vehicle_tax`.`deleted_at` is null;
/*==================================================*/
/* Origin (request): POST https://rta2.puntlandgov.org/livewire/message/widgets.tax-workflow-widget
   Query 9 - 2025-06-09 10:47:54 [0.29ms] */
select * from `term` where `term`.`id` = 103 and `term`.`deleted_at` is null limit 1;
/*==================================================*/
/* Origin (request): POST https://rta2.puntlandgov.org/livewire/message/widgets.tax-workflow-widget
   Query 10 - 2025-06-09 10:47:54 [0.2ms] */
select * from `term` where `term`.`id` = 104 and `term`.`deleted_at` is null limit 1;
/*==================================================*/
/* Origin (request): POST https://rta2.puntlandgov.org/livewire/message/widgets.tax-workflow-widget
   Query 11 - 2025-06-09 10:47:54 [0.36ms] */
select * from `transaction` where `transaction`.`id` = 482468 and `transaction`.`id` is not null and `transaction`.`deleted_at` is null limit 1;
/*==================================================*/
/* Origin (request): POST https://rta2.puntlandgov.org/livewire/message/widgets.tax-workflow-widget
   Query 12 - 2025-06-09 10:47:54 [0.65ms] */
select * from `invoice` where `invoice`.`id` = 459981 and `invoice`.`id` is not null and `invoice`.`deleted_at` is null limit 1;
/*==================================================*/
/* Origin (request): POST https://rta2.puntlandgov.org/livewire/message/widgets.tax-workflow-widget
   Query 13 - 2025-06-09 10:47:54 [0.22ms] */
select * from `service_workflow` where `service_workflow`.`id` = 2 and `service_workflow`.`id` is not null and `service_workflow`.`deleted_at` is null limit 1;
/*==================================================*/
/* Origin (request): POST https://rta2.puntlandgov.org/livewire/message/widgets.tax-workflow-widget
   Query 14 - 2025-06-09 10:47:54 [0.19ms] */
select * from `service` where `service`.`id` = 2 and `service`.`deleted_at` is null limit 1;
/*==================================================*/
/* Origin (request): GET https://rta2.puntlandgov.org/w/wkflw
   Query 1 - 2025-06-09 10:47:55 [2ms] */
select * from `users` where `id` = 77 and `users`.`deleted_at` is null limit 1;
/*==================================================*/
/* Origin (request): GET https://rta2.puntlandgov.org/w/wkflw
   Query 2 - 2025-06-09 10:47:55 [0.83ms] */
select column_name as `column_name` from information_schema.columns where table_schema = 'prod_rta' and table_name = 'roles';
/*==================================================*/
/* Origin (request): GET https://rta2.puntlandgov.org/w/wkflw
   Query 3 - 2025-06-09 10:47:55 [0.54ms] */
select column_name as `column_name` from information_schema.columns where table_schema = 'prod_rta' and table_name = 'permissions';
/*==================================================*/
/* Origin (request): GET https://rta2.puntlandgov.org/w/wkflw
   Query 4 - 2025-06-09 10:47:55 [0.38ms] */
select column_name as `column_name` from information_schema.columns where table_schema = 'prod_rta' and table_name = 'permissions';
/*==================================================*/
/* Origin (request): GET https://rta2.puntlandgov.org/w/wkflw
   Query 5 - 2025-06-09 10:47:56 [0.23ms] */
select * from `service` where `service`.`deleted_at` is null;
/*==================================================*/
/* Origin (request): GET https://rta2.puntlandgov.org/w/wkflw
   Query 6 - 2025-06-09 10:47:56 [0.45ms] */
select column_name as `column_name` from information_schema.columns where table_schema = 'prod_rta' and table_name = 'roles';
/*==================================================*/
/* Origin (request): GET https://rta2.puntlandgov.org/w/wkflw
   Query 7 - 2025-06-09 10:47:56 [0.17ms] */
select `roles`.*, `model_has_roles`.`model_id` as `pivot_model_id`, `model_has_roles`.`role_id` as `pivot_role_id`, `model_has_roles`.`model_type` as `pivot_model_type` from `roles` inner join `model_has_roles` on `roles`.`id` = `model_has_roles`.`role_id` where `model_has_roles`.`model_id` = 77 and `model_has_roles`.`model_type` = 'App\Models\User' limit 1;
/*==================================================*/
/* Origin (request): GET https://rta2.puntlandgov.org/w/wkflw
   Query 8 - 2025-06-09 10:47:56 [0.15ms] */
select `roles`.*, `model_has_roles`.`model_id` as `pivot_model_id`, `model_has_roles`.`role_id` as `pivot_role_id`, `model_has_roles`.`model_type` as `pivot_model_type` from `roles` inner join `model_has_roles` on `roles`.`id` = `model_has_roles`.`role_id` where `model_has_roles`.`model_id` = 77 and `model_has_roles`.`model_type` = 'App\Models\User' order by `created_at` desc limit 1;
/*==================================================*/
/* Origin (request): GET https://rta2.puntlandgov.org/w/wkflw
   Query 9 - 2025-06-09 10:47:56 [48.09ms] */
select count(*) as aggregate from `transaction` inner join `workflow_definition` on `workflow_definition`.`id` = `transaction`.`current_workflow_state_id` where `workflow_definition`.`role_id` in (7) and `transaction`.`one_time_tax` <> 'Y' and `transaction`.`parent_id` is null and `workflow_definition`.`role_id` = 7 and `deliver_district_id` = 2 and `status` != 'CANCELED' and `transaction`.`deleted_at` is null;
/*==================================================*/
/* Origin (request): GET https://rta2.puntlandgov.org/w/wkflw
   Query 10 - 2025-06-09 10:47:56 [50.82ms] */
select `transaction`.* from `transaction` inner join `workflow_definition` on `workflow_definition`.`id` = `transaction`.`current_workflow_state_id` where `workflow_definition`.`role_id` in (7) and `transaction`.`one_time_tax` <> 'Y' and `transaction`.`parent_id` is null and `workflow_definition`.`role_id` = 7 and `deliver_district_id` = 2 and `status` != 'CANCELED' and `transaction`.`deleted_at` is null order by `transaction`.`created_at` desc limit 10 offset 0;
/*==================================================*/
/* Origin (request): GET https://rta2.puntlandgov.org/w/wkflw
   Query 11 - 2025-06-09 10:47:56 [0.19ms] */
select * from `service` where `service`.`deleted_at` is null;
/*==================================================*/
/* Origin (request): GET https://rta2.puntlandgov.org/w/wkflw
   Query 12 - 2025-06-09 10:47:56 [0.19ms] */
select * from `service_workflow` where `service_workflow`.`id` = 2 and `service_workflow`.`id` is not null and `service_workflow`.`deleted_at` is null limit 1;
/*==================================================*/
/* Origin (request): GET https://rta2.puntlandgov.org/w/wkflw
   Query 13 - 2025-06-09 10:47:56 [0.14ms] */
select * from `service` where `service`.`id` = 2 and `service`.`deleted_at` is null limit 1;
/*==================================================*/
/* Origin (request): GET https://rta2.puntlandgov.org/w/wkflw
   Query 14 - 2025-06-09 10:47:56 [0.14ms] */
select * from `service` where `service`.`id` = 2 and `service`.`id` is not null and `service`.`deleted_at` is null limit 1;
/*==================================================*/
/* Origin (request): GET https://rta2.puntlandgov.org/w/wkflw
   Query 15 - 2025-06-09 10:47:56 [0.16ms] */
select * from `vehicle` where `vehicle`.`id` = 78187 and `vehicle`.`id` is not null and `vehicle`.`deleted_at` is null limit 1;
/*==================================================*/
/* Origin (request): GET https://rta2.puntlandgov.org/w/wkflw
   Query 16 - 2025-06-09 10:47:56 [0.15ms] */
select * from `party` where `party`.`id` = 47223 and `party`.`id` is not null and `party`.`deleted_at` is null limit 1;
/*==================================================*/
/* Origin (request): GET https://rta2.puntlandgov.org/w/wkflw
   Query 17 - 2025-06-09 10:47:56 [0.16ms] */
select * from `person` where `person`.`id` = 47223 and `person`.`deleted_at` is null limit 1;
/*==================================================*/
/* Origin (request): GET https://rta2.puntlandgov.org/w/wkflw
   Query 18 - 2025-06-09 10:47:56 [0.15ms] */
select * from `party_vehicle` where `party_vehicle`.`id` = 42934 and `party_vehicle`.`deleted_at` is null limit 1;
/*==================================================*/
/* Origin (request): GET https://rta2.puntlandgov.org/w/wkflw
   Query 19 - 2025-06-09 10:47:56 [0.14ms] */
select * from `classification_type` where `classification_type`.`id` = 2 and `classification_type`.`id` is not null and `classification_type`.`deleted_at` is null limit 1;
/*==================================================*/
/* Origin (request): GET https://rta2.puntlandgov.org/w/wkflw
   Query 20 - 2025-06-09 10:47:56 [0.13ms] */
select * from `sub_category` where `sub_category`.`id` = 4 and `sub_category`.`deleted_at` is null limit 1;
/*==================================================*/
/* Origin (request): GET https://rta2.puntlandgov.org/w/wkflw
   Query 21 - 2025-06-09 10:47:56 [0.15ms] */
select * from `tax_collection_points` where `tax_collection_points`.`id` = 4 limit 1;
/*==================================================*/
/* Origin (request): GET https://rta2.puntlandgov.org/w/wkflw
   Query 22 - 2025-06-09 10:47:56 [0.32ms] */
select * from `transaction_workflow` where `transaction_workflow`.`transaction_id` = 633993 and `transaction_workflow`.`transaction_id` is not null and `transaction_workflow`.`deleted_at` is null order by `created_at` desc limit 1;
/*==================================================*/
/* Origin (request): GET https://rta2.puntlandgov.org/w/wkflw
   Query 23 - 2025-06-09 10:47:56 [0.14ms] */
select * from `workflow_definition` where `workflow_definition`.`id` = 7 and `workflow_definition`.`id` is not null and `workflow_definition`.`deleted_at` is null limit 1;
/*==================================================*/
/* Origin (request): GET https://rta2.puntlandgov.org/w/wkflw
   Query 24 - 2025-06-09 10:47:56 [0.12ms] */
select * from `roles` where `roles`.`id` = 7 and `roles`.`id` is not null limit 1;
/*==================================================*/
/* Origin (request): GET https://rta2.puntlandgov.org/w/wkflw
   Query 25 - 2025-06-09 10:47:56 [0.14ms] */
select * from `service_workflow` where `service_workflow`.`id` = 2 and `service_workflow`.`id` is not null and `service_workflow`.`deleted_at` is null limit 1;
/*==================================================*/
/* Origin (request): GET https://rta2.puntlandgov.org/w/wkflw
   Query 26 - 2025-06-09 10:47:56 [0.13ms] */
select * from `service` where `service`.`id` = 2 and `service`.`deleted_at` is null limit 1;
/*==================================================*/
/* Origin (request): GET https://rta2.puntlandgov.org/w/wkflw
   Query 27 - 2025-06-09 10:47:56 [0.13ms] */
select * from `service` where `service`.`id` = 2 and `service`.`id` is not null and `service`.`deleted_at` is null limit 1;
/*==================================================*/
/* Origin (request): GET https://rta2.puntlandgov.org/w/wkflw
   Query 28 - 2025-06-09 10:47:56 [0.14ms] */
select * from `vehicle` where `vehicle`.`id` = 71955 and `vehicle`.`id` is not null and `vehicle`.`deleted_at` is null limit 1;
/*==================================================*/
/* Origin (request): GET https://rta2.puntlandgov.org/w/wkflw
   Query 29 - 2025-06-09 10:47:56 [0.14ms] */
select * from `party` where `party`.`id` = 39295 and `party`.`id` is not null and `party`.`deleted_at` is null limit 1;
/*==================================================*/
/* Origin (request): GET https://rta2.puntlandgov.org/w/wkflw
   Query 30 - 2025-06-09 10:47:56 [0.15ms] */
select * from `person` where `person`.`id` = 39295 and `person`.`deleted_at` is null limit 1;
/*==================================================*/
/* Origin (request): GET https://rta2.puntlandgov.org/w/wkflw
   Query 31 - 2025-06-09 10:47:56 [0.14ms] */
select * from `party_vehicle` where `party_vehicle`.`id` = 64450 and `party_vehicle`.`deleted_at` is null limit 1;
/*==================================================*/
/* Origin (request): GET https://rta2.puntlandgov.org/w/wkflw
   Query 32 - 2025-06-09 10:47:56 [0.13ms] */
select * from `classification_type` where `classification_type`.`id` = 2 and `classification_type`.`id` is not null and `classification_type`.`deleted_at` is null limit 1;
/*==================================================*/
/* Origin (request): GET https://rta2.puntlandgov.org/w/wkflw
   Query 33 - 2025-06-09 10:47:56 [0.13ms] */
select * from `sub_category` where `sub_category`.`id` = 4 and `sub_category`.`deleted_at` is null limit 1;
/*==================================================*/
/* Origin (request): GET https://rta2.puntlandgov.org/w/wkflw
   Query 34 - 2025-06-09 10:47:56 [0.13ms] */
select * from `tax_collection_points` where `tax_collection_points`.`id` = 4 limit 1;
/*==================================================*/
/* Origin (request): GET https://rta2.puntlandgov.org/w/wkflw
   Query 35 - 2025-06-09 10:47:56 [0.26ms] */
select * from `transaction_workflow` where `transaction_workflow`.`transaction_id` = 633949 and `transaction_workflow`.`transaction_id` is not null and `transaction_workflow`.`deleted_at` is null order by `created_at` desc limit 1;
/*==================================================*/
/* Origin (request): GET https://rta2.puntlandgov.org/w/wkflw
   Query 36 - 2025-06-09 10:47:56 [0.17ms] */
select * from `workflow_definition` where `workflow_definition`.`id` = 7 and `workflow_definition`.`id` is not null and `workflow_definition`.`deleted_at` is null limit 1;
/*==================================================*/
/* Origin (request): GET https://rta2.puntlandgov.org/w/wkflw
   Query 37 - 2025-06-09 10:47:56 [0.12ms] */
select * from `roles` where `roles`.`id` = 7 and `roles`.`id` is not null limit 1;
/*==================================================*/
/* Origin (request): GET https://rta2.puntlandgov.org/w/wkflw
   Query 38 - 2025-06-09 10:47:56 [0.15ms] */
select * from `service_workflow` where `service_workflow`.`id` = 2 and `service_workflow`.`id` is not null and `service_workflow`.`deleted_at` is null limit 1;
/*==================================================*/
/* Origin (request): GET https://rta2.puntlandgov.org/w/wkflw
   Query 39 - 2025-06-09 10:47:56 [0.13ms] */
select * from `service` where `service`.`id` = 2 and `service`.`deleted_at` is null limit 1;
/*==================================================*/
/* Origin (request): GET https://rta2.puntlandgov.org/w/wkflw
   Query 40 - 2025-06-09 10:47:56 [0.13ms] */
select * from `service` where `service`.`id` = 2 and `service`.`id` is not null and `service`.`deleted_at` is null limit 1;
/*==================================================*/
/* Origin (request): GET https://rta2.puntlandgov.org/w/wkflw
   Query 41 - 2025-06-09 10:47:56 [0.14ms] */
select * from `vehicle` where `vehicle`.`id` = 98248 and `vehicle`.`id` is not null and `vehicle`.`deleted_at` is null limit 1;
/*==================================================*/
/* Origin (request): GET https://rta2.puntlandgov.org/w/wkflw
   Query 42 - 2025-06-09 10:47:56 [0.14ms] */
select * from `party` where `party`.`id` = 51899 and `party`.`id` is not null and `party`.`deleted_at` is null limit 1;
/*==================================================*/
/* Origin (request): GET https://rta2.puntlandgov.org/w/wkflw
   Query 43 - 2025-06-09 10:47:56 [0.15ms] */
select * from `person` where `person`.`id` = 51899 and `person`.`deleted_at` is null limit 1;
/*==================================================*/
/* Origin (request): GET https://rta2.puntlandgov.org/w/wkflw
   Query 44 - 2025-06-09 10:47:56 [0.14ms] */
select * from `party_vehicle` where `party_vehicle`.`id` = 98421 and `party_vehicle`.`deleted_at` is null limit 1;
/*==================================================*/
/* Origin (request): GET https://rta2.puntlandgov.org/w/wkflw
   Query 45 - 2025-06-09 10:47:56 [0.13ms] */
select * from `classification_type` where `classification_type`.`id` = 2 and `classification_type`.`id` is not null and `classification_type`.`deleted_at` is null limit 1;
/*==================================================*/
/* Origin (request): GET https://rta2.puntlandgov.org/w/wkflw
   Query 46 - 2025-06-09 10:47:56 [0.13ms] */
select * from `sub_category` where `sub_category`.`id` = 4 and `sub_category`.`deleted_at` is null limit 1;
/*==================================================*/
/* Origin (request): GET https://rta2.puntlandgov.org/w/wkflw
   Query 47 - 2025-06-09 10:47:56 [0.13ms] */
select * from `tax_collection_points` where `tax_collection_points`.`id` = 4 limit 1;
/*==================================================*/
/* Origin (request): GET https://rta2.puntlandgov.org/w/wkflw
   Query 48 - 2025-06-09 10:47:56 [0.31ms] */
select * from `transaction_workflow` where `transaction_workflow`.`transaction_id` = 633497 and `transaction_workflow`.`transaction_id` is not null and `transaction_workflow`.`deleted_at` is null order by `created_at` desc limit 1;
/*==================================================*/
/* Origin (request): GET https://rta2.puntlandgov.org/w/wkflw
   Query 49 - 2025-06-09 10:47:56 [0.14ms] */
select * from `workflow_definition` where `workflow_definition`.`id` = 7 and `workflow_definition`.`id` is not null and `workflow_definition`.`deleted_at` is null limit 1;
/*==================================================*/
/* Origin (request): GET https://rta2.puntlandgov.org/w/wkflw
   Query 50 - 2025-06-09 10:47:56 [0.12ms] */
select * from `roles` where `roles`.`id` = 7 and `roles`.`id` is not null limit 1;
/*==================================================*/
/* Origin (request): GET https://rta2.puntlandgov.org/w/wkflw
   Query 51 - 2025-06-09 10:47:56 [0.14ms] */
select * from `service_workflow` where `service_workflow`.`id` = 2 and `service_workflow`.`id` is not null and `service_workflow`.`deleted_at` is null limit 1;
/*==================================================*/
/* Origin (request): GET https://rta2.puntlandgov.org/w/wkflw
   Query 52 - 2025-06-09 10:47:56 [0.13ms] */
select * from `service` where `service`.`id` = 2 and `service`.`deleted_at` is null limit 1;
/*==================================================*/
/* Origin (request): GET https://rta2.puntlandgov.org/w/wkflw
   Query 53 - 2025-06-09 10:47:56 [0.13ms] */
select * from `service` where `service`.`id` = 2 and `service`.`id` is not null and `service`.`deleted_at` is null limit 1;
/*==================================================*/
/* Origin (request): GET https://rta2.puntlandgov.org/w/wkflw
   Query 54 - 2025-06-09 10:47:56 [0.14ms] */
select * from `vehicle` where `vehicle`.`id` = 13173 and `vehicle`.`id` is not null and `vehicle`.`deleted_at` is null limit 1;
/*==================================================*/
/* Origin (request): GET https://rta2.puntlandgov.org/w/wkflw
   Query 55 - 2025-06-09 10:47:56 [0.14ms] */
select * from `party` where `party`.`id` = 8753 and `party`.`id` is not null and `party`.`deleted_at` is null limit 1;
/*==================================================*/
/* Origin (request): GET https://rta2.puntlandgov.org/w/wkflw
   Query 56 - 2025-06-09 10:47:56 [0.15ms] */
select * from `person` where `person`.`id` = 8753 and `person`.`deleted_at` is null limit 1;
/*==================================================*/
/* Origin (request): GET https://rta2.puntlandgov.org/w/wkflw
   Query 57 - 2025-06-09 10:47:56 [0.14ms] */
select * from `party_vehicle` where `party_vehicle`.`id` = 72936 and `party_vehicle`.`deleted_at` is null limit 1;
/*==================================================*/
/* Origin (request): GET https://rta2.puntlandgov.org/w/wkflw
   Query 58 - 2025-06-09 10:47:56 [0.13ms] */
select * from `classification_type` where `classification_type`.`id` = 2 and `classification_type`.`id` is not null and `classification_type`.`deleted_at` is null limit 1;
/*==================================================*/
/* Origin (request): GET https://rta2.puntlandgov.org/w/wkflw
   Query 59 - 2025-06-09 10:47:56 [0.13ms] */
select * from `sub_category` where `sub_category`.`id` = 11 and `sub_category`.`deleted_at` is null limit 1;
/*==================================================*/
/* Origin (request): GET https://rta2.puntlandgov.org/w/wkflw
   Query 60 - 2025-06-09 10:47:56 [0.13ms] */
select * from `tax_collection_points` where `tax_collection_points`.`id` = 4 limit 1;
/*==================================================*/
/* Origin (request): GET https://rta2.puntlandgov.org/w/wkflw
   Query 61 - 2025-06-09 10:47:56 [0.28ms] */
select * from `transaction_workflow` where `transaction_workflow`.`transaction_id` = 633444 and `transaction_workflow`.`transaction_id` is not null and `transaction_workflow`.`deleted_at` is null order by `created_at` desc limit 1;
/*==================================================*/
/* Origin (request): GET https://rta2.puntlandgov.org/w/wkflw
   Query 62 - 2025-06-09 10:47:56 [0.13ms] */
select * from `workflow_definition` where `workflow_definition`.`id` = 7 and `workflow_definition`.`id` is not null and `workflow_definition`.`deleted_at` is null limit 1;
/*==================================================*/
/* Origin (request): GET https://rta2.puntlandgov.org/w/wkflw
   Query 63 - 2025-06-09 10:47:56 [0.12ms] */
select * from `roles` where `roles`.`id` = 7 and `roles`.`id` is not null limit 1;
/*==================================================*/
/* Origin (request): GET https://rta2.puntlandgov.org/w/wkflw
   Query 64 - 2025-06-09 10:47:56 [0.14ms] */
select * from `service_workflow` where `service_workflow`.`id` = 2 and `service_workflow`.`id` is not null and `service_workflow`.`deleted_at` is null limit 1;
/*==================================================*/
/* Origin (request): GET https://rta2.puntlandgov.org/w/wkflw
   Query 65 - 2025-06-09 10:47:56 [0.13ms] */
select * from `service` where `service`.`id` = 2 and `service`.`deleted_at` is null limit 1;
/*==================================================*/
/* Origin (request): GET https://rta2.puntlandgov.org/w/wkflw
   Query 66 - 2025-06-09 10:47:56 [0.13ms] */
select * from `service` where `service`.`id` = 2 and `service`.`id` is not null and `service`.`deleted_at` is null limit 1;
/*==================================================*/
/* Origin (request): GET https://rta2.puntlandgov.org/w/wkflw
   Query 67 - 2025-06-09 10:47:56 [0.14ms] */
select * from `vehicle` where `vehicle`.`id` = 98222 and `vehicle`.`id` is not null and `vehicle`.`deleted_at` is null limit 1;
/*==================================================*/
/* Origin (request): GET https://rta2.puntlandgov.org/w/wkflw
   Query 68 - 2025-06-09 10:47:56 [0.14ms] */
select * from `party` where `party`.`id` = 64015 and `party`.`id` is not null and `party`.`deleted_at` is null limit 1;
/*==================================================*/
/* Origin (request): GET https://rta2.puntlandgov.org/w/wkflw
   Query 69 - 2025-06-09 10:47:56 [0.14ms] */
select * from `person` where `person`.`id` = 61422 and `person`.`deleted_at` is null limit 1;
/*==================================================*/
/* Origin (request): GET https://rta2.puntlandgov.org/w/wkflw
   Query 70 - 2025-06-09 10:47:56 [0.14ms] */
select * from `party_vehicle` where `party_vehicle`.`id` = 98382 and `party_vehicle`.`deleted_at` is null limit 1;
/*==================================================*/
/* Origin (request): GET https://rta2.puntlandgov.org/w/wkflw
   Query 71 - 2025-06-09 10:47:56 [0.13ms] */
select * from `classification_type` where `classification_type`.`id` = 2 and `classification_type`.`id` is not null and `classification_type`.`deleted_at` is null limit 1;
/*==================================================*/
/* Origin (request): GET https://rta2.puntlandgov.org/w/wkflw
   Query 72 - 2025-06-09 10:47:56 [0.12ms] */
select * from `sub_category` where `sub_category`.`id` = 4 and `sub_category`.`deleted_at` is null limit 1;
/*==================================================*/
/* Origin (request): GET https://rta2.puntlandgov.org/w/wkflw
   Query 73 - 2025-06-09 10:47:56 [0.13ms] */
select * from `tax_collection_points` where `tax_collection_points`.`id` = 4 limit 1;
/*==================================================*/
/* Origin (request): GET https://rta2.puntlandgov.org/w/wkflw
   Query 74 - 2025-06-09 10:47:56 [0.27ms] */
select * from `transaction_workflow` where `transaction_workflow`.`transaction_id` = 633272 and `transaction_workflow`.`transaction_id` is not null and `transaction_workflow`.`deleted_at` is null order by `created_at` desc limit 1;
/*==================================================*/
/* Origin (request): GET https://rta2.puntlandgov.org/w/wkflw
   Query 75 - 2025-06-09 10:47:56 [0.14ms] */
select * from `workflow_definition` where `workflow_definition`.`id` = 7 and `workflow_definition`.`id` is not null and `workflow_definition`.`deleted_at` is null limit 1;
/*==================================================*/
/* Origin (request): GET https://rta2.puntlandgov.org/w/wkflw
   Query 76 - 2025-06-09 10:47:56 [0.14ms] */
select * from `roles` where `roles`.`id` = 7 and `roles`.`id` is not null limit 1;
/*==================================================*/
/* Origin (request): GET https://rta2.puntlandgov.org/w/wkflw
   Query 77 - 2025-06-09 10:47:56 [0.14ms] */
select * from `service_workflow` where `service_workflow`.`id` = 2 and `service_workflow`.`id` is not null and `service_workflow`.`deleted_at` is null limit 1;
/*==================================================*/
/* Origin (request): GET https://rta2.puntlandgov.org/w/wkflw
   Query 78 - 2025-06-09 10:47:56 [0.13ms] */
select * from `service` where `service`.`id` = 2 and `service`.`deleted_at` is null limit 1;
/*==================================================*/
/* Origin (request): GET https://rta2.puntlandgov.org/w/wkflw
   Query 79 - 2025-06-09 10:47:56 [0.14ms] */
select * from `service` where `service`.`id` = 2 and `service`.`id` is not null and `service`.`deleted_at` is null limit 1;
/*==================================================*/
/* Origin (request): GET https://rta2.puntlandgov.org/w/wkflw
   Query 80 - 2025-06-09 10:47:56 [0.14ms] */
select * from `vehicle` where `vehicle`.`id` = 43000 and `vehicle`.`id` is not null and `vehicle`.`deleted_at` is null limit 1;
/*==================================================*/
/* Origin (request): GET https://rta2.puntlandgov.org/w/wkflw
   Query 81 - 2025-06-09 10:47:56 [0.14ms] */
select * from `party` where `party`.`id` = 33149 and `party`.`id` is not null and `party`.`deleted_at` is null limit 1;
/*==================================================*/
/* Origin (request): GET https://rta2.puntlandgov.org/w/wkflw
   Query 82 - 2025-06-09 10:47:56 [0.16ms] */
select * from `person` where `person`.`id` = 33149 and `person`.`deleted_at` is null limit 1;
/*==================================================*/
/* Origin (request): GET https://rta2.puntlandgov.org/w/wkflw
   Query 83 - 2025-06-09 10:47:56 [0.14ms] */
select * from `party_vehicle` where `party_vehicle`.`id` = 51987 and `party_vehicle`.`deleted_at` is null limit 1;
/*==================================================*/
/* Origin (request): GET https://rta2.puntlandgov.org/w/wkflw
   Query 84 - 2025-06-09 10:47:56 [0.13ms] */
select * from `classification_type` where `classification_type`.`id` = 2 and `classification_type`.`id` is not null and `classification_type`.`deleted_at` is null limit 1;
/*==================================================*/
/* Origin (request): GET https://rta2.puntlandgov.org/w/wkflw
   Query 85 - 2025-06-09 10:47:56 [0.12ms] */
select * from `sub_category` where `sub_category`.`id` = 4 and `sub_category`.`deleted_at` is null limit 1;
/*==================================================*/
/* Origin (request): GET https://rta2.puntlandgov.org/w/wkflw
   Query 86 - 2025-06-09 10:47:56 [0.13ms] */
select * from `tax_collection_points` where `tax_collection_points`.`id` = 4 limit 1;
/*==================================================*/
/* Origin (request): GET https://rta2.puntlandgov.org/w/wkflw
   Query 87 - 2025-06-09 10:47:56 [0.3ms] */
select * from `transaction_workflow` where `transaction_workflow`.`transaction_id` = 633235 and `transaction_workflow`.`transaction_id` is not null and `transaction_workflow`.`deleted_at` is null order by `created_at` desc limit 1;
/*==================================================*/
/* Origin (request): GET https://rta2.puntlandgov.org/w/wkflw
   Query 88 - 2025-06-09 10:47:56 [0.13ms] */
select * from `workflow_definition` where `workflow_definition`.`id` = 7 and `workflow_definition`.`id` is not null and `workflow_definition`.`deleted_at` is null limit 1;
/*==================================================*/
/* Origin (request): GET https://rta2.puntlandgov.org/w/wkflw
   Query 89 - 2025-06-09 10:47:56 [0.12ms] */
select * from `roles` where `roles`.`id` = 7 and `roles`.`id` is not null limit 1;
/*==================================================*/
/* Origin (request): GET https://rta2.puntlandgov.org/w/wkflw
   Query 90 - 2025-06-09 10:47:56 [0.14ms] */
select * from `service_workflow` where `service_workflow`.`id` = 2 and `service_workflow`.`id` is not null and `service_workflow`.`deleted_at` is null limit 1;
/*==================================================*/
/* Origin (request): GET https://rta2.puntlandgov.org/w/wkflw
   Query 91 - 2025-06-09 10:47:56 [0.13ms] */
select * from `service` where `service`.`id` = 2 and `service`.`deleted_at` is null limit 1;
/*==================================================*/
/* Origin (request): GET https://rta2.puntlandgov.org/w/wkflw
   Query 92 - 2025-06-09 10:47:56 [0.13ms] */
select * from `service` where `service`.`id` = 2 and `service`.`id` is not null and `service`.`deleted_at` is null limit 1;
/*==================================================*/
/* Origin (request): GET https://rta2.puntlandgov.org/w/wkflw
   Query 93 - 2025-06-09 10:47:56 [0.14ms] */
select * from `vehicle` where `vehicle`.`id` = 97822 and `vehicle`.`id` is not null and `vehicle`.`deleted_at` is null limit 1;
/*==================================================*/
/* Origin (request): GET https://rta2.puntlandgov.org/w/wkflw
   Query 94 - 2025-06-09 10:47:56 [0.14ms] */
select * from `party` where `party`.`id` = 39551 and `party`.`id` is not null and `party`.`deleted_at` is null limit 1;
/*==================================================*/
/* Origin (request): GET https://rta2.puntlandgov.org/w/wkflw
   Query 95 - 2025-06-09 10:47:56 [0.15ms] */
select * from `person` where `person`.`id` = 39551 and `person`.`deleted_at` is null limit 1;
/*==================================================*/
/* Origin (request): GET https://rta2.puntlandgov.org/w/wkflw
   Query 96 - 2025-06-09 10:47:56 [0.14ms] */
select * from `party_vehicle` where `party_vehicle`.`id` = 97944 and `party_vehicle`.`deleted_at` is null limit 1;
/*==================================================*/
/* Origin (request): GET https://rta2.puntlandgov.org/w/wkflw
   Query 97 - 2025-06-09 10:47:56 [0.13ms] */
select * from `classification_type` where `classification_type`.`id` = 2 and `classification_type`.`id` is not null and `classification_type`.`deleted_at` is null limit 1;
/*==================================================*/
/* Origin (request): GET https://rta2.puntlandgov.org/w/wkflw
   Query 98 - 2025-06-09 10:47:56 [0.13ms] */
select * from `sub_category` where `sub_category`.`id` = 4 and `sub_category`.`deleted_at` is null limit 1;
/*==================================================*/
/* Origin (request): GET https://rta2.puntlandgov.org/w/wkflw
   Query 99 - 2025-06-09 10:47:56 [0.13ms] */
select * from `tax_collection_points` where `tax_collection_points`.`id` = 4 limit 1;
/*==================================================*/
/* Origin (request): GET https://rta2.puntlandgov.org/w/wkflw
   Query 100 - 2025-06-09 10:47:56 [0.28ms] */
select * from `transaction_workflow` where `transaction_workflow`.`transaction_id` = 632503 and `transaction_workflow`.`transaction_id` is not null and `transaction_workflow`.`deleted_at` is null order by `created_at` desc limit 1;
/*==================================================*/
/* Origin (request): GET https://rta2.puntlandgov.org/w/wkflw
   Query 101 - 2025-06-09 10:47:56 [0.14ms] */
select * from `workflow_definition` where `workflow_definition`.`id` = 7 and `workflow_definition`.`id` is not null and `workflow_definition`.`deleted_at` is null limit 1;
/*==================================================*/
/* Origin (request): GET https://rta2.puntlandgov.org/w/wkflw
   Query 102 - 2025-06-09 10:47:56 [0.12ms] */
select * from `roles` where `roles`.`id` = 7 and `roles`.`id` is not null limit 1;
/*==================================================*/
/* Origin (request): GET https://rta2.puntlandgov.org/w/wkflw
   Query 103 - 2025-06-09 10:47:56 [0.14ms] */
select * from `service_workflow` where `service_workflow`.`id` = 2 and `service_workflow`.`id` is not null and `service_workflow`.`deleted_at` is null limit 1;
/*==================================================*/
/* Origin (request): GET https://rta2.puntlandgov.org/w/wkflw
   Query 104 - 2025-06-09 10:47:56 [0.13ms] */
select * from `service` where `service`.`id` = 2 and `service`.`deleted_at` is null limit 1;
/*==================================================*/
/* Origin (request): GET https://rta2.puntlandgov.org/w/wkflw
   Query 105 - 2025-06-09 10:47:56 [0.13ms] */
select * from `service` where `service`.`id` = 2 and `service`.`id` is not null and `service`.`deleted_at` is null limit 1;
/*==================================================*/
/* Origin (request): GET https://rta2.puntlandgov.org/w/wkflw
   Query 106 - 2025-06-09 10:47:56 [0.14ms] */
select * from `vehicle` where `vehicle`.`id` = 88464 and `vehicle`.`id` is not null and `vehicle`.`deleted_at` is null limit 1;
/*==================================================*/
/* Origin (request): GET https://rta2.puntlandgov.org/w/wkflw
   Query 107 - 2025-06-09 10:47:56 [0.14ms] */
select * from `party` where `party`.`id` = 55351 and `party`.`id` is not null and `party`.`deleted_at` is null limit 1;
/*==================================================*/
/* Origin (request): GET https://rta2.puntlandgov.org/w/wkflw
   Query 108 - 2025-06-09 10:47:56 [0.15ms] */
select * from `person` where `person`.`id` = 55351 and `person`.`deleted_at` is null limit 1;
/*==================================================*/
/* Origin (request): GET https://rta2.puntlandgov.org/w/wkflw
   Query 109 - 2025-06-09 10:47:56 [0.14ms] */
select * from `party_vehicle` where `party_vehicle`.`id` = 68284 and `party_vehicle`.`deleted_at` is null limit 1;
/*==================================================*/
/* Origin (request): GET https://rta2.puntlandgov.org/w/wkflw
   Query 110 - 2025-06-09 10:47:56 [0.13ms] */
select * from `classification_type` where `classification_type`.`id` = 2 and `classification_type`.`id` is not null and `classification_type`.`deleted_at` is null limit 1;
/*==================================================*/
/* Origin (request): GET https://rta2.puntlandgov.org/w/wkflw
   Query 111 - 2025-06-09 10:47:56 [0.13ms] */
select * from `sub_category` where `sub_category`.`id` = 4 and `sub_category`.`deleted_at` is null limit 1;
/*==================================================*/
/* Origin (request): GET https://rta2.puntlandgov.org/w/wkflw
   Query 112 - 2025-06-09 10:47:56 [0.13ms] */
select * from `tax_collection_points` where `tax_collection_points`.`id` = 4 limit 1;
/*==================================================*/
/* Origin (request): GET https://rta2.puntlandgov.org/w/wkflw
   Query 113 - 2025-06-09 10:47:56 [0.27ms] */
select * from `transaction_workflow` where `transaction_workflow`.`transaction_id` = 631956 and `transaction_workflow`.`transaction_id` is not null and `transaction_workflow`.`deleted_at` is null order by `created_at` desc limit 1;
/*==================================================*/
/* Origin (request): GET https://rta2.puntlandgov.org/w/wkflw
   Query 114 - 2025-06-09 10:47:56 [0.14ms] */
select * from `workflow_definition` where `workflow_definition`.`id` = 7 and `workflow_definition`.`id` is not null and `workflow_definition`.`deleted_at` is null limit 1;
/*==================================================*/
/* Origin (request): GET https://rta2.puntlandgov.org/w/wkflw
   Query 115 - 2025-06-09 10:47:56 [0.12ms] */
select * from `roles` where `roles`.`id` = 7 and `roles`.`id` is not null limit 1;
/*==================================================*/
/* Origin (request): GET https://rta2.puntlandgov.org/w/wkflw
   Query 116 - 2025-06-09 10:47:56 [0.14ms] */
select * from `service_workflow` where `service_workflow`.`id` = 2 and `service_workflow`.`id` is not null and `service_workflow`.`deleted_at` is null limit 1;
/*==================================================*/
/* Origin (request): GET https://rta2.puntlandgov.org/w/wkflw
   Query 117 - 2025-06-09 10:47:56 [0.13ms] */
select * from `service` where `service`.`id` = 2 and `service`.`deleted_at` is null limit 1;
/*==================================================*/
/* Origin (request): GET https://rta2.puntlandgov.org/w/wkflw
   Query 118 - 2025-06-09 10:47:56 [0.13ms] */
select * from `service` where `service`.`id` = 2 and `service`.`id` is not null and `service`.`deleted_at` is null limit 1;
/*==================================================*/
/* Origin (request): GET https://rta2.puntlandgov.org/w/wkflw
   Query 119 - 2025-06-09 10:47:56 [0.14ms] */
select * from `vehicle` where `vehicle`.`id` = 1259 and `vehicle`.`id` is not null and `vehicle`.`deleted_at` is null limit 1;
/*==================================================*/
/* Origin (request): GET https://rta2.puntlandgov.org/w/wkflw
   Query 120 - 2025-06-09 10:47:56 [0.13ms] */
select * from `party` where `party`.`id` = 56329 and `party`.`id` is not null and `party`.`deleted_at` is null limit 1;
/*==================================================*/
/* Origin (request): GET https://rta2.puntlandgov.org/w/wkflw
   Query 121 - 2025-06-09 10:47:56 [0.14ms] */
select * from `company` where `company`.`id` = 616 and `company`.`deleted_at` is null limit 1;
/*==================================================*/
/* Origin (request): GET https://rta2.puntlandgov.org/w/wkflw
   Query 122 - 2025-06-09 10:47:56 [0.14ms] */
select * from `party_vehicle` where `party_vehicle`.`id` = 50440 and `party_vehicle`.`deleted_at` is null limit 1;
/*==================================================*/
/* Origin (request): GET https://rta2.puntlandgov.org/w/wkflw
   Query 123 - 2025-06-09 10:47:56 [0.13ms] */
select * from `classification_type` where `classification_type`.`id` = 2 and `classification_type`.`id` is not null and `classification_type`.`deleted_at` is null limit 1;
/*==================================================*/
/* Origin (request): GET https://rta2.puntlandgov.org/w/wkflw
   Query 124 - 2025-06-09 10:47:56 [0.13ms] */
select * from `sub_category` where `sub_category`.`id` = 8 and `sub_category`.`deleted_at` is null limit 1;
/*==================================================*/
/* Origin (request): GET https://rta2.puntlandgov.org/w/wkflw
   Query 125 - 2025-06-09 10:47:56 [0.15ms] */
select * from `tax_collection_points` where `tax_collection_points`.`id` = 4 limit 1;
/*==================================================*/
/* Origin (request): GET https://rta2.puntlandgov.org/w/wkflw
   Query 126 - 2025-06-09 10:47:56 [0.32ms] */
select * from `transaction_workflow` where `transaction_workflow`.`transaction_id` = 631248 and `transaction_workflow`.`transaction_id` is not null and `transaction_workflow`.`deleted_at` is null order by `created_at` desc limit 1;
/*==================================================*/
/* Origin (request): GET https://rta2.puntlandgov.org/w/wkflw
   Query 127 - 2025-06-09 10:47:56 [0.13ms] */
select * from `workflow_definition` where `workflow_definition`.`id` = 7 and `workflow_definition`.`id` is not null and `workflow_definition`.`deleted_at` is null limit 1;
/*==================================================*/
/* Origin (request): GET https://rta2.puntlandgov.org/w/wkflw
   Query 128 - 2025-06-09 10:47:56 [0.12ms] */
select * from `roles` where `roles`.`id` = 7 and `roles`.`id` is not null limit 1;
/*==================================================*/
/* Origin (request): GET https://rta2.puntlandgov.org/w/wkflw
   Query 129 - 2025-06-09 10:47:56 [0.14ms] */
select * from `service_workflow` where `service_workflow`.`id` = 2 and `service_workflow`.`id` is not null and `service_workflow`.`deleted_at` is null limit 1;
/*==================================================*/
/* Origin (request): GET https://rta2.puntlandgov.org/w/wkflw
   Query 130 - 2025-06-09 10:47:56 [0.13ms] */
select * from `service` where `service`.`id` = 2 and `service`.`deleted_at` is null limit 1;
/*==================================================*/
/* Origin (request): GET https://rta2.puntlandgov.org/w/wkflw
   Query 131 - 2025-06-09 10:47:56 [0.13ms] */
select * from `service` where `service`.`id` = 2 and `service`.`id` is not null and `service`.`deleted_at` is null limit 1;
/*==================================================*/
/* Origin (request): GET https://rta2.puntlandgov.org/w/wkflw
   Query 132 - 2025-06-09 10:47:56 [0.29ms] */
select * from `vehicle` where `vehicle`.`id` = 91355 and `vehicle`.`id` is not null and `vehicle`.`deleted_at` is null limit 1;
/*==================================================*/
/* Origin (request): GET https://rta2.puntlandgov.org/w/wkflw
   Query 133 - 2025-06-09 10:47:56 [0.24ms] */
select * from `party` where `party`.`id` = 59456 and `party`.`id` is not null and `party`.`deleted_at` is null limit 1;
/*==================================================*/
/* Origin (request): GET https://rta2.puntlandgov.org/w/wkflw
   Query 134 - 2025-06-09 10:47:56 [0.27ms] */
select * from `person` where `person`.`id` = 57004 and `person`.`deleted_at` is null limit 1;
/*==================================================*/
/* Origin (request): GET https://rta2.puntlandgov.org/w/wkflw
   Query 135 - 2025-06-09 10:47:56 [0.26ms] */
select * from `party_vehicle` where `party_vehicle`.`id` = 90918 and `party_vehicle`.`deleted_at` is null limit 1;
/*==================================================*/
/* Origin (request): GET https://rta2.puntlandgov.org/w/wkflw
   Query 136 - 2025-06-09 10:47:56 [0.14ms] */
select * from `classification_type` where `classification_type`.`id` = 2 and `classification_type`.`id` is not null and `classification_type`.`deleted_at` is null limit 1;
/*==================================================*/
/* Origin (request): GET https://rta2.puntlandgov.org/w/wkflw
   Query 137 - 2025-06-09 10:47:56 [0.13ms] */
select * from `sub_category` where `sub_category`.`id` = 4 and `sub_category`.`deleted_at` is null limit 1;
/*==================================================*/
/* Origin (request): GET https://rta2.puntlandgov.org/w/wkflw
   Query 138 - 2025-06-09 10:47:56 [0.13ms] */
select * from `tax_collection_points` where `tax_collection_points`.`id` = 4 limit 1;
/*==================================================*/
/* Origin (request): GET https://rta2.puntlandgov.org/w/wkflw
   Query 139 - 2025-06-09 10:47:56 [0.28ms] */
select * from `transaction_workflow` where `transaction_workflow`.`transaction_id` = 630674 and `transaction_workflow`.`transaction_id` is not null and `transaction_workflow`.`deleted_at` is null order by `created_at` desc limit 1;
/*==================================================*/
/* Origin (request): GET https://rta2.puntlandgov.org/w/wkflw
   Query 140 - 2025-06-09 10:47:56 [0.13ms] */
select * from `workflow_definition` where `workflow_definition`.`id` = 7 and `workflow_definition`.`id` is not null and `workflow_definition`.`deleted_at` is null limit 1;
/*==================================================*/
/* Origin (request): GET https://rta2.puntlandgov.org/w/wkflw
   Query 141 - 2025-06-09 10:47:56 [0.13ms] */
select * from `roles` where `roles`.`id` = 7 and `roles`.`id` is not null limit 1;
/*==================================================*/
/* Origin (request): GET https://rta2.puntlandgov.org/w/wkflw
   Query 142 - 2025-06-09 10:47:56 [0.23ms] */
select * from `district` where `district`.`id` = 2 and `district`.`deleted_at` is null limit 1;
/*==================================================*/
/* Origin (request): GET https://rta2.puntlandgov.org/w/wkflw
   Query 143 - 2025-06-09 10:47:56 [0.14ms] */
select * from `region` where `region`.`id` = 1 and `region`.`deleted_at` is null limit 1;
/*==================================================*/
/* Origin (request): POST https://rta2.puntlandgov.org/livewire/message/workflow.list-workflow-queue-component
   Query 1 - 2025-06-09 10:47:59 [1.36ms] */
select * from `users` where `id` = 77 and `users`.`deleted_at` is null limit 1;
/*==================================================*/
/* Origin (request): POST https://rta2.puntlandgov.org/livewire/message/workflow.list-workflow-queue-component
   Query 2 - 2025-06-09 10:47:59 [0.6ms] */
select column_name as `column_name` from information_schema.columns where table_schema = 'prod_rta' and table_name = 'roles';
/*==================================================*/
/* Origin (request): POST https://rta2.puntlandgov.org/livewire/message/workflow.list-workflow-queue-component
   Query 3 - 2025-06-09 10:47:59 [0.48ms] */
select column_name as `column_name` from information_schema.columns where table_schema = 'prod_rta' and table_name = 'permissions';
/*==================================================*/
/* Origin (request): POST https://rta2.puntlandgov.org/livewire/message/workflow.list-workflow-queue-component
   Query 4 - 2025-06-09 10:47:59 [0.42ms] */
select column_name as `column_name` from information_schema.columns where table_schema = 'prod_rta' and table_name = 'permissions';
/*==================================================*/
/* Origin (request): POST https://rta2.puntlandgov.org/livewire/message/workflow.list-workflow-queue-component
   Query 5 - 2025-06-09 10:47:59 [0.3ms] */
select * from `service` where `service`.`id` in (1, 2, 3, 4, 5, 6, 7, 8, 9, 10, 11, 12, 13, 14, 15);
/*==================================================*/
/* Origin (request): POST https://rta2.puntlandgov.org/livewire/message/workflow.list-workflow-queue-component
   Query 6 - 2025-06-09 10:47:59 [0.38ms] */
select * from `transaction` where `transaction`.`id` = 633949 and `transaction`.`deleted_at` is null limit 1;
/*==================================================*/
/* Origin (request): POST https://rta2.puntlandgov.org/livewire/message/workflow.list-workflow-queue-component
   Query 7 - 2025-06-09 10:47:59 [0.15ms] */
select * from `workflow_definition` where `workflow_definition`.`id` = 7 and `workflow_definition`.`id` is not null and `workflow_definition`.`deleted_at` is null limit 1;
/*==================================================*/
/* Origin (request): POST https://rta2.puntlandgov.org/livewire/message/workflow.list-workflow-queue-component
   Query 8 - 2025-06-09 10:47:59 [0.13ms] */
select * from `roles` where `roles`.`id` = 7 and `roles`.`id` is not null limit 1;
/*==================================================*/
/* Origin (request): POST https://rta2.puntlandgov.org/livewire/message/workflow.list-workflow-queue-component
   Query 9 - 2025-06-09 10:47:59 [0.41ms] */
insert into `transaction_workflow` (`transaction_id`, `action`, `action_date`, `role_id`, `user_id`, `updated_by`, `created_by`, `created_at`, `updated_at`) values (633949, 'CLAIMED', '2025-06-09 10:47:59', 7, 77, 77, 77, '2025-06-09 10:47:59', '2025-06-09 10:47:59');
/*==================================================*/
/* Origin (request): POST https://rta2.puntlandgov.org/livewire/message/workflow.list-workflow-queue-component
   Query 10 - 2025-06-09 10:47:59 [0.9ms] */
update `transaction` set `assigned_to` = 77, `updated_by` = 77, `transaction`.`updated_at` = '2025-06-09 10:47:59' where `id` = 633949;
/*==================================================*/
/* Origin (request): GET https://rta2.puntlandgov.org/w/wkflw/633949
   Query 1 - 2025-06-09 10:48:00 [1.35ms] */
select * from `users` where `id` = 77 and `users`.`deleted_at` is null limit 1;
/*==================================================*/
/* Origin (request): GET https://rta2.puntlandgov.org/w/wkflw/633949
   Query 2 - 2025-06-09 10:48:00 [0.5ms] */
select column_name as `column_name` from information_schema.columns where table_schema = 'prod_rta' and table_name = 'roles';
/*==================================================*/
/* Origin (request): GET https://rta2.puntlandgov.org/w/wkflw/633949
   Query 3 - 2025-06-09 10:48:00 [0.48ms] */
select column_name as `column_name` from information_schema.columns where table_schema = 'prod_rta' and table_name = 'permissions';
/*==================================================*/
/* Origin (request): GET https://rta2.puntlandgov.org/w/wkflw/633949
   Query 4 - 2025-06-09 10:48:00 [0.41ms] */
select column_name as `column_name` from information_schema.columns where table_schema = 'prod_rta' and table_name = 'permissions';
/*==================================================*/
/* Origin (request): GET https://rta2.puntlandgov.org/w/wkflw/633949
   Query 5 - 2025-06-09 10:48:00 [0.43ms] */
select * from `transaction` where `transaction`.`id` = 633949 and `transaction`.`deleted_at` is null limit 1;
/*==================================================*/
/* Origin (request): GET https://rta2.puntlandgov.org/w/wkflw/633949
   Query 6 - 2025-06-09 10:48:00 [0.35ms] */
select * from `transaction_workflow` where `transaction_id` = 633949 and `transaction_workflow`.`deleted_at` is null order by `action_date` desc;
/*==================================================*/
/* Origin (request): GET https://rta2.puntlandgov.org/w/wkflw/633949
   Query 7 - 2025-06-09 10:48:00 [0.39ms] */
select * from `invoice` where `transaction_id` = 633949 and `invoice`.`deleted_at` is null limit 1;
/*==================================================*/
/* Origin (request): GET https://rta2.puntlandgov.org/w/wkflw/633949
   Query 8 - 2025-06-09 10:48:00 [0.29ms] */
select * from `invoice_payment` where `invoice_id` = 606932;
/*==================================================*/
/* Origin (request): GET https://rta2.puntlandgov.org/w/wkflw/633949
   Query 9 - 2025-06-09 10:48:00 [10.66ms] */
select * from `payment_documents` where `transaction_id` = 633949;
/*==================================================*/
/* Origin (request): GET https://rta2.puntlandgov.org/w/wkflw/633949
   Query 10 - 2025-06-09 10:48:00 [0.28ms] */
select * from `party_vehicle_purchase` where `transaction_id` = 633949 and `party_vehicle_purchase`.`deleted_at` is null limit 1;
/*==================================================*/
/* Origin (request): GET https://rta2.puntlandgov.org/w/wkflw/633949
   Query 11 - 2025-06-09 10:48:00 [0.15ms] */
select * from `service_workflow` where `service_workflow`.`id` = 2 and `service_workflow`.`id` is not null and `service_workflow`.`deleted_at` is null limit 1;
/*==================================================*/
/* Origin (request): GET https://rta2.puntlandgov.org/w/wkflw/633949
   Query 12 - 2025-06-09 10:48:00 [0.13ms] */
select * from `service` where `service`.`id` = 2 and `service`.`deleted_at` is null limit 1;
/*==================================================*/
/* Origin (request): GET https://rta2.puntlandgov.org/w/wkflw/633949
   Query 13 - 2025-06-09 10:48:00 [0.16ms] */
select * from `users` where `users`.`id` = 77 and `users`.`id` is not null and `users`.`deleted_at` is null limit 1;
/*==================================================*/
/* Origin (request): GET https://rta2.puntlandgov.org/w/wkflw/633949
   Query 14 - 2025-06-09 10:48:00 [0.14ms] */
select * from `workflow_definition` where `workflow_definition`.`id` = 7 and `workflow_definition`.`id` is not null and `workflow_definition`.`deleted_at` is null limit 1;
/*==================================================*/
/* Origin (request): GET https://rta2.puntlandgov.org/w/wkflw/633949
   Query 15 - 2025-06-09 10:48:00 [0.13ms] */
select * from `roles` where `roles`.`id` = 7 and `roles`.`id` is not null limit 1;
/*==================================================*/
/* Origin (request): GET https://rta2.puntlandgov.org/w/wkflw/633949
   Query 16 - 2025-06-09 10:48:00 [0.33ms] */
select * from `transaction` where `transaction`.`id` = 633949 and `transaction`.`deleted_at` is null limit 1;
/*==================================================*/
/* Origin (request): GET https://rta2.puntlandgov.org/w/wkflw/633949
   Query 17 - 2025-06-09 10:48:00 [0.15ms] */
select * from `workflow_definition` where `workflow_definition`.`id` = 7 and `workflow_definition`.`id` is not null and `workflow_definition`.`deleted_at` is null limit 1;
/*==================================================*/
/* Origin (request): GET https://rta2.puntlandgov.org/w/wkflw/633949
   Query 18 - 2025-06-09 10:48:00 [0.13ms] */
select * from `roles` where `roles`.`id` = 7 and `roles`.`id` is not null limit 1;
/*==================================================*/
/* Origin (request): GET https://rta2.puntlandgov.org/w/wkflw/633949
   Query 19 - 2025-06-09 10:48:00 [0.14ms] */
select * from `workflow` where `workflow`.`id` = 2 and `workflow`.`deleted_at` is null limit 1;
/*==================================================*/
/* Origin (request): GET https://rta2.puntlandgov.org/w/wkflw/633949
   Query 20 - 2025-06-09 10:48:00 [0.17ms] */
select * from `transaction` where `transaction`.`id` = 633949 and `transaction`.`deleted_at` is null limit 1;
/*==================================================*/
/* Origin (request): GET https://rta2.puntlandgov.org/w/wkflw/633949
   Query 21 - 2025-06-09 10:48:01 [846.15ms] */
select `vehicle_tax`.* from `vehicle_tax` inner join `term` on `term`.`id` = `vehicle_tax`.`term_id` inner join `transaction` on `transaction`.`id` = `vehicle_tax`.`transaction_id` inner join `invoice` on `invoice`.`id` = `transaction`.`invoice_id` where `transaction`.`parent_id` = 633949 and `vehicle_tax`.`deleted_at` is null order by `term`.`first_date_of_quarter` asc;
/*==================================================*/
/* Origin (request): GET https://rta2.puntlandgov.org/w/wkflw/633949
   Query 22 - 2025-06-09 10:48:01 [550.43ms] */
select sum(`invoice`.`total_invoice_amount`) as aggregate from `vehicle_tax` inner join `term` on `term`.`id` = `vehicle_tax`.`term_id` inner join `transaction` on `transaction`.`id` = `vehicle_tax`.`transaction_id` inner join `invoice` on `invoice`.`id` = `transaction`.`invoice_id` where `transaction`.`parent_id` = 633949 and `vehicle_tax`.`exempt` = 'N' and `vehicle_tax`.`deleted_at` is null;
/*==================================================*/
/* Origin (request): GET https://rta2.puntlandgov.org/w/wkflw/633949
   Query 23 - 2025-06-09 10:48:01 [0.22ms] */
select * from `term` where `term`.`id` = 103 and `term`.`deleted_at` is null limit 1;
/*==================================================*/
/* Origin (request): GET https://rta2.puntlandgov.org/w/wkflw/633949
   Query 24 - 2025-06-09 10:48:01 [0.13ms] */
select * from `term` where `term`.`id` = 104 and `term`.`deleted_at` is null limit 1;
/*==================================================*/
/* Origin (request): GET https://rta2.puntlandgov.org/w/wkflw/633949
   Query 25 - 2025-06-09 10:48:01 [0.31ms] */
select * from `transaction` where `transaction`.`id` = 537752 and `transaction`.`id` is not null and `transaction`.`deleted_at` is null limit 1;
/*==================================================*/
/* Origin (request): GET https://rta2.puntlandgov.org/w/wkflw/633949
   Query 26 - 2025-06-09 10:48:01 [0.22ms] */
select * from `invoice` where `invoice`.`id` = 513458 and `invoice`.`id` is not null and `invoice`.`deleted_at` is null limit 1;
/*==================================================*/
/* Origin (request): GET https://rta2.puntlandgov.org/w/wkflw/633949
   Query 27 - 2025-06-09 10:48:01 [0.16ms] */
select * from `service_workflow` where `service_workflow`.`id` = 2 and `service_workflow`.`id` is not null and `service_workflow`.`deleted_at` is null limit 1;
/*==================================================*/
/* Origin (request): GET https://rta2.puntlandgov.org/w/wkflw/633949
   Query 28 - 2025-06-09 10:48:01 [0.13ms] */
select * from `service` where `service`.`id` = 2 and `service`.`deleted_at` is null limit 1;
/*==================================================*/
/* Origin (request): GET https://rta2.puntlandgov.org/w/wkflw/633949
   Query 29 - 2025-06-09 10:48:01 [0.29ms] */
select * from `transaction_workflow` where `transaction_id` = 633949 and `transaction_workflow`.`deleted_at` is null order by `action_date` desc limit 1;
/*==================================================*/
/* Origin (request): GET https://rta2.puntlandgov.org/w/wkflw/633949
   Query 30 - 2025-06-09 10:48:02 [352.14ms] */
select count(*) as aggregate from `transaction_workflow` where `transaction_workflow`.`deleted_at` is null;
/*==================================================*/
/* Origin (request): GET https://rta2.puntlandgov.org/w/wkflw/633949
   Query 31 - 2025-06-09 10:48:02 [0.35ms] */
select * from `vehicle` where `vehicle`.`id` = 71955 and `vehicle`.`id` is not null and `vehicle`.`deleted_at` is null limit 1;
/*==================================================*/
/* Origin (request): GET https://rta2.puntlandgov.org/w/wkflw/633949
   Query 32 - 2025-06-09 10:48:02 [0.46ms] */
select * from `vehicle` where `vehicle`.`id` = 71955 and `vehicle`.`deleted_at` is null limit 1;
/*==================================================*/
/* Origin (request): GET https://rta2.puntlandgov.org/w/wkflw/633949
   Query 33 - 2025-06-09 10:48:02 [0.21ms] */
select * from `model` where `model`.`id` = 1448 and `model`.`deleted_at` is null limit 1;
/*==================================================*/
/* Origin (request): GET https://rta2.puntlandgov.org/w/wkflw/633949
   Query 34 - 2025-06-09 10:48:02 [0.2ms] */
select * from `make` where `make`.`id` = 74 and `make`.`deleted_at` is null limit 1;
/*==================================================*/
/* Origin (request): GET https://rta2.puntlandgov.org/w/wkflw/633949
   Query 35 - 2025-06-09 10:48:02 [0.18ms] */
select * from `sub_category` where `sub_category`.`id` = 4 and `sub_category`.`deleted_at` is null limit 1;
/*==================================================*/
/* Origin (request): GET https://rta2.puntlandgov.org/w/wkflw/633949
   Query 36 - 2025-06-09 10:48:02 [0.48ms] */
select * from `party_vehicle` where `party_vehicle`.`vehicle_id` = 71955 and `party_vehicle`.`deleted_at` is null limit 1;
/*==================================================*/
/* Origin (request): GET https://rta2.puntlandgov.org/w/wkflw/633949
   Query 37 - 2025-06-09 10:48:02 [0.2ms] */
select * from `classification_type` where `classification_type`.`id` = 2 and `classification_type`.`id` is not null and `classification_type`.`deleted_at` is null limit 1;
/*==================================================*/
/* Origin (request): GET https://rta2.puntlandgov.org/w/wkflw/633949
   Query 38 - 2025-06-09 10:48:02 [0.17ms] */
select * from `vehicle_type` where `vehicle_type`.`id` = 20 and `vehicle_type`.`deleted_at` is null limit 1;
/*==================================================*/
/* Origin (request): GET https://rta2.puntlandgov.org/w/wkflw/633949
   Query 39 - 2025-06-09 10:48:02 [0.17ms] */
select * from `vehicle_color` where `vehicle_color`.`id` = 50 and `vehicle_color`.`deleted_at` is null limit 1;
/*==================================================*/
/* Origin (request): GET https://rta2.puntlandgov.org/w/wkflw/633949
   Query 40 - 2025-06-09 10:48:02 [0.16ms] */
select * from `fuel_type` where `fuel_type`.`id` = 3 and `fuel_type`.`deleted_at` is null limit 1;
/*==================================================*/
/* Origin (request): GET https://rta2.puntlandgov.org/w/wkflw/633949
   Query 41 - 2025-06-09 10:48:02 [0.18ms] */
select * from `transaction_workflow` where `transaction_id` = 633949 and `transaction_workflow`.`deleted_at` is null order by `action_date` desc limit 1;
/*==================================================*/
/* Origin (request): GET https://rta2.puntlandgov.org/w/wkflw/633949
   Query 42 - 2025-06-09 10:48:02 [0.17ms] */
select count(*) as aggregate from `transaction_workflow` where `transaction_workflow`.`deleted_at` is null;
/*==================================================*/
/* Origin (request): GET https://rta2.puntlandgov.org/w/wkflw/633949
   Query 43 - 2025-06-09 10:48:02 [0.2ms] */
select * from `party` where `party`.`id` = 39295 and `party`.`id` is not null and `party`.`deleted_at` is null limit 1;
/*==================================================*/
/* Origin (request): GET https://rta2.puntlandgov.org/w/wkflw/633949
   Query 44 - 2025-06-09 10:48:02 [0.3ms] */
select * from `party` where `party`.`id` = 39295 and `party`.`deleted_at` is null limit 1;
/*==================================================*/
/* Origin (request): GET https://rta2.puntlandgov.org/w/wkflw/633949
   Query 45 - 2025-06-09 10:48:02 [0.19ms] */
select * from `person` where `person`.`id` = 39295 and `person`.`deleted_at` is null limit 1;
/*==================================================*/
/* Origin (request): GET https://rta2.puntlandgov.org/w/wkflw/633949
   Query 46 - 2025-06-09 10:48:02 [0.33ms] */
select * from `party` where `party`.`partyable_type` = 'Person' and `party`.`partyable_id` = 39295 and `party`.`partyable_id` is not null and `party`.`deleted_at` is null limit 1;
/*==================================================*/
/* Origin (request): GET https://rta2.puntlandgov.org/w/wkflw/633949
   Query 47 - 2025-06-09 10:48:02 [0.47ms] */
select * from `address` where `address`.`id` = 39295 and `address`.`id` is not null and `address`.`deleted_at` is null limit 1;
/*==================================================*/
/* Origin (request): GET https://rta2.puntlandgov.org/w/wkflw/633949
   Query 48 - 2025-06-09 10:48:02 [0.25ms] */
select * from `district` where `district`.`id` = 28 and `district`.`deleted_at` is null limit 1;
/*==================================================*/
/* Origin (request): GET https://rta2.puntlandgov.org/w/wkflw/633949
   Query 49 - 2025-06-09 10:48:02 [0.25ms] */
select * from `region` where `region`.`id` = 6 and `region`.`deleted_at` is null limit 1;
/*==================================================*/
/* Origin (request): GET https://rta2.puntlandgov.org/w/wkflw/633949
   Query 50 - 2025-06-09 10:48:02 [0.24ms] */
select * from `region` where `region`.`deleted_at` is null order by `name` asc;
/*==================================================*/
/* Origin (request): GET https://rta2.puntlandgov.org/w/wkflw/633949
   Query 51 - 2025-06-09 10:48:02 [0.25ms] */
select * from `tax_collection_points` where `region_id` is null order by `name` asc;
/*==================================================*/
/* Origin (request): GET https://rta2.puntlandgov.org/w/wkflw/633949
   Query 52 - 2025-06-09 10:48:02 [0.23ms] */
select * from `district` where `region_id` is null and `district`.`deleted_at` is null order by `name` asc;
/*==================================================*/
/* Origin (request): GET https://rta2.puntlandgov.org/w/wkflw/633949
   Query 53 - 2025-06-09 10:48:02 [0.24ms] */
select * from `branches` where `district_id` is null order by `name` asc;
/*==================================================*/
/* Origin (request): GET https://rta2.puntlandgov.org/w/wkflw/633949
   Query 54 - 2025-06-09 10:48:02 [0.18ms] */
select * from `transaction_workflow` where `transaction_id` = 633949 and `transaction_workflow`.`deleted_at` is null order by `action_date` desc limit 1;
/*==================================================*/
/* Origin (request): GET https://rta2.puntlandgov.org/w/wkflw/633949
   Query 55 - 2025-06-09 10:48:02 [0.13ms] */
select count(*) as aggregate from `transaction_workflow` where `transaction_workflow`.`deleted_at` is null;
/*==================================================*/
/* Origin (request): GET https://rta2.puntlandgov.org/w/wkflw/633949
   Query 56 - 2025-06-09 10:48:02 [0.18ms] */
select * from `party_vehicle` where `party_vehicle`.`id` = 64450 and `party_vehicle`.`deleted_at` is null limit 1;
/*==================================================*/
/* Origin (request): GET https://rta2.puntlandgov.org/w/wkflw/633949
   Query 57 - 2025-06-09 10:48:02 [0.15ms] */
select * from `classification_type` where `classification_type`.`id` = 2 and `classification_type`.`id` is not null and `classification_type`.`deleted_at` is null limit 1;
/*==================================================*/
/* Origin (request): GET https://rta2.puntlandgov.org/w/wkflw/633949
   Query 58 - 2025-06-09 10:48:02 [0.18ms] */
select * from `district` where `district`.`id` = 2 and `district`.`id` is not null and `district`.`deleted_at` is null limit 1;
/*==================================================*/
/* Origin (request): GET https://rta2.puntlandgov.org/w/wkflw/633949
   Query 59 - 2025-06-09 10:48:02 [0.16ms] */
select * from `region` where `region`.`id` = 1 and `region`.`deleted_at` is null limit 1;
/*==================================================*/
/* Origin (request): GET https://rta2.puntlandgov.org/w/wkflw/633949
   Query 60 - 2025-06-09 10:48:02 [0.34ms] */
select * from `transaction_workflow` where `transaction_id` = 633949 and `transaction_workflow`.`deleted_at` is null order by `action_date` desc;
/*==================================================*/
/* Origin (request): GET https://rta2.puntlandgov.org/w/wkflw/633949
   Query 61 - 2025-06-09 10:48:02 [0.22ms] */
select * from `users` where `users`.`id` = 77 and `users`.`id` is not null and `users`.`deleted_at` is null limit 1;
/*==================================================*/
/* Origin (request): GET https://rta2.puntlandgov.org/w/wkflw/633949
   Query 62 - 2025-06-09 10:48:02 [0.16ms] */
select * from `roles` where `roles`.`id` = 7 and `roles`.`id` is not null limit 1;
/*==================================================*/
/* Origin (request): GET https://rta2.puntlandgov.org/w/wkflw/633949
   Query 63 - 2025-06-09 10:48:02 [0.17ms] */
select * from `users` where `users`.`id` = 74 and `users`.`id` is not null and `users`.`deleted_at` is null limit 1;
/*==================================================*/
/* Origin (request): GET https://rta2.puntlandgov.org/w/wkflw/633949
   Query 64 - 2025-06-09 10:48:02 [0.14ms] */
select * from `roles` where `roles`.`id` = 5 and `roles`.`id` is not null limit 1;
/*==================================================*/
/* Origin (request): GET https://rta2.puntlandgov.org/w/wkflw/633949
   Query 65 - 2025-06-09 10:48:02 [0.18ms] */
select * from `users` where `users`.`id` = 74 and `users`.`id` is not null and `users`.`deleted_at` is null limit 1;
/*==================================================*/
/* Origin (request): GET https://rta2.puntlandgov.org/w/wkflw/633949
   Query 66 - 2025-06-09 10:48:02 [0.14ms] */
select * from `roles` where `roles`.`id` = 5 and `roles`.`id` is not null limit 1;
/*==================================================*/
/* Origin (request): GET https://rta2.puntlandgov.org/w/wkflw/633949
   Query 67 - 2025-06-09 10:48:02 [0.16ms] */
select * from `workflow_definition` where `workflow_id` = 2 and `workflow_definition`.`deleted_at` is null;
/*==================================================*/
/* Origin (request): GET https://rta2.puntlandgov.org/w/wkflw/633949
   Query 68 - 2025-06-09 10:48:02 [0.14ms] */
select * from `roles` where `roles`.`id` = 5 and `roles`.`id` is not null limit 1;
/*==================================================*/
/* Origin (request): GET https://rta2.puntlandgov.org/w/wkflw/633949
   Query 69 - 2025-06-09 10:48:02 [0.13ms] */
select * from `roles` where `roles`.`id` = 7 and `roles`.`id` is not null limit 1;
/*==================================================*/
/* Origin (request): GET https://rta2.puntlandgov.org/w/wkflw/633949
   Query 70 - 2025-06-09 10:48:02 [0.14ms] */
select * from `roles` where `roles`.`id` = 8 and `roles`.`id` is not null limit 1;
/*==================================================*/
/* Origin (request): GET https://rta2.puntlandgov.org/w/wkflw/633949
   Query 71 - 2025-06-09 10:48:02 [0.14ms] */
select * from `roles` where `roles`.`id` = 9 and `roles`.`id` is not null limit 1;
/*==================================================*/
/* Origin (request): GET https://rta2.puntlandgov.org/w/wkflw/633949
   Query 72 - 2025-06-09 10:48:02 [0.24ms] */
(select * from `workflow_checklist` where `workflow_id` is null and `role_id` is null and `workflow_checklist`.`deleted_at` is null) union (select * from `workflow_checklist` where `workflow_id` is null and `role_id` is null and `workflow_checklist`.`deleted_at` is null) union (select * from `workflow_checklist` where `workflow_id` is null and `role_id` is null and `workflow_checklist`.`deleted_at` is null) order by `workflow_Id` asc, `role_id` asc;
/*==================================================*/
/* Origin (request): GET https://rta2.puntlandgov.org/w/wkflw/633949
   Query 73 - 2025-06-09 10:48:02 [0.16ms] */
select * from `payment_method` where `payment_method`.`deleted_at` is null;
/*==================================================*/
/* Origin (request): GET https://rta2.puntlandgov.org/w/wkflw/633949
   Query 74 - 2025-06-09 10:48:02 [0.19ms] */
select * from `district` where `district`.`id` = 2 and `district`.`deleted_at` is null limit 1;
/*==================================================*/
/* Origin (request): GET https://rta2.puntlandgov.org/w/wkflw/633949
   Query 75 - 2025-06-09 10:48:02 [0.16ms] */
select * from `region` where `region`.`id` = 1 and `region`.`deleted_at` is null limit 1;
/*==================================================*/
/* Origin (request): POST https://rta2.puntlandgov.org/livewire/message/workflow.view-workflow-transaction-component
   Query 1 - 2025-06-09 10:48:04 [1.63ms] */
select * from `users` where `id` = 77 and `users`.`deleted_at` is null limit 1;
/*==================================================*/
/* Origin (request): POST https://rta2.puntlandgov.org/livewire/message/workflow.view-workflow-transaction-component
   Query 2 - 2025-06-09 10:48:04 [0.67ms] */
select column_name as `column_name` from information_schema.columns where table_schema = 'prod_rta' and table_name = 'roles';
/*==================================================*/
/* Origin (request): POST https://rta2.puntlandgov.org/livewire/message/workflow.view-workflow-transaction-component
   Query 3 - 2025-06-09 10:48:04 [0.54ms] */
select column_name as `column_name` from information_schema.columns where table_schema = 'prod_rta' and table_name = 'permissions';
/*==================================================*/
/* Origin (request): POST https://rta2.puntlandgov.org/livewire/message/workflow.view-workflow-transaction-component
   Query 4 - 2025-06-09 10:48:04 [0.94ms] */
select column_name as `column_name` from information_schema.columns where table_schema = 'prod_rta' and table_name = 'permissions';
/*==================================================*/
/* Origin (request): POST https://rta2.puntlandgov.org/livewire/message/workflow.view-workflow-transaction-component
   Query 5 - 2025-06-09 10:48:04 [0.52ms] */
select * from `transaction` where `transaction`.`id` = 633949 limit 1;
/*==================================================*/
/* Origin (request): POST https://rta2.puntlandgov.org/livewire/message/workflow.view-workflow-transaction-component
   Query 6 - 2025-06-09 10:48:04 [0.27ms] */
select * from `service_workflow` where `service_workflow`.`id` in (2) and `service_workflow`.`deleted_at` is null;
/*==================================================*/
/* Origin (request): POST https://rta2.puntlandgov.org/livewire/message/workflow.view-workflow-transaction-component
   Query 7 - 2025-06-09 10:48:04 [0.25ms] */
select * from `service` where `service`.`id` in (2) and `service`.`deleted_at` is null;
/*==================================================*/
/* Origin (request): POST https://rta2.puntlandgov.org/livewire/message/workflow.view-workflow-transaction-component
   Query 8 - 2025-06-09 10:48:04 [0.25ms] */
select * from `workflow` where `workflow`.`id` in (2) and `workflow`.`deleted_at` is null;
/*==================================================*/
/* Origin (request): POST https://rta2.puntlandgov.org/livewire/message/workflow.view-workflow-transaction-component
   Query 9 - 2025-06-09 10:48:04 [0.27ms] */
select * from `users` where `users`.`id` in (77) and `users`.`deleted_at` is null;
/*==================================================*/
/* Origin (request): POST https://rta2.puntlandgov.org/livewire/message/workflow.view-workflow-transaction-component
   Query 10 - 2025-06-09 10:48:04 [0.27ms] */
select * from `workflow_definition` where `workflow_definition`.`id` in (7) and `workflow_definition`.`deleted_at` is null;
/*==================================================*/
/* Origin (request): POST https://rta2.puntlandgov.org/livewire/message/workflow.view-workflow-transaction-component
   Query 11 - 2025-06-09 10:48:04 [0.24ms] */
select * from `roles` where `roles`.`id` in (7);
/*==================================================*/
/* Origin (request): POST https://rta2.puntlandgov.org/livewire/message/workflow.view-workflow-transaction-component
   Query 12 - 2025-06-09 10:48:04 [0.42ms] */
select * from `vehicle` where `vehicle`.`id` in (71955) and `vehicle`.`deleted_at` is null;
/*==================================================*/
/* Origin (request): POST https://rta2.puntlandgov.org/livewire/message/workflow.view-workflow-transaction-component
   Query 13 - 2025-06-09 10:48:04 [0.38ms] */
select * from `party` where `party`.`id` in (39295) and `party`.`deleted_at` is null;
/*==================================================*/
/* Origin (request): POST https://rta2.puntlandgov.org/livewire/message/workflow.view-workflow-transaction-component
   Query 14 - 2025-06-09 10:48:04 [0.43ms] */
select * from `party_vehicle` where `party_vehicle`.`id` in (64450) and `party_vehicle`.`deleted_at` is null;
/*==================================================*/
/* Origin (request): POST https://rta2.puntlandgov.org/livewire/message/workflow.view-workflow-transaction-component
   Query 15 - 2025-06-09 10:48:04 [0.26ms] */
select * from `classification_type` where `classification_type`.`id` in (2) and `classification_type`.`deleted_at` is null;
/*==================================================*/
/* Origin (request): POST https://rta2.puntlandgov.org/livewire/message/workflow.view-workflow-transaction-component
   Query 16 - 2025-06-09 10:48:04 [0.27ms] */
select * from `district` where `district`.`id` in (2) and `district`.`deleted_at` is null;
/*==================================================*/
/* Origin (request): POST https://rta2.puntlandgov.org/livewire/message/workflow.view-workflow-transaction-component
   Query 17 - 2025-06-09 10:48:04 [0.25ms] */
select * from `region` where `region`.`id` in (1) and `region`.`deleted_at` is null;
/*==================================================*/
/* Origin (request): POST https://rta2.puntlandgov.org/livewire/message/workflow.view-workflow-transaction-component
   Query 18 - 2025-06-09 10:48:04 [0.3ms] */
select * from `transaction` where `transaction`.`id` = 633949 and `transaction`.`deleted_at` is null limit 1;
/*==================================================*/
/* Origin (request): POST https://rta2.puntlandgov.org/livewire/message/workflow.view-workflow-transaction-component
   Query 19 - 2025-06-09 10:48:04 [0.28ms] */
select * from `transaction_workflow` where `transaction_id` = 633949 and `transaction_workflow`.`deleted_at` is null order by `action_date` desc;
/*==================================================*/
/* Origin (request): POST https://rta2.puntlandgov.org/livewire/message/workflow.view-workflow-transaction-component
   Query 20 - 2025-06-09 10:48:04 [0.29ms] */
select * from `invoice` where `transaction_id` = 633949 and `invoice`.`deleted_at` is null limit 1;
/*==================================================*/
/* Origin (request): POST https://rta2.puntlandgov.org/livewire/message/workflow.view-workflow-transaction-component
   Query 21 - 2025-06-09 10:48:04 [0.18ms] */
select * from `invoice_payment` where `invoice_id` = 606932;
/*==================================================*/
/* Origin (request): POST https://rta2.puntlandgov.org/livewire/message/workflow.view-workflow-transaction-component
   Query 22 - 2025-06-09 10:48:04 [0.17ms] */
select * from `payment_documents` where `transaction_id` = 633949;
/*==================================================*/
/* Origin (request): POST https://rta2.puntlandgov.org/livewire/message/workflow.view-workflow-transaction-component
   Query 23 - 2025-06-09 10:48:04 [0.19ms] */
select * from `party_vehicle_purchase` where `transaction_id` = 633949 and `party_vehicle_purchase`.`deleted_at` is null limit 1;
/*==================================================*/
/* Origin (request): POST https://rta2.puntlandgov.org/livewire/message/workflow.view-workflow-transaction-component
   Query 24 - 2025-06-09 10:48:04 [0.19ms] */
select * from `service_workflow` where `service_workflow`.`id` = 2 and `service_workflow`.`id` is not null and `service_workflow`.`deleted_at` is null limit 1;
/*==================================================*/
/* Origin (request): POST https://rta2.puntlandgov.org/livewire/message/workflow.view-workflow-transaction-component
   Query 25 - 2025-06-09 10:48:04 [0.17ms] */
select * from `service` where `service`.`id` = 2 and `service`.`deleted_at` is null limit 1;
/*==================================================*/
/* Origin (request): POST https://rta2.puntlandgov.org/livewire/message/workflow.view-workflow-transaction-component
   Query 26 - 2025-06-09 10:48:04 [0.25ms] */
select * from `users` where `users`.`id` = 77 and `users`.`id` is not null and `users`.`deleted_at` is null limit 1;
/*==================================================*/
/* Origin (request): POST https://rta2.puntlandgov.org/livewire/message/workflow.view-workflow-transaction-component
   Query 27 - 2025-06-09 10:48:04 [0.22ms] */
select * from `workflow_definition` where `workflow_definition`.`id` = 7 and `workflow_definition`.`id` is not null and `workflow_definition`.`deleted_at` is null limit 1;
/*==================================================*/
/* Origin (request): POST https://rta2.puntlandgov.org/livewire/message/workflow.view-workflow-transaction-component
   Query 28 - 2025-06-09 10:48:04 [0.15ms] */
select * from `roles` where `roles`.`id` = 7 and `roles`.`id` is not null limit 1;
/*==================================================*/
/* Origin (request): POST https://rta2.puntlandgov.org/livewire/message/workflow.view-workflow-transaction-component
   Query 29 - 2025-06-09 10:48:04 [0.25ms] */
select * from `transaction` where `transaction`.`id` = 633949 and `transaction`.`deleted_at` is null limit 1;
/*==================================================*/
/* Origin (request): POST https://rta2.puntlandgov.org/livewire/message/workflow.view-workflow-transaction-component
   Query 30 - 2025-06-09 10:48:04 [0.18ms] */
select * from `workflow_definition` where `workflow_definition`.`id` = 7 and `workflow_definition`.`id` is not null and `workflow_definition`.`deleted_at` is null limit 1;
/*==================================================*/
/* Origin (request): POST https://rta2.puntlandgov.org/livewire/message/workflow.view-workflow-transaction-component
   Query 31 - 2025-06-09 10:48:04 [0.17ms] */
select * from `roles` where `roles`.`id` = 7 and `roles`.`id` is not null limit 1;
/*==================================================*/
/* Origin (request): POST https://rta2.puntlandgov.org/livewire/message/workflow.view-workflow-transaction-component
   Query 32 - 2025-06-09 10:48:04 [0.16ms] */
select * from `workflow` where `workflow`.`id` = 2 and `workflow`.`deleted_at` is null limit 1;
/*==================================================*/
/* Origin (request): POST https://rta2.puntlandgov.org/livewire/message/workflow.view-workflow-transaction-component
   Query 33 - 2025-06-09 10:48:04 [0.2ms] */
select * from `transaction_workflow` where `transaction_id` = 633949 and `transaction_workflow`.`deleted_at` is null order by `action_date` desc limit 1;
/*==================================================*/
/* Origin (request): POST https://rta2.puntlandgov.org/livewire/message/workflow.view-workflow-transaction-component
   Query 34 - 2025-06-09 10:48:04 [0.16ms] */
select count(*) as aggregate from `transaction_workflow` where `transaction_workflow`.`deleted_at` is null;
/*==================================================*/
/* Origin (request): POST https://rta2.puntlandgov.org/livewire/message/workflow.view-workflow-transaction-component
   Query 35 - 2025-06-09 10:48:04 [0.17ms] */
select * from `transaction_workflow` where `transaction_id` = 633949 and `transaction_workflow`.`deleted_at` is null order by `action_date` desc limit 1;
/*==================================================*/
/* Origin (request): POST https://rta2.puntlandgov.org/livewire/message/workflow.view-workflow-transaction-component
   Query 36 - 2025-06-09 10:48:04 [0.14ms] */
select count(*) as aggregate from `transaction_workflow` where `transaction_workflow`.`deleted_at` is null;
/*==================================================*/
/* Origin (request): POST https://rta2.puntlandgov.org/livewire/message/workflow.view-workflow-transaction-component
   Query 37 - 2025-06-09 10:48:04 [0.17ms] */
select * from `transaction_workflow` where `transaction_id` = 633949 and `transaction_workflow`.`deleted_at` is null order by `action_date` desc limit 1;
/*==================================================*/
/* Origin (request): POST https://rta2.puntlandgov.org/livewire/message/workflow.view-workflow-transaction-component
   Query 38 - 2025-06-09 10:48:04 [0.14ms] */
select count(*) as aggregate from `transaction_workflow` where `transaction_workflow`.`deleted_at` is null;
/*==================================================*/
/* Origin (request): POST https://rta2.puntlandgov.org/livewire/message/workflow.view-workflow-transaction-component
   Query 39 - 2025-06-09 10:48:04 [0.19ms] */
select * from `party_vehicle` where `party_vehicle`.`id` = 64450 and `party_vehicle`.`deleted_at` is null limit 1;
/*==================================================*/
/* Origin (request): POST https://rta2.puntlandgov.org/livewire/message/workflow.view-workflow-transaction-component
   Query 40 - 2025-06-09 10:48:04 [0.17ms] */
select * from `classification_type` where `classification_type`.`id` = 2 and `classification_type`.`id` is not null and `classification_type`.`deleted_at` is null limit 1;
/*==================================================*/
/* Origin (request): POST https://rta2.puntlandgov.org/livewire/message/workflow.view-workflow-transaction-component
   Query 41 - 2025-06-09 10:48:04 [0.18ms] */
select * from `district` where `district`.`id` = 2 and `district`.`id` is not null and `district`.`deleted_at` is null limit 1;
/*==================================================*/
/* Origin (request): POST https://rta2.puntlandgov.org/livewire/message/workflow.view-workflow-transaction-component
   Query 42 - 2025-06-09 10:48:04 [0.17ms] */
select * from `region` where `region`.`id` = 1 and `region`.`deleted_at` is null limit 1;
/*==================================================*/
/* Origin (request): POST https://rta2.puntlandgov.org/livewire/message/transaction.payment.payment-component
   Query 1 - 2025-06-09 10:48:05 [1.63ms] */
select * from `users` where `id` = 77 and `users`.`deleted_at` is null limit 1;
/*==================================================*/
/* Origin (request): POST https://rta2.puntlandgov.org/livewire/message/transaction.payment.payment-component
   Query 2 - 2025-06-09 10:48:05 [0.86ms] */
select column_name as `column_name` from information_schema.columns where table_schema = 'prod_rta' and table_name = 'roles';
/*==================================================*/
/* Origin (request): POST https://rta2.puntlandgov.org/livewire/message/transaction.payment.payment-component
   Query 3 - 2025-06-09 10:48:05 [0.68ms] */
select column_name as `column_name` from information_schema.columns where table_schema = 'prod_rta' and table_name = 'permissions';
/*==================================================*/
/* Origin (request): POST https://rta2.puntlandgov.org/livewire/message/transaction.payment.payment-component
   Query 4 - 2025-06-09 10:48:05 [0.41ms] */
select column_name as `column_name` from information_schema.columns where table_schema = 'prod_rta' and table_name = 'permissions';
/*==================================================*/
/* Origin (request): POST https://rta2.puntlandgov.org/livewire/message/transaction.payment.payment-component
   Query 5 - 2025-06-09 10:48:05 [0.22ms] */
select * from `payment_method` where `payment_method`.`id` in (1, 2, 3, 4, 5, 6);
/*==================================================*/
/* Origin (request): POST https://rta2.puntlandgov.org/livewire/message/transaction.payment.payment-component
   Query 6 - 2025-06-09 10:48:05 [0.18ms] */
select * from `transaction` where `transaction`.`id` = 633949 and `transaction`.`deleted_at` is null limit 1;
/*==================================================*/
/* Origin (request): POST https://rta2.puntlandgov.org/livewire/message/transaction.payment.payment-component
   Query 7 - 2025-06-09 10:48:05 [146.94ms] */
select `invoice`.* from `invoice` inner join `transaction` on `invoice`.`id` = `transaction`.`invoice_id` where `invoice`.`invoice_amount` <> 0.00 and `transaction`.`parent_id` = 633949 and `invoice`.`deleted_at` is null;
/*==================================================*/
/* Origin (request): POST https://rta2.puntlandgov.org/livewire/message/transaction.payment.payment-component
   Query 8 - 2025-06-09 10:48:05 [0.34ms] */
select `invoice`.* from `invoice` inner join `transaction` on `invoice`.`id` = `transaction`.`invoice_id` where `invoice`.`invoice_amount` <> 0.00 and `transaction`.`parent_id` = 633949 and `invoice`.`deleted_at` is null;
/*==================================================*/
/* Origin (request): POST https://rta2.puntlandgov.org/livewire/message/transaction.payment.payment-component
   Query 9 - 2025-06-09 10:48:05 [135.35ms] */
select sum(`outstanding_balance`) as aggregate from `invoice` inner join `transaction` on `invoice`.`id` = `transaction`.`invoice_id` where `invoice`.`invoice_amount` <> 0.00 and `transaction`.`parent_id` = 633949 and `invoice`.`deleted_at` is null;
/*==================================================*/
/* Origin (request): POST https://rta2.puntlandgov.org/livewire/message/transaction.payment.payment-component
   Query 10 - 2025-06-09 10:48:05 [0.24ms] */
select * from `transaction` where `transaction`.`id` = 633949 and `transaction`.`deleted_at` is null limit 1;
/*==================================================*/
/* Origin (request): POST https://rta2.puntlandgov.org/livewire/message/transaction.payment.payment-component
   Query 11 - 2025-06-09 10:48:05 [0.13ms] */
select * from `service_workflow` where `service_workflow`.`id` = 2 and `service_workflow`.`id` is not null and `service_workflow`.`deleted_at` is null limit 1;
/*==================================================*/
/* Origin (request): POST https://rta2.puntlandgov.org/livewire/message/transaction.payment.payment-component
   Query 12 - 2025-06-09 10:48:05 [0.13ms] */
select * from `service` where `service`.`id` = 2 and `service`.`deleted_at` is null limit 1;
/*==================================================*/
/* Origin (request): POST https://rta2.puntlandgov.org/livewire/message/transaction.payment.payment-component
   Query 13 - 2025-06-09 10:48:05 [0.12ms] */
select * from `service` where `service`.`id` = 2 and `service`.`id` is not null and `service`.`deleted_at` is null limit 1;
/*==================================================*/
/* Origin (request): POST https://rta2.puntlandgov.org/livewire/message/transaction.payment.payment-component
   Query 14 - 2025-06-09 10:48:05 [233.64ms] */
select sum(`invoice`.`invoice_amount`) as aggregate from `vehicle_tax` inner join `term` on `term`.`id` = `vehicle_tax`.`term_id` inner join `transaction` on `transaction`.`id` = `vehicle_tax`.`transaction_id` inner join `invoice` on `invoice`.`id` = `transaction`.`invoice_id` where `transaction`.`parent_id` = 633949 and `vehicle_tax`.`exempt` = 'Y' and `vehicle_tax`.`deleted_at` is null;
/*==================================================*/
/* Origin (request): POST https://rta2.puntlandgov.org/livewire/message/transaction.payment.payment-component
   Query 15 - 2025-06-09 10:48:05 [0.21ms] */
select * from `party` where `party`.`id` = 39295 and `party`.`id` is not null and `party`.`deleted_at` is null limit 1;
/*==================================================*/
/* Origin (request): POST https://rta2.puntlandgov.org/livewire/message/transaction.payment.payment-component
   Query 16 - 2025-06-09 10:48:05 [0.12ms] */
select * from `payment_method` where `payment_method`.`deleted_at` is null;
/*==================================================*/
/* Origin (request): POST https://rta2.puntlandgov.org/livewire/message/transaction.payment.payment-component
   Query 17 - 2025-06-09 10:48:05 [0.16ms] */
select * from `transaction` where `transaction`.`id` = 633949 and `transaction`.`deleted_at` is null limit 1;
/*==================================================*/
/* Origin (request): POST https://rta2.puntlandgov.org/livewire/message/transaction.payment.payment-component
   Query 18 - 2025-06-09 10:48:05 [0.16ms] */
select `invoice`.* from `invoice` inner join `transaction` on `invoice`.`id` = `transaction`.`invoice_id` where `invoice`.`invoice_amount` <> 0.00 and `transaction`.`parent_id` = 633949 and `invoice`.`deleted_at` is null;
/*==================================================*/
/* Origin (request): POST https://rta2.puntlandgov.org/livewire/message/transaction.payment.payment-component
   Query 19 - 2025-06-09 10:48:05 [0.15ms] */
select `invoice`.* from `invoice` inner join `transaction` on `invoice`.`id` = `transaction`.`invoice_id` where `invoice`.`invoice_amount` <> 0.00 and `transaction`.`parent_id` = 633949 and `invoice`.`deleted_at` is null;
/*==================================================*/
/* Origin (request): POST https://rta2.puntlandgov.org/livewire/message/transaction.payment.payment-component
   Query 20 - 2025-06-09 10:48:05 [0.15ms] */
select sum(`outstanding_balance`) as aggregate from `invoice` inner join `transaction` on `invoice`.`id` = `transaction`.`invoice_id` where `invoice`.`invoice_amount` <> 0.00 and `transaction`.`parent_id` = 633949 and `invoice`.`deleted_at` is null;
/*==================================================*/
/* Origin (request): POST https://rta2.puntlandgov.org/livewire/message/transaction.payment.payment-component
   Query 21 - 2025-06-09 10:48:05 [0.14ms] */
select * from `transaction` where `transaction`.`id` = 633949 and `transaction`.`deleted_at` is null limit 1;
/*==================================================*/
/* Origin (request): POST https://rta2.puntlandgov.org/livewire/message/transaction.payment.payment-component
   Query 22 - 2025-06-09 10:48:05 [0.12ms] */
select * from `service_workflow` where `service_workflow`.`id` = 2 and `service_workflow`.`id` is not null and `service_workflow`.`deleted_at` is null limit 1;
/*==================================================*/
/* Origin (request): POST https://rta2.puntlandgov.org/livewire/message/transaction.payment.payment-component
   Query 23 - 2025-06-09 10:48:05 [0.12ms] */
select * from `service` where `service`.`id` = 2 and `service`.`deleted_at` is null limit 1;
/*==================================================*/
/* Origin (request): POST https://rta2.puntlandgov.org/livewire/message/transaction.payment.payment-component
   Query 24 - 2025-06-09 10:48:05 [0.12ms] */
select * from `service` where `service`.`id` = 2 and `service`.`id` is not null and `service`.`deleted_at` is null limit 1;
/*==================================================*/
/* Origin (request): POST https://rta2.puntlandgov.org/livewire/message/transaction.payment.payment-component
   Query 25 - 2025-06-09 10:48:05 [0.14ms] */
select sum(`invoice`.`invoice_amount`) as aggregate from `vehicle_tax` inner join `term` on `term`.`id` = `vehicle_tax`.`term_id` inner join `transaction` on `transaction`.`id` = `vehicle_tax`.`transaction_id` inner join `invoice` on `invoice`.`id` = `transaction`.`invoice_id` where `transaction`.`parent_id` = 633949 and `vehicle_tax`.`exempt` = 'Y' and `vehicle_tax`.`deleted_at` is null;
/*==================================================*/
/* Origin (request): POST https://rta2.puntlandgov.org/livewire/message/transaction.payment.payment-component
   Query 26 - 2025-06-09 10:48:05 [0.16ms] */
select * from `party` where `party`.`id` = 39295 and `party`.`id` is not null and `party`.`deleted_at` is null limit 1;
/*==================================================*/
/* Origin (request): POST https://rta2.puntlandgov.org/livewire/message/transaction.payment.payment-component
   Query 27 - 2025-06-09 10:48:05 [0.12ms] */
select * from `payment_method` where `payment_method`.`deleted_at` is null;
/*==================================================*/
/* Origin (request): POST https://rta2.puntlandgov.org/livewire/message/transaction.payment.payment-component
   Query 28 - 2025-06-09 10:48:05 [0.37ms] */
select * from `transaction` where `transaction`.`id` = 537751 and `transaction`.`deleted_at` is null limit 1;
/*==================================================*/
/* Origin (request): POST https://rta2.puntlandgov.org/livewire/message/transaction.payment.payment-component
   Query 29 - 2025-06-09 10:48:05 [0.15ms] */
select * from `service_workflow` where `service_workflow`.`id` = 2 and `service_workflow`.`id` is not null and `service_workflow`.`deleted_at` is null limit 1;
/*==================================================*/
/* Origin (request): POST https://rta2.puntlandgov.org/livewire/message/transaction.payment.payment-component
   Query 30 - 2025-06-09 10:48:05 [0.12ms] */
select * from `service` where `service`.`id` = 2 and `service`.`deleted_at` is null limit 1;
/*==================================================*/
/* Origin (request): POST https://rta2.puntlandgov.org/livewire/message/transaction.payment.payment-component
   Query 31 - 2025-06-09 10:48:05 [0.12ms] */
select * from `service` where `service`.`id` = 2 and `service`.`id` is not null and `service`.`deleted_at` is null limit 1;
/*==================================================*/
/* Origin (request): POST https://rta2.puntlandgov.org/livewire/message/transaction.payment.payment-component
   Query 32 - 2025-06-09 10:48:06 [413.18ms] */
select `vehicle_tax`.* from `vehicle_tax` inner join `transaction` on `transaction`.`id` = `vehicle_tax`.`transaction_id` inner join `invoice` on `invoice`.`id` = `transaction`.`invoice_id` where `invoice`.`id` = 513457 and `vehicle_tax`.`deleted_at` is null limit 1;
/*==================================================*/
/* Origin (request): POST https://rta2.puntlandgov.org/livewire/message/transaction.payment.payment-component
   Query 33 - 2025-06-09 10:48:06 [0.21ms] */
select * from `term` where `term`.`id` = 103 and `term`.`deleted_at` is null limit 1;
/*==================================================*/
/* Origin (request): POST https://rta2.puntlandgov.org/livewire/message/transaction.payment.payment-component
   Query 34 - 2025-06-09 10:48:06 [0.4ms] */
select * from `transaction` where `transaction`.`id` = 537752 and `transaction`.`deleted_at` is null limit 1;
/*==================================================*/
/* Origin (request): POST https://rta2.puntlandgov.org/livewire/message/transaction.payment.payment-component
   Query 35 - 2025-06-09 10:48:06 [0.13ms] */
select * from `service_workflow` where `service_workflow`.`id` = 2 and `service_workflow`.`id` is not null and `service_workflow`.`deleted_at` is null limit 1;
/*==================================================*/
/* Origin (request): POST https://rta2.puntlandgov.org/livewire/message/transaction.payment.payment-component
   Query 36 - 2025-06-09 10:48:06 [0.13ms] */
select * from `service` where `service`.`id` = 2 and `service`.`deleted_at` is null limit 1;
/*==================================================*/
/* Origin (request): POST https://rta2.puntlandgov.org/livewire/message/transaction.payment.payment-component
   Query 37 - 2025-06-09 10:48:06 [0.12ms] */
select * from `service` where `service`.`id` = 2 and `service`.`id` is not null and `service`.`deleted_at` is null limit 1;
/*==================================================*/
/* Origin (request): POST https://rta2.puntlandgov.org/livewire/message/transaction.payment.payment-component
   Query 38 - 2025-06-09 10:48:06 [475.91ms] */
select `vehicle_tax`.* from `vehicle_tax` inner join `transaction` on `transaction`.`id` = `vehicle_tax`.`transaction_id` inner join `invoice` on `invoice`.`id` = `transaction`.`invoice_id` where `invoice`.`id` = 513458 and `vehicle_tax`.`deleted_at` is null limit 1;
/*==================================================*/
/* Origin (request): POST https://rta2.puntlandgov.org/livewire/message/transaction.payment.payment-component
   Query 39 - 2025-06-09 10:48:06 [0.2ms] */
select * from `term` where `term`.`id` = 104 and `term`.`deleted_at` is null limit 1;
/*==================================================*/
/* Origin (request): POST https://rta2.puntlandgov.org/livewire/message/transaction.payment.payment-component
   Query 40 - 2025-06-09 10:48:06 [0.14ms] */
select * from `service_workflow` where `service_workflow`.`id` = 2 and `service_workflow`.`id` is not null and `service_workflow`.`deleted_at` is null limit 1;
/*==================================================*/
/* Origin (request): POST https://rta2.puntlandgov.org/livewire/message/transaction.payment.payment-component
   Query 41 - 2025-06-09 10:48:06 [0.12ms] */
select * from `service` where `service`.`id` = 2 and `service`.`deleted_at` is null limit 1;
/*==================================================*/
/* Origin (request): POST https://rta2.puntlandgov.org/livewire/message/transaction.payment.payment-component
   Query 1 - 2025-06-09 10:48:08 [2.04ms] */
select * from `users` where `id` = 77 and `users`.`deleted_at` is null limit 1;
/*==================================================*/
/* Origin (request): POST https://rta2.puntlandgov.org/livewire/message/transaction.payment.payment-component
   Query 2 - 2025-06-09 10:48:08 [0.7ms] */
select column_name as `column_name` from information_schema.columns where table_schema = 'prod_rta' and table_name = 'roles';
/*==================================================*/
/* Origin (request): POST https://rta2.puntlandgov.org/livewire/message/transaction.payment.payment-component
   Query 3 - 2025-06-09 10:48:08 [0.37ms] */
select column_name as `column_name` from information_schema.columns where table_schema = 'prod_rta' and table_name = 'permissions';
/*==================================================*/
/* Origin (request): POST https://rta2.puntlandgov.org/livewire/message/transaction.payment.payment-component
   Query 4 - 2025-06-09 10:48:08 [0.42ms] */
select column_name as `column_name` from information_schema.columns where table_schema = 'prod_rta' and table_name = 'permissions';
/*==================================================*/
/* Origin (request): POST https://rta2.puntlandgov.org/livewire/message/transaction.payment.payment-component
   Query 5 - 2025-06-09 10:48:08 [0.48ms] */
select * from `invoice` where `invoice`.`id` in (513457, 513458);
/*==================================================*/
/* Origin (request): POST https://rta2.puntlandgov.org/livewire/message/transaction.payment.payment-component
   Query 6 - 2025-06-09 10:48:08 [0.33ms] */
select * from `transaction` where `transaction`.`id` in (537751, 537752) and `transaction`.`deleted_at` is null;
/*==================================================*/
/* Origin (request): POST https://rta2.puntlandgov.org/livewire/message/transaction.payment.payment-component
   Query 7 - 2025-06-09 10:48:09 [0.14ms] */
select * from `service_workflow` where `service_workflow`.`id` in (2) and `service_workflow`.`deleted_at` is null;
/*==================================================*/
/* Origin (request): POST https://rta2.puntlandgov.org/livewire/message/transaction.payment.payment-component
   Query 8 - 2025-06-09 10:48:09 [0.14ms] */
select * from `service` where `service`.`id` in (2) and `service`.`deleted_at` is null;
/*==================================================*/
/* Origin (request): POST https://rta2.puntlandgov.org/livewire/message/transaction.payment.payment-component
   Query 9 - 2025-06-09 10:48:09 [0.13ms] */
select * from `service` where `service`.`id` in (2) and `service`.`deleted_at` is null;
/*==================================================*/
/* Origin (request): POST https://rta2.puntlandgov.org/livewire/message/transaction.payment.payment-component
   Query 10 - 2025-06-09 10:48:09 [0.15ms] */
select * from `payment_method` where `payment_method`.`id` in (1, 2, 3, 4, 5, 6);
/*==================================================*/
/* Origin (request): POST https://rta2.puntlandgov.org/livewire/message/transaction.payment.payment-component
   Query 11 - 2025-06-09 10:48:09 [0.16ms] */
select * from `transaction` where `transaction`.`id` = 633949 limit 1;
/*==================================================*/
/* Origin (request): POST https://rta2.puntlandgov.org/livewire/message/transaction.payment.payment-component
   Query 12 - 2025-06-09 10:48:09 [0.14ms] */
select * from `service_workflow` where `service_workflow`.`id` = 2 and `service_workflow`.`id` is not null and `service_workflow`.`deleted_at` is null limit 1;
/*==================================================*/
/* Origin (request): POST https://rta2.puntlandgov.org/livewire/message/transaction.payment.payment-component
   Query 13 - 2025-06-09 10:48:09 [0.13ms] */
select * from `service` where `service`.`id` = 2 and `service`.`deleted_at` is null limit 1;
/*==================================================*/
/* Origin (request): POST https://rta2.puntlandgov.org/livewire/message/transaction.payment.payment-component
   Query 14 - 2025-06-09 10:48:09 [0.17ms] */
select * from `transaction` where `transaction`.`id` = 633949 and `transaction`.`deleted_at` is null limit 1;
/*==================================================*/
/* Origin (request): POST https://rta2.puntlandgov.org/livewire/message/transaction.payment.payment-component
   Query 15 - 2025-06-09 10:48:09 [0.17ms] */
select `invoice`.* from `invoice` inner join `transaction` on `invoice`.`id` = `transaction`.`invoice_id` where `invoice`.`invoice_amount` <> 0.00 and `transaction`.`parent_id` = 633949 and `invoice`.`deleted_at` is null;
/*==================================================*/
/* Origin (request): POST https://rta2.puntlandgov.org/livewire/message/transaction.payment.payment-component
   Query 16 - 2025-06-09 10:48:09 [0.16ms] */
select `invoice`.* from `invoice` inner join `transaction` on `invoice`.`id` = `transaction`.`invoice_id` where `invoice`.`invoice_amount` <> 0.00 and `transaction`.`parent_id` = 633949 and `invoice`.`deleted_at` is null;
/*==================================================*/
/* Origin (request): POST https://rta2.puntlandgov.org/livewire/message/transaction.payment.payment-component
   Query 17 - 2025-06-09 10:48:09 [0.14ms] */
select sum(`outstanding_balance`) as aggregate from `invoice` inner join `transaction` on `invoice`.`id` = `transaction`.`invoice_id` where `invoice`.`invoice_amount` <> 0.00 and `transaction`.`parent_id` = 633949 and `invoice`.`deleted_at` is null;
/*==================================================*/
/* Origin (request): POST https://rta2.puntlandgov.org/livewire/message/transaction.payment.payment-component
   Query 18 - 2025-06-09 10:48:09 [0.17ms] */
select * from `transaction` where `transaction`.`id` = 633949 and `transaction`.`deleted_at` is null limit 1;
/*==================================================*/
/* Origin (request): POST https://rta2.puntlandgov.org/livewire/message/transaction.payment.payment-component
   Query 19 - 2025-06-09 10:48:09 [0.13ms] */
select * from `service_workflow` where `service_workflow`.`id` = 2 and `service_workflow`.`id` is not null and `service_workflow`.`deleted_at` is null limit 1;
/*==================================================*/
/* Origin (request): POST https://rta2.puntlandgov.org/livewire/message/transaction.payment.payment-component
   Query 20 - 2025-06-09 10:48:09 [0.13ms] */
select * from `service` where `service`.`id` = 2 and `service`.`deleted_at` is null limit 1;
/*==================================================*/
/* Origin (request): POST https://rta2.puntlandgov.org/livewire/message/transaction.payment.payment-component
   Query 21 - 2025-06-09 10:48:09 [0.13ms] */
select * from `service` where `service`.`id` = 2 and `service`.`id` is not null and `service`.`deleted_at` is null limit 1;
/*==================================================*/
/* Origin (request): POST https://rta2.puntlandgov.org/livewire/message/transaction.payment.payment-component
   Query 22 - 2025-06-09 10:48:09 [0.16ms] */
select sum(`invoice`.`invoice_amount`) as aggregate from `vehicle_tax` inner join `term` on `term`.`id` = `vehicle_tax`.`term_id` inner join `transaction` on `transaction`.`id` = `vehicle_tax`.`transaction_id` inner join `invoice` on `invoice`.`id` = `transaction`.`invoice_id` where `transaction`.`parent_id` = 633949 and `vehicle_tax`.`exempt` = 'Y' and `vehicle_tax`.`deleted_at` is null;
/*==================================================*/
/* Origin (request): POST https://rta2.puntlandgov.org/livewire/message/transaction.payment.payment-component
   Query 23 - 2025-06-09 10:48:09 [0.15ms] */
select * from `party` where `party`.`id` = 39295 and `party`.`id` is not null and `party`.`deleted_at` is null limit 1;
/*==================================================*/
/* Origin (request): POST https://rta2.puntlandgov.org/livewire/message/transaction.payment.payment-component
   Query 24 - 2025-06-09 10:48:09 [0.13ms] */
select * from `payment_method` where `payment_method`.`deleted_at` is null;
/*==================================================*/
/* Origin (request): POST https://rta2.puntlandgov.org/livewire/message/transaction.payment.payment-component
   Query 25 - 2025-06-09 10:48:09 [0.17ms] */
select * from `transaction` where `transaction`.`id` = 537751 and `transaction`.`deleted_at` is null limit 1;
/*==================================================*/
/* Origin (request): POST https://rta2.puntlandgov.org/livewire/message/transaction.payment.payment-component
   Query 26 - 2025-06-09 10:48:09 [0.14ms] */
select * from `service_workflow` where `service_workflow`.`id` = 2 and `service_workflow`.`id` is not null and `service_workflow`.`deleted_at` is null limit 1;
/*==================================================*/
/* Origin (request): POST https://rta2.puntlandgov.org/livewire/message/transaction.payment.payment-component
   Query 27 - 2025-06-09 10:48:09 [0.13ms] */
select * from `service` where `service`.`id` = 2 and `service`.`deleted_at` is null limit 1;
/*==================================================*/
/* Origin (request): POST https://rta2.puntlandgov.org/livewire/message/transaction.payment.payment-component
   Query 28 - 2025-06-09 10:48:09 [0.13ms] */
select * from `service` where `service`.`id` = 2 and `service`.`id` is not null and `service`.`deleted_at` is null limit 1;
/*==================================================*/
/* Origin (request): POST https://rta2.puntlandgov.org/livewire/message/transaction.payment.payment-component
   Query 29 - 2025-06-09 10:48:09 [0.18ms] */
select * from `transaction` where `transaction`.`id` = 537752 and `transaction`.`deleted_at` is null limit 1;
/*==================================================*/
/* Origin (request): POST https://rta2.puntlandgov.org/livewire/message/transaction.payment.payment-component
   Query 30 - 2025-06-09 10:48:09 [0.13ms] */
select * from `service_workflow` where `service_workflow`.`id` = 2 and `service_workflow`.`id` is not null and `service_workflow`.`deleted_at` is null limit 1;
/*==================================================*/
/* Origin (request): POST https://rta2.puntlandgov.org/livewire/message/transaction.payment.payment-component
   Query 31 - 2025-06-09 10:48:09 [0.13ms] */
select * from `service` where `service`.`id` = 2 and `service`.`deleted_at` is null limit 1;
/*==================================================*/
/* Origin (request): POST https://rta2.puntlandgov.org/livewire/message/transaction.payment.payment-component
   Query 32 - 2025-06-09 10:48:09 [0.13ms] */
select * from `service` where `service`.`id` = 2 and `service`.`id` is not null and `service`.`deleted_at` is null limit 1;
/*==================================================*/
/* Origin (request): POST https://rta2.puntlandgov.org/livewire/message/transaction.payment.payment-component
   Query 33 - 2025-06-09 10:48:09 [0.14ms] */
select * from `service_workflow` where `service_workflow`.`id` = 2 and `service_workflow`.`id` is not null and `service_workflow`.`deleted_at` is null limit 1;
/*==================================================*/
/* Origin (request): POST https://rta2.puntlandgov.org/livewire/message/transaction.payment.payment-component
   Query 34 - 2025-06-09 10:48:09 [0.13ms] */
select * from `service` where `service`.`id` = 2 and `service`.`deleted_at` is null limit 1;
/*==================================================*/
/* Origin (request): POST https://rta2.puntlandgov.org/livewire/message/transaction.payment.payment-component
   Query 1 - 2025-06-09 10:48:33 [2.43ms] */
select * from `users` where `id` = 77 and `users`.`deleted_at` is null limit 1;
/*==================================================*/
/* Origin (request): POST https://rta2.puntlandgov.org/livewire/message/transaction.payment.payment-component
   Query 2 - 2025-06-09 10:48:33 [0.61ms] */
select column_name as `column_name` from information_schema.columns where table_schema = 'prod_rta' and table_name = 'roles';
/*==================================================*/
/* Origin (request): POST https://rta2.puntlandgov.org/livewire/message/transaction.payment.payment-component
   Query 3 - 2025-06-09 10:48:33 [0.47ms] */
select column_name as `column_name` from information_schema.columns where table_schema = 'prod_rta' and table_name = 'permissions';
/*==================================================*/
/* Origin (request): POST https://rta2.puntlandgov.org/livewire/message/transaction.payment.payment-component
   Query 4 - 2025-06-09 10:48:33 [0.4ms] */
select column_name as `column_name` from information_schema.columns where table_schema = 'prod_rta' and table_name = 'permissions';
/*==================================================*/
/* Origin (request): POST https://rta2.puntlandgov.org/livewire/message/transaction.payment.payment-component
   Query 5 - 2025-06-09 10:48:33 [0.23ms] */
select * from `invoice` where `invoice`.`id` in (513457, 513458);
/*==================================================*/
/* Origin (request): POST https://rta2.puntlandgov.org/livewire/message/transaction.payment.payment-component
   Query 6 - 2025-06-09 10:48:33 [0.18ms] */
select * from `transaction` where `transaction`.`id` in (537751, 537752) and `transaction`.`deleted_at` is null;
/*==================================================*/
/* Origin (request): POST https://rta2.puntlandgov.org/livewire/message/transaction.payment.payment-component
   Query 7 - 2025-06-09 10:48:33 [0.15ms] */
select * from `service_workflow` where `service_workflow`.`id` in (2) and `service_workflow`.`deleted_at` is null;
/*==================================================*/
/* Origin (request): POST https://rta2.puntlandgov.org/livewire/message/transaction.payment.payment-component
   Query 8 - 2025-06-09 10:48:33 [0.14ms] */
select * from `service` where `service`.`id` in (2) and `service`.`deleted_at` is null;
/*==================================================*/
/* Origin (request): POST https://rta2.puntlandgov.org/livewire/message/transaction.payment.payment-component
   Query 9 - 2025-06-09 10:48:33 [0.13ms] */
select * from `service` where `service`.`id` in (2) and `service`.`deleted_at` is null;
/*==================================================*/
/* Origin (request): POST https://rta2.puntlandgov.org/livewire/message/transaction.payment.payment-component
   Query 10 - 2025-06-09 10:48:33 [0.15ms] */
select * from `payment_method` where `payment_method`.`id` in (1, 2, 3, 4, 5, 6);
/*==================================================*/
/* Origin (request): POST https://rta2.puntlandgov.org/livewire/message/transaction.payment.payment-component
   Query 11 - 2025-06-09 10:48:33 [0.16ms] */
select * from `transaction` where `transaction`.`id` = 633949 limit 1;
/*==================================================*/
/* Origin (request): POST https://rta2.puntlandgov.org/livewire/message/transaction.payment.payment-component
   Query 12 - 2025-06-09 10:48:33 [0.14ms] */
select * from `service_workflow` where `service_workflow`.`id` = 2 and `service_workflow`.`id` is not null and `service_workflow`.`deleted_at` is null limit 1;
/*==================================================*/
/* Origin (request): POST https://rta2.puntlandgov.org/livewire/message/transaction.payment.payment-component
   Query 13 - 2025-06-09 10:48:33 [0.13ms] */
select * from `service` where `service`.`id` = 2 and `service`.`deleted_at` is null limit 1;
/*==================================================*/
/* Origin (request): POST https://rta2.puntlandgov.org/livewire/message/transaction.payment.payment-component
   Query 14 - 2025-06-09 10:48:33 [52.9ms] */
select count(*) as aggregate from `payment` where `payment_receipt_number` = 2553629;
/*==================================================*/
/* Origin (request): POST https://rta2.puntlandgov.org/livewire/message/transaction.payment.payment-component
   Query 15 - 2025-06-09 10:48:33 [0.19ms] */
select count(*) as aggregate from `payment` where `payment_receipt_number` = 2553629;
/*==================================================*/
/* Origin (request): POST https://rta2.puntlandgov.org/livewire/message/transaction.payment.payment-component
   Query 16 - 2025-06-09 10:48:33 [0.18ms] */
select * from `vehicle` where `vehicle`.`id` = 71955 and `vehicle`.`id` is not null and `vehicle`.`deleted_at` is null limit 1;
/*==================================================*/
/* Origin (request): POST https://rta2.puntlandgov.org/livewire/message/transaction.payment.payment-component
   Query 17 - 2025-06-09 10:48:33 [0.15ms] */
select * from `party` where `party`.`id` = 39295 and `party`.`id` is not null and `party`.`deleted_at` is null limit 1;
/*==================================================*/
/* Origin (request): POST https://rta2.puntlandgov.org/livewire/message/transaction.payment.payment-component
   Query 18 - 2025-06-09 10:48:33 [0.13ms] */
select * from `service` where `service`.`id` = 2 and `service`.`id` is not null and `service`.`deleted_at` is null limit 1;
/*==================================================*/
/* Origin (request): POST https://rta2.puntlandgov.org/livewire/message/transaction.payment.payment-component
   Query 19 - 2025-06-09 10:48:33 [0.56ms] */
insert into `Payment` (`payment_date`, `external_payment_reference_no`, `payment_receipt_number`, `payment_method_id`, `payment_amount`, `paid_by`, `paid_by_mobile`, `siinpay_payref_number`, `district_id`, `payment_collected_by`, `updated_by`, `created_by`, `created_at`, `updated_at`) values ('2025-06-09 10:48:33', '#684691B9020A7', 2553629, 4, 31, 'maxamed', 7798655, null, 2, 77, 77, 77, '2025-06-09 10:48:33', '2025-06-09 10:48:33');
/*==================================================*/
/* Origin (request): POST https://rta2.puntlandgov.org/livewire/message/transaction.payment.payment-component
   Query 20 - 2025-06-09 10:48:33 [0.23ms] */
select * from `Payment` where `id` = 200523 limit 1;
/*==================================================*/
/* Origin (request): POST https://rta2.puntlandgov.org/livewire/message/transaction.payment.payment-component
   Query 21 - 2025-06-09 10:48:33 [0.33ms] */
insert into `activity_log` (`log_name`, `properties`, `causer_id`, `causer_type`, `subject_id`, `subject_type`, `description`, `updated_at`, `created_at`) values ('Payment', '{"attributes":{"payment_method_id":4,"payment_amount":"31.00","payment_date":"2025-06-09 10:48:33","external_payment_reference_no":"#684691B9020A7","payment_receipt_number":"2553629","siinpay_payref_number":null,"paid_by":"maxamed","paid_by_mobile":"7798655","district_id":2,"migration_id":null,"payment_collected_by":77}}', 77, 'App\Models\User', 200523, 'Modules\Transaction\Entities\Payment', 'created', '2025-06-09 10:48:33', '2025-06-09 10:48:33');
/*==================================================*/
/* Origin (request): POST https://rta2.puntlandgov.org/livewire/message/transaction.payment.payment-component
   Query 22 - 2025-06-09 10:48:33 [0.31ms] */
select * from `transaction` where `transaction`.`id` = 633949 and `transaction`.`deleted_at` is null limit 1;
/*==================================================*/
/* Origin (request): POST https://rta2.puntlandgov.org/livewire/message/transaction.payment.payment-component
   Query 23 - 2025-06-09 10:48:33 [0.14ms] */
select * from `service_workflow` where `service_workflow`.`id` = 2 and `service_workflow`.`id` is not null and `service_workflow`.`deleted_at` is null limit 1;
/*==================================================*/
/* Origin (request): POST https://rta2.puntlandgov.org/livewire/message/transaction.payment.payment-component
   Query 24 - 2025-06-09 10:48:33 [0.13ms] */
select * from `service` where `service`.`id` = 2 and `service`.`deleted_at` is null limit 1;
/*==================================================*/
/* Origin (request): POST https://rta2.puntlandgov.org/livewire/message/transaction.payment.payment-component
   Query 25 - 2025-06-09 10:48:33 [0.22ms] */
select * from `invoice` where `invoice`.`id` = 513457 and `invoice`.`deleted_at` is null limit 1;
/*==================================================*/
/* Origin (request): POST https://rta2.puntlandgov.org/livewire/message/transaction.payment.payment-component
   Query 26 - 2025-06-09 10:48:33 [0.25ms] */
insert into `invoice_payment` (`created_at`, `invoice_id`, `payment_id`, `updated_at`) values ('2025-06-09 10:48:33', 513457, 200523, '2025-06-09 10:48:33');
/*==================================================*/
/* Origin (request): POST https://rta2.puntlandgov.org/livewire/message/transaction.payment.payment-component
   Query 27 - 2025-06-09 10:48:33 [0.21ms] */
select * from `invoice` where `invoice`.`id` = 513457 and `invoice`.`deleted_at` is null limit 1;
/*==================================================*/
/* Origin (request): POST https://rta2.puntlandgov.org/livewire/message/transaction.payment.payment-component
   Query 28 - 2025-06-09 10:48:33 [0.3ms] */
select `Payment`.*, `invoice_payment`.`invoice_id` as `pivot_invoice_id`, `invoice_payment`.`payment_id` as `pivot_payment_id`, `invoice_payment`.`created_at` as `pivot_created_at`, `invoice_payment`.`updated_at` as `pivot_updated_at` from `Payment` inner join `invoice_payment` on `Payment`.`id` = `invoice_payment`.`payment_id` where `invoice_payment`.`invoice_id` = 513457 and `Payment`.`deleted_at` is null;
/*==================================================*/
/* Origin (request): POST https://rta2.puntlandgov.org/livewire/message/transaction.payment.payment-component
   Query 29 - 2025-06-09 10:48:33 [0.31ms] */
select * from `invoice_item` where `invoice_item`.`invoice_id` = 513457 and `invoice_item`.`invoice_id` is not null and `invoice_item`.`deleted_at` is null;
/*==================================================*/
/* Origin (request): POST https://rta2.puntlandgov.org/livewire/message/transaction.payment.payment-component
   Query 30 - 2025-06-09 10:48:33 [0.23ms] */
update `invoice` set `invoice_amount` = 64, `outstanding_balance` = 33, `discounts` = 0, `total_invoice_amount` = 64, `status` = 'PAID', `updated_by` = 77, `invoice`.`updated_at` = '2025-06-09 10:48:33' where `id` = 513457;
/*==================================================*/
/* Origin (request): POST https://rta2.puntlandgov.org/livewire/message/transaction.payment.payment-component
   Query 31 - 2025-06-09 10:48:33 [0.19ms] */
select * from `invoice` where `id` = 513457 limit 1;
/*==================================================*/
/* Origin (request): POST https://rta2.puntlandgov.org/livewire/message/transaction.payment.payment-component
   Query 32 - 2025-06-09 10:48:33 [0.23ms] */
insert into `activity_log` (`log_name`, `properties`, `causer_id`, `causer_type`, `subject_id`, `subject_type`, `description`, `updated_at`, `created_at`) values ('invoice', '{"attributes":{"outstanding_balance":"33.00","status":"PAID"},"old":{"outstanding_balance":"64.00","status":"OPEN"}}', 77, 'App\Models\User', 513457, 'Modules\Transaction\Entities\Invoice', 'updated', '2025-06-09 10:48:33', '2025-06-09 10:48:33');
/*==================================================*/
/* Origin (request): POST https://rta2.puntlandgov.org/livewire/message/transaction.payment.payment-component
   Query 33 - 2025-06-09 10:48:33 [0.2ms] */
select * from `invoice` where `invoice`.`id` = 513458 and `invoice`.`deleted_at` is null limit 1;
/*==================================================*/
/* Origin (request): POST https://rta2.puntlandgov.org/livewire/message/transaction.payment.payment-component
   Query 34 - 2025-06-09 10:48:33 [0.16ms] */
insert into `invoice_payment` (`created_at`, `invoice_id`, `payment_id`, `updated_at`) values ('2025-06-09 10:48:33', 513458, 200523, '2025-06-09 10:48:33');
/*==================================================*/
/* Origin (request): POST https://rta2.puntlandgov.org/livewire/message/transaction.payment.payment-component
   Query 35 - 2025-06-09 10:48:33 [0.2ms] */
select * from `invoice` where `invoice`.`id` = 513458 and `invoice`.`deleted_at` is null limit 1;
/*==================================================*/
/* Origin (request): POST https://rta2.puntlandgov.org/livewire/message/transaction.payment.payment-component
   Query 36 - 2025-06-09 10:48:33 [0.25ms] */
select `Payment`.*, `invoice_payment`.`invoice_id` as `pivot_invoice_id`, `invoice_payment`.`payment_id` as `pivot_payment_id`, `invoice_payment`.`created_at` as `pivot_created_at`, `invoice_payment`.`updated_at` as `pivot_updated_at` from `Payment` inner join `invoice_payment` on `Payment`.`id` = `invoice_payment`.`payment_id` where `invoice_payment`.`invoice_id` = 513458 and `Payment`.`deleted_at` is null;
/*==================================================*/
/* Origin (request): POST https://rta2.puntlandgov.org/livewire/message/transaction.payment.payment-component
   Query 37 - 2025-06-09 10:48:33 [0.23ms] */
select * from `invoice_item` where `invoice_item`.`invoice_id` = 513458 and `invoice_item`.`invoice_id` is not null and `invoice_item`.`deleted_at` is null;
/*==================================================*/
/* Origin (request): POST https://rta2.puntlandgov.org/livewire/message/transaction.payment.payment-component
   Query 38 - 2025-06-09 10:48:33 [0.17ms] */
update `invoice` set `invoice_amount` = 31, `outstanding_balance` = 0, `discounts` = 0, `total_invoice_amount` = 31, `status` = 'PAID', `updated_by` = 77, `invoice`.`updated_at` = '2025-06-09 10:48:33' where `id` = 513458;
/*==================================================*/
/* Origin (request): POST https://rta2.puntlandgov.org/livewire/message/transaction.payment.payment-component
   Query 39 - 2025-06-09 10:48:33 [0.19ms] */
select * from `invoice` where `id` = 513458 limit 1;
/*==================================================*/
/* Origin (request): POST https://rta2.puntlandgov.org/livewire/message/transaction.payment.payment-component
   Query 40 - 2025-06-09 10:48:33 [0.17ms] */
insert into `activity_log` (`log_name`, `properties`, `causer_id`, `causer_type`, `subject_id`, `subject_type`, `description`, `updated_at`, `created_at`) values ('invoice', '{"attributes":{"outstanding_balance":"0.00","status":"PAID"},"old":{"outstanding_balance":"31.00","status":"OPEN"}}', 77, 'App\Models\User', 513458, 'Modules\Transaction\Entities\Invoice', 'updated', '2025-06-09 10:48:33', '2025-06-09 10:48:33');
/*==================================================*/
/* Origin (request): POST https://rta2.puntlandgov.org/livewire/message/transaction.payment.payment-component
   Query 41 - 2025-06-09 10:48:33 [0.23ms] */
select * from `transaction` where `transaction`.`id` = 537752 and `transaction`.`deleted_at` is null limit 1;
/*==================================================*/
/* Origin (request): POST https://rta2.puntlandgov.org/livewire/message/transaction.payment.payment-component
   Query 42 - 2025-06-09 10:48:33 [0.16ms] */
select * from `transaction` where `transaction`.`id` = 537752 and `transaction`.`deleted_at` is null limit 1;
/*==================================================*/
/* Origin (request): POST https://rta2.puntlandgov.org/livewire/message/transaction.payment.payment-component
   Query 43 - 2025-06-09 10:48:33 [0.14ms] */
select * from `service_workflow` where `service_workflow`.`id` = 2 and `service_workflow`.`id` is not null and `service_workflow`.`deleted_at` is null limit 1;
/*==================================================*/
/* Origin (request): POST https://rta2.puntlandgov.org/livewire/message/transaction.payment.payment-component
   Query 44 - 2025-06-09 10:48:33 [0.13ms] */
select * from `service` where `service`.`id` = 2 and `service`.`deleted_at` is null limit 1;
/*==================================================*/
/* Origin (request): POST https://rta2.puntlandgov.org/livewire/message/transaction.payment.payment-component
   Query 45 - 2025-06-09 10:48:33 [0.15ms] */
select * from `workflow_definition` where `workflow_definition`.`id` = 7 and `workflow_definition`.`id` is not null and `workflow_definition`.`deleted_at` is null limit 1;
/*==================================================*/
/* Origin (request): POST https://rta2.puntlandgov.org/livewire/message/transaction.payment.payment-component
   Query 46 - 2025-06-09 10:48:33 [0.13ms] */
select * from `roles` where `roles`.`id` = 7 and `roles`.`id` is not null limit 1;
/*==================================================*/
/* Origin (request): POST https://rta2.puntlandgov.org/livewire/message/transaction.payment.payment-component
   Query 47 - 2025-06-09 10:48:33 [0.31ms] */
insert into `transaction_workflow` (`transaction_id`, `action`, `action_date`, `role_id`, `user_id`, `comments`, `updated_by`, `created_by`, `created_at`, `updated_at`) values (537752, 'PAID', '2025-06-09 10:48:33', 7, 77, null, 77, 77, '2025-06-09 10:48:33', '2025-06-09 10:48:33');
/*==================================================*/
/* Origin (request): POST https://rta2.puntlandgov.org/livewire/message/transaction.payment.payment-component
   Query 48 - 2025-06-09 10:48:33 [0.15ms] */
select * from `workflow_definition` where `workflow_id` = 2 and `step_number` = 3 and `workflow_definition`.`deleted_at` is null limit 1;
/*==================================================*/
/* Origin (request): POST https://rta2.puntlandgov.org/livewire/message/transaction.payment.payment-component
   Query 49 - 2025-06-09 10:48:33 [0.33ms] */
update `transaction` set `current_workflow_state_id` = 8, `updated_by` = 77, `transaction`.`updated_at` = '2025-06-09 10:48:33' where `id` = 537752;
/*==================================================*/
/* Origin (request): POST https://rta2.puntlandgov.org/livewire/message/transaction.payment.payment-component
   Query 50 - 2025-06-09 10:48:33 [0.14ms] */
select * from `service` where `service`.`id` = 2 and `service`.`id` is not null and `service`.`deleted_at` is null limit 1;
/*==================================================*/
/* Origin (request): POST https://rta2.puntlandgov.org/livewire/message/transaction.payment.payment-component
   Query 51 - 2025-06-09 10:48:33 [0.22ms] */
select * from `invoice` where `invoice`.`id` = 513458 and `invoice`.`id` is not null and `invoice`.`deleted_at` is null limit 1;
/*==================================================*/
/* Origin (request): POST https://rta2.puntlandgov.org/livewire/message/transaction.payment.payment-component
   Query 52 - 2025-06-09 10:48:33 [0.32ms] */
select * from `vehicle_tax` where `transaction_id` = 537752 and `vehicle_tax`.`deleted_at` is null limit 1;
/*==================================================*/
/* Origin (request): POST https://rta2.puntlandgov.org/livewire/message/transaction.payment.payment-component
   Query 53 - 2025-06-09 10:48:33 [0.17ms] */
update `vehicle_tax` set `status` = 'PAID', `updated_by` = 77, `vehicle_tax`.`updated_at` = '2025-06-09 10:48:33' where `id` = 428256;
/*==================================================*/
/* Origin (request): POST https://rta2.puntlandgov.org/livewire/message/transaction.payment.payment-component
   Query 54 - 2025-06-09 10:48:33 [0.18ms] */
select * from `vehicle_tax` where `id` = 428256 limit 1;
/*==================================================*/
/* Origin (request): POST https://rta2.puntlandgov.org/livewire/message/transaction.payment.payment-component
   Query 55 - 2025-06-09 10:48:33 [0.21ms] */
insert into `activity_log` (`log_name`, `properties`, `causer_id`, `causer_type`, `subject_id`, `subject_type`, `description`, `updated_at`, `created_at`) values ('vehicle_tax', '{"attributes":{"status":"PAID"},"old":{"status":"INPROGRESS"}}', 77, 'App\Models\User', 428256, 'Modules\Vehicle\Entities\VehicleTax', 'updated', '2025-06-09 10:48:33', '2025-06-09 10:48:33');
/*==================================================*/
/* Origin (request): POST https://rta2.puntlandgov.org/livewire/message/transaction.payment.payment-component
   Query 56 - 2025-06-09 10:48:33 [0.24ms] */
select * from `invoice` where `invoice`.`id` = 606932 and `invoice`.`id` is not null and `invoice`.`deleted_at` is null limit 1;
/*==================================================*/
/* Origin (request): POST https://rta2.puntlandgov.org/livewire/message/transaction.payment.payment-component
   Query 57 - 2025-06-09 10:48:33 [0.2ms] */
select * from `invoice` where `invoice`.`id` = 606932 and `invoice`.`deleted_at` is null limit 1;
/*==================================================*/
/* Origin (request): POST https://rta2.puntlandgov.org/livewire/message/transaction.payment.payment-component
   Query 58 - 2025-06-09 10:48:33 [0.17ms] */
insert into `invoice_payment` (`created_at`, `invoice_id`, `payment_id`, `updated_at`) values ('2025-06-09 10:48:33', 606932, 200523, '2025-06-09 10:48:33');
/*==================================================*/
/* Origin (request): POST https://rta2.puntlandgov.org/livewire/message/transaction.payment.payment-component
   Query 59 - 2025-06-09 10:48:33 [0.2ms] */
select * from `invoice` where `invoice`.`id` = 606932 and `invoice`.`deleted_at` is null limit 1;
/*==================================================*/
/* Origin (request): POST https://rta2.puntlandgov.org/livewire/message/transaction.payment.payment-component
   Query 60 - 2025-06-09 10:48:33 [0.3ms] */
select `Payment`.*, `invoice_payment`.`invoice_id` as `pivot_invoice_id`, `invoice_payment`.`payment_id` as `pivot_payment_id`, `invoice_payment`.`created_at` as `pivot_created_at`, `invoice_payment`.`updated_at` as `pivot_updated_at` from `Payment` inner join `invoice_payment` on `Payment`.`id` = `invoice_payment`.`payment_id` where `invoice_payment`.`invoice_id` = 606932 and `Payment`.`deleted_at` is null;
/*==================================================*/
/* Origin (request): POST https://rta2.puntlandgov.org/livewire/message/transaction.payment.payment-component
   Query 61 - 2025-06-09 10:48:33 [0.17ms] */
update `invoice` set `outstanding_balance` = 0, `status` = 'PAID', `updated_by` = 77, `invoice`.`updated_at` = '2025-06-09 10:48:33' where `id` = 606932;
/*==================================================*/
/* Origin (request): POST https://rta2.puntlandgov.org/livewire/message/transaction.payment.payment-component
   Query 62 - 2025-06-09 10:48:33 [0.19ms] */
select * from `invoice` where `id` = 606932 limit 1;
/*==================================================*/
/* Origin (request): POST https://rta2.puntlandgov.org/livewire/message/transaction.payment.payment-component
   Query 63 - 2025-06-09 10:48:33 [0.2ms] */
insert into `activity_log` (`log_name`, `properties`, `causer_id`, `causer_type`, `subject_id`, `subject_type`, `description`, `updated_at`, `created_at`) values ('invoice', '{"attributes":{"outstanding_balance":"0.00","status":"PAID"},"old":{"outstanding_balance":"31.00","status":"OPEN"}}', 77, 'App\Models\User', 606932, 'Modules\Transaction\Entities\Invoice', 'updated', '2025-06-09 10:48:33', '2025-06-09 10:48:33');
/*==================================================*/
/* Origin (request): POST https://rta2.puntlandgov.org/livewire/message/transaction.payment.payment-component
   Query 64 - 2025-06-09 10:48:33 [0.23ms] */
select * from `transaction` where `transaction`.`id` = 633949 and `transaction`.`deleted_at` is null limit 1;
/*==================================================*/
/* Origin (request): POST https://rta2.puntlandgov.org/livewire/message/transaction.payment.payment-component
   Query 65 - 2025-06-09 10:48:33 [0.22ms] */
select * from `transaction` where `transaction`.`id` = 633949 and `transaction`.`deleted_at` is null limit 1;
/*==================================================*/
/* Origin (request): POST https://rta2.puntlandgov.org/livewire/message/transaction.payment.payment-component
   Query 66 - 2025-06-09 10:48:33 [0.14ms] */
select * from `service_workflow` where `service_workflow`.`id` = 2 and `service_workflow`.`id` is not null and `service_workflow`.`deleted_at` is null limit 1;
/*==================================================*/
/* Origin (request): POST https://rta2.puntlandgov.org/livewire/message/transaction.payment.payment-component
   Query 67 - 2025-06-09 10:48:33 [0.13ms] */
select * from `service` where `service`.`id` = 2 and `service`.`deleted_at` is null limit 1;
/*==================================================*/
/* Origin (request): POST https://rta2.puntlandgov.org/livewire/message/transaction.payment.payment-component
   Query 68 - 2025-06-09 10:48:33 [0.21ms] */
select * from `workflow_definition` where `workflow_definition`.`id` = 7 and `workflow_definition`.`id` is not null and `workflow_definition`.`deleted_at` is null limit 1;
/*==================================================*/
/* Origin (request): POST https://rta2.puntlandgov.org/livewire/message/transaction.payment.payment-component
   Query 69 - 2025-06-09 10:48:33 [0.18ms] */
select * from `roles` where `roles`.`id` = 7 and `roles`.`id` is not null limit 1;
/*==================================================*/
/* Origin (request): POST https://rta2.puntlandgov.org/livewire/message/transaction.payment.payment-component
   Query 70 - 2025-06-09 10:48:33 [0.19ms] */
insert into `transaction_workflow` (`transaction_id`, `action`, `action_date`, `role_id`, `user_id`, `comments`, `updated_by`, `created_by`, `created_at`, `updated_at`) values (633949, 'PAID', '2025-06-09 10:48:33', 7, 77, null, 77, 77, '2025-06-09 10:48:33', '2025-06-09 10:48:33');
/*==================================================*/
/* Origin (request): POST https://rta2.puntlandgov.org/livewire/message/transaction.payment.payment-component
   Query 71 - 2025-06-09 10:48:33 [0.24ms] */
select * from `workflow_definition` where `workflow_id` = 2 and `step_number` = 3 and `workflow_definition`.`deleted_at` is null limit 1;
/*==================================================*/
/* Origin (request): POST https://rta2.puntlandgov.org/livewire/message/transaction.payment.payment-component
   Query 72 - 2025-06-09 10:48:33 [0.55ms] */
update `transaction` set `assigned_to` = null, `current_workflow_state_id` = 8, `transaction`.`updated_at` = '2025-06-09 10:48:33' where `id` = 633949;
/*==================================================*/
/* Origin (request): POST https://rta2.puntlandgov.org/livewire/message/transaction.payment.payment-component
   Query 73 - 2025-06-09 10:48:33 [0.29ms] */
select * from `service` where `service`.`id` = 2 and `service`.`id` is not null and `service`.`deleted_at` is null limit 1;
/*==================================================*/
/* Origin (request): POST https://rta2.puntlandgov.org/livewire/message/transaction.payment.payment-component
   Query 74 - 2025-06-09 10:48:33 [0.4ms] */
select * from `invoice` where `invoice`.`id` = 606932 and `invoice`.`id` is not null and `invoice`.`deleted_at` is null limit 1;
/*==================================================*/
/* Origin (request): POST https://rta2.puntlandgov.org/livewire/message/transaction.payment.payment-component
   Query 75 - 2025-06-09 10:48:33 [0.54ms] */
select * from `transaction` where `transaction`.`id` = 633949 and `transaction`.`deleted_at` is null limit 1;
/*==================================================*/
/* Origin (request): POST https://rta2.puntlandgov.org/livewire/message/transaction.payment.payment-component
   Query 76 - 2025-06-09 10:48:34 [256.73ms] */
select `invoice`.* from `invoice` inner join `transaction` on `invoice`.`id` = `transaction`.`invoice_id` where `invoice`.`invoice_amount` <> 0.00 and `transaction`.`parent_id` = 633949 and `invoice`.`deleted_at` is null;
/*==================================================*/
/* Origin (request): POST https://rta2.puntlandgov.org/livewire/message/transaction.payment.payment-component
   Query 77 - 2025-06-09 10:48:34 [0.25ms] */
select `invoice`.* from `invoice` inner join `transaction` on `invoice`.`id` = `transaction`.`invoice_id` where `invoice`.`invoice_amount` <> 0.00 and `transaction`.`parent_id` = 633949 and `invoice`.`deleted_at` is null;
/*==================================================*/
/* Origin (request): POST https://rta2.puntlandgov.org/livewire/message/transaction.payment.payment-component
   Query 78 - 2025-06-09 10:48:34 [132ms] */
select sum(`outstanding_balance`) as aggregate from `invoice` inner join `transaction` on `invoice`.`id` = `transaction`.`invoice_id` where `invoice`.`invoice_amount` <> 0.00 and `transaction`.`parent_id` = 633949 and `invoice`.`deleted_at` is null;
/*==================================================*/
/* Origin (request): POST https://rta2.puntlandgov.org/livewire/message/transaction.payment.payment-component
   Query 79 - 2025-06-09 10:48:34 [0.24ms] */
select * from `transaction` where `transaction`.`id` = 633949 and `transaction`.`deleted_at` is null limit 1;
/*==================================================*/
/* Origin (request): POST https://rta2.puntlandgov.org/livewire/message/transaction.payment.payment-component
   Query 80 - 2025-06-09 10:48:34 [0.15ms] */
select * from `service_workflow` where `service_workflow`.`id` = 2 and `service_workflow`.`id` is not null and `service_workflow`.`deleted_at` is null limit 1;
/*==================================================*/
/* Origin (request): POST https://rta2.puntlandgov.org/livewire/message/transaction.payment.payment-component
   Query 81 - 2025-06-09 10:48:34 [0.12ms] */
select * from `service` where `service`.`id` = 2 and `service`.`deleted_at` is null limit 1;
/*==================================================*/
/* Origin (request): POST https://rta2.puntlandgov.org/livewire/message/transaction.payment.payment-component
   Query 82 - 2025-06-09 10:48:34 [0.14ms] */
select * from `service` where `service`.`id` = 2 and `service`.`id` is not null and `service`.`deleted_at` is null limit 1;
/*==================================================*/
/* Origin (request): POST https://rta2.puntlandgov.org/livewire/message/transaction.payment.payment-component
   Query 83 - 2025-06-09 10:48:34 [276.08ms] */
select sum(`invoice`.`invoice_amount`) as aggregate from `vehicle_tax` inner join `term` on `term`.`id` = `vehicle_tax`.`term_id` inner join `transaction` on `transaction`.`id` = `vehicle_tax`.`transaction_id` inner join `invoice` on `invoice`.`id` = `transaction`.`invoice_id` where `transaction`.`parent_id` = 633949 and `vehicle_tax`.`exempt` = 'Y' and `vehicle_tax`.`deleted_at` is null;
/*==================================================*/
/* Origin (request): POST https://rta2.puntlandgov.org/livewire/message/transaction.payment.payment-component
   Query 84 - 2025-06-09 10:48:34 [0.22ms] */
select * from `party` where `party`.`id` = 39295 and `party`.`id` is not null and `party`.`deleted_at` is null limit 1;
/*==================================================*/
/* Origin (request): POST https://rta2.puntlandgov.org/livewire/message/transaction.payment.payment-component
   Query 85 - 2025-06-09 10:48:34 [0.13ms] */
select * from `payment_method` where `payment_method`.`deleted_at` is null;
/*==================================================*/
/* Origin (request): POST https://rta2.puntlandgov.org/livewire/message/transaction.payment.payment-component
   Query 86 - 2025-06-09 10:48:34 [0.39ms] */
select * from `transaction` where `transaction`.`id` = 537751 and `transaction`.`deleted_at` is null limit 1;
/*==================================================*/
/* Origin (request): POST https://rta2.puntlandgov.org/livewire/message/transaction.payment.payment-component
   Query 87 - 2025-06-09 10:48:34 [0.14ms] */
select * from `service_workflow` where `service_workflow`.`id` = 2 and `service_workflow`.`id` is not null and `service_workflow`.`deleted_at` is null limit 1;
/*==================================================*/
/* Origin (request): POST https://rta2.puntlandgov.org/livewire/message/transaction.payment.payment-component
   Query 88 - 2025-06-09 10:48:34 [0.12ms] */
select * from `service` where `service`.`id` = 2 and `service`.`deleted_at` is null limit 1;
/*==================================================*/
/* Origin (request): POST https://rta2.puntlandgov.org/livewire/message/transaction.payment.payment-component
   Query 89 - 2025-06-09 10:48:34 [0.12ms] */
select * from `service` where `service`.`id` = 2 and `service`.`id` is not null and `service`.`deleted_at` is null limit 1;
/*==================================================*/
/* Origin (request): POST https://rta2.puntlandgov.org/livewire/message/transaction.payment.payment-component
   Query 90 - 2025-06-09 10:48:34 [0.37ms] */
select * from `transaction` where `transaction`.`id` = 537752 and `transaction`.`deleted_at` is null limit 1;
/*==================================================*/
/* Origin (request): POST https://rta2.puntlandgov.org/livewire/message/transaction.payment.payment-component
   Query 91 - 2025-06-09 10:48:34 [0.12ms] */
select * from `service_workflow` where `service_workflow`.`id` = 2 and `service_workflow`.`id` is not null and `service_workflow`.`deleted_at` is null limit 1;
/*==================================================*/
/* Origin (request): POST https://rta2.puntlandgov.org/livewire/message/transaction.payment.payment-component
   Query 92 - 2025-06-09 10:48:34 [0.12ms] */
select * from `service` where `service`.`id` = 2 and `service`.`deleted_at` is null limit 1;
/*==================================================*/
/* Origin (request): POST https://rta2.puntlandgov.org/livewire/message/transaction.payment.payment-component
   Query 93 - 2025-06-09 10:48:34 [0.12ms] */
select * from `service` where `service`.`id` = 2 and `service`.`id` is not null and `service`.`deleted_at` is null limit 1;
/*==================================================*/
/* Origin (request): POST https://rta2.puntlandgov.org/livewire/message/transaction.payment.payment-component
   Query 94 - 2025-06-09 10:48:34 [0.3ms] */
select * from `service_workflow` where `service_workflow`.`id` = 2 and `service_workflow`.`id` is not null and `service_workflow`.`deleted_at` is null limit 1;
/*==================================================*/
/* Origin (request): POST https://rta2.puntlandgov.org/livewire/message/transaction.payment.payment-component
   Query 95 - 2025-06-09 10:48:34 [0.25ms] */
select * from `service` where `service`.`id` = 2 and `service`.`deleted_at` is null limit 1;
/*==================================================*/
/* Origin (request): POST https://rta2.puntlandgov.org/livewire/message/workflow.view-workflow-transaction-component
   Query 1 - 2025-06-09 10:48:35 [2.05ms] */
select * from `users` where `id` = 77 and `users`.`deleted_at` is null limit 1;
/*==================================================*/
/* Origin (request): POST https://rta2.puntlandgov.org/livewire/message/workflow.view-workflow-transaction-component
   Query 2 - 2025-06-09 10:48:35 [0.66ms] */
select column_name as `column_name` from information_schema.columns where table_schema = 'prod_rta' and table_name = 'roles';
/*==================================================*/
/* Origin (request): POST https://rta2.puntlandgov.org/livewire/message/workflow.view-workflow-transaction-component
   Query 3 - 2025-06-09 10:48:35 [0.5ms] */
select column_name as `column_name` from information_schema.columns where table_schema = 'prod_rta' and table_name = 'permissions';
/*==================================================*/
/* Origin (request): POST https://rta2.puntlandgov.org/livewire/message/workflow.view-workflow-transaction-component
   Query 4 - 2025-06-09 10:48:35 [0.4ms] */
select column_name as `column_name` from information_schema.columns where table_schema = 'prod_rta' and table_name = 'permissions';
/*==================================================*/
/* Origin (request): POST https://rta2.puntlandgov.org/livewire/message/workflow.view-workflow-transaction-component
   Query 5 - 2025-06-09 10:48:35 [0.43ms] */
select * from `transaction` where `transaction`.`id` = 633949 limit 1;
/*==================================================*/
/* Origin (request): POST https://rta2.puntlandgov.org/livewire/message/workflow.view-workflow-transaction-component
   Query 6 - 2025-06-09 10:48:35 [0.15ms] */
select * from `service_workflow` where `service_workflow`.`id` in (2) and `service_workflow`.`deleted_at` is null;
/*==================================================*/
/* Origin (request): POST https://rta2.puntlandgov.org/livewire/message/workflow.view-workflow-transaction-component
   Query 7 - 2025-06-09 10:48:35 [0.14ms] */
select * from `service` where `service`.`id` in (2) and `service`.`deleted_at` is null;
/*==================================================*/
/* Origin (request): POST https://rta2.puntlandgov.org/livewire/message/workflow.view-workflow-transaction-component
   Query 8 - 2025-06-09 10:48:35 [0.14ms] */
select * from `workflow` where `workflow`.`id` in (2) and `workflow`.`deleted_at` is null;
/*==================================================*/
/* Origin (request): POST https://rta2.puntlandgov.org/livewire/message/workflow.view-workflow-transaction-component
   Query 9 - 2025-06-09 10:48:35 [0.14ms] */
select * from `users` where `users`.`id` in (null) and `users`.`deleted_at` is null;
/*==================================================*/
/* Origin (request): POST https://rta2.puntlandgov.org/livewire/message/workflow.view-workflow-transaction-component
   Query 10 - 2025-06-09 10:48:35 [0.14ms] */
select * from `workflow_definition` where `workflow_definition`.`id` in (8) and `workflow_definition`.`deleted_at` is null;
/*==================================================*/
/* Origin (request): POST https://rta2.puntlandgov.org/livewire/message/workflow.view-workflow-transaction-component
   Query 11 - 2025-06-09 10:48:35 [0.13ms] */
